000
CXUS54 KOUN 010810
CF6CSM
PRELIMINARY LOCAL CLIMATOLOGICAL DATA (WS FORM: F-6)
STATION: CLINTON
MONTH: AUGUST
YEAR: 2022
LATITUDE: 35 20 N
LONGITUDE: 99 12 W
TEMPERATURE IN F: :PCPN: SNOW: WIND :SUNSHINE: SKY :PK WND
================================================================================
1 2 3 4 5 6A 6B 7 8 9 10 11 12 13 14 15 16 17 18
12Z AVG MX 2MIN
DY MAX MIN AVG DEP HDD CDD WTR SNW DPTH SPD SPD DIR MIN PSBL S-S WX SPD DR
================================================================================
1 94 79 87 4 0 22 T M M 15.6 22 200 M M 3 27 210
2 102 78 90 7 0 25 0.00 M M 17.3 24 220 M M 1 32 190
3 103 80 92 9 0 27 0.00 M M 16.1 26 190 M M 0 32 180
4 104 81 93 10 0 28 0.00 M M 12.0 21 90 M M 3 3 28 90
5 104 76 90 7 0 25 0.00 M M 12.3 22 160 M M 0 27 160
6 102 78 90 7 0 25 0.00 M M 15.3 22 170 M M 1 26 150
7 100 76 88 5 0 23 0.00 M M 14.1 21 160 M M 0 27 180
8 97 77 87 4 0 22 0.00 M M 9.9 21 200 M M 2 3 25 190
9 98 72 85 2 0 20 1.39 M M 8.9 25 230 M M 4 3 34 230
10 95 71 83 1 0 18 0.00 M M 5.9 13 70 M M 0 16 50
11 95 68 82 0 0 17 0.00 M M 5.4 13 360 M M 0 15 100
12 95 68 82 0 0 17 0.00 M M 6.6 13 80 M M 0 19 80
13 96 70 83 1 0 18 0.00 M M 8.6 16 170 M M 1 21 170
14 98 73 86 4 0 21 0.00 M M 9.8 17 200 M M 0 23 200
15 98 75 87 5 0 22 0.00 M M 11.8 21 210 M M 0 26 220
16 100 74 87 5 0 22 T M M 11.3 18 20 M M 3 23 40
17 85 68 77 -4 0 12 T M M 13.0 23 360 M M 4 28 360
18 89 66 78 -3 0 13 0.00 M M 7.8 15 40 M M 3 19 50
19 94 65 80 -1 0 15 0.00 M M 9.0 17 160 M M 0 21 130
20 97 71 84 3 0 19 0.06 M M 9.9 31 210 M M 2 37 220
21 72 66 69 -11 0 4 1.53 M M 10.4 21 50 M M 10 23 50
22 84 67 76 -4 0 11 T M M 10.1 21 50 M M 7 26 40
23 85 65 75 -5 0 10 0.00 M M 7.0 15 70 M M 2 19 80
24 89 66 78 -2 0 13 0.00 M M 4.5 10 180 M M 1 17 10
25 92 69 81 1 0 16 0.00 M M 5.2 13 90 M M 1 17 90
26 92 67 80 1 0 15 0.00 M M 7.6 16 190 M M 0 20 180
27 95 70 83 4 0 18 0.22 M M 13.9 23 220 M M 2 3 28 230
28 98 73 86 7 0 21 0.01 M M 17.8 24 120 M M 1 3 30 120
29 92 70 81 3 0 16 T M M 11.8 23 190 M M 2 3 29 120
30 90 67 79 1 0 14 0.00 M M 7.5 17 50 M M 1 21 50
31 92 70 81 3 0 16 0.00 M M 8.5 24 170 M M 1 28 170
================================================================================
SM 2927 2216 0 565 3.21 M 324.9 M 55
================================================================================
AV 94.4 71.5 10.5 FASTST M M 2 MAX(MPH)
MISC ----> 31 210 37 220
================================================================================
NOTES:
# LAST OF SEVERAL OCCURRENCES
COLUMN 17 PEAK WIND IN M.P.H.
PRELIMINARY LOCAL CLIMATOLOGICAL DATA (WS FORM: F-6) , PAGE 2
STATION: CLINTON
MONTH: AUGUST
YEAR: 2022
LATITUDE: 35 20 N
LONGITUDE: 99 12 W
[TEMPERATURE DATA] [PRECIPITATION DATA] SYMBOLS USED IN COLUMN 16
AVERAGE MONTHLY: 83.0 TOTAL FOR MONTH: 3.21 1 = FOG OR MIST
DPTR FM NORMAL: 1.8 DPTR FM NORMAL: 0.09 2 = FOG REDUCING VISIBILITY
HIGHEST: 104 ON 5, 4 GRTST 24HR 1.59 ON 20-21 TO 1/4 MILE OR LESS
LOWEST: 65 ON 23,19 3 = THUNDER
SNOW, ICE PELLETS, HAIL 4 = ICE PELLETS
TOTAL MONTH: M 5 = HAIL
GRTST 24HR M ON M 6 = FREEZING RAIN OR DRIZZLE
GRTST DEPTH: M ON M 7 = DUSTSTORM OR SANDSTORM:
VSBY 1/2 MILE OR LESS
8 = SMOKE OR HAZE
[NO. OF DAYS WITH] [WEATHER - DAYS WITH] 9 = BLOWING SNOW
X = TORNADO
MAX 32 OR BELOW: 0 0.01 INCH OR MORE: 5
MAX 90 OR ABOVE: 25 0.10 INCH OR MORE: 3
MIN 32 OR BELOW: 0 0.50 INCH OR MORE: 2
MIN 0 OR BELOW: 0 1.00 INCH OR MORE: 2
[HDD (BASE 65) ]
TOTAL THIS MO. 0 CLEAR (SCALE 0-3) 27
DPTR FM NORMAL 0 PTCLDY (SCALE 4-7) 3
TOTAL FM JUL 1 0 CLOUDY (SCALE 8-10) 1
DPTR FM NORMAL 0
[CDD (BASE 65) ]
TOTAL THIS MO. 565
DPTR FM NORMAL 63 [PRESSURE DATA]
TOTAL FM JAN 1 2104 HIGHEST SLP M ON M
DPTR FM NORMAL 451 LOWEST SLP 29.64 ON 28
[REMARKS]
#FINAL-08-22#