000
CXUS54 KOUN 010810
CF6CSM
PRELIMINARY LOCAL CLIMATOLOGICAL DATA (WS FORM: F-6)
STATION: CLINTON
MONTH: JUNE
YEAR: 2022
LATITUDE: 35 20 N
LONGITUDE: 99 12 W
TEMPERATURE IN F: :PCPN: SNOW: WIND :SUNSHINE: SKY :PK WND
================================================================================
1 2 3 4 5 6A 6B 7 8 9 10 11 12 13 14 15 16 17 18
12Z AVG MX 2MIN
DY MAX MIN AVG DEP HDD CDD WTR SNW DPTH SPD SPD DIR MIN PSBL S-S WX SPD DR
================================================================================
1 74 56 65 -10 0 0 3.85 M M 11.8 39 20 M M 9 123 44 20
2 73 56 65 -10 0 0 0.04 M M 9.2 18 30 M M 9 13 22 20
3 74 62 68 -7 0 3 0.00 M M 7.8 14 130 M M 5 17 140
4 81 64 73 -3 0 8 0.00 M M 13.0 21 200 M M 3 1 25 180
5 89 68 79 3 0 14 0.00 M M 18.4 30 150 M M 1 1 37 180
6 90 68 79 3 0 14 0.00 M M 12.5 23 40 M M 0 28 40
7 85 69 77 1 0 12 0.00 M M 12.6 28 60 M M 7 3 32 70
8 77 65 71 -6 0 6 0.48 M M 14.6 38 320 M M 5 13 46 320
9 83 63 73 -4 0 8 0.03 M M 10.7 25 260 M M 5 13 33 250
10 90 65 78 1 0 13 0.02 M M 12.3 20 180 M M 1 3 25 200
11 98 72 85 8 0 20 0.00 M M 13.0 22 160 M M 0 27 190
12 104 74 89 11 0 24 0.00 M M 20.6 30 200 M M 0 37 200
13 99 73 86 8 0 21 0.00 M M 22.1 36 160 M M 0 43 170
14 94 75 85 7 0 20 0.00 M M 24.8 33 170 M M 0 42 180
15 98 76 87 9 0 22 0.00 M M 22.6 39 190 M M 0 49 180
16 96 74 85 7 0 20 0.00 M M 15.3 24 200 M M 0 28 190
17 97 72 85 6 0 20 0.00 M M 12.1 18 160 M M 0 24 150
18 95 73 84 5 0 19 0.00 M M 12.3 21 120 M M 0 27 160
19 95 73 84 5 0 19 0.00 M M 15.0 23 140 M M 1 30 160
20 97 74 86 7 0 21 0.00 0.0 M 17.5 26 200 M M 0 47 160
21 99 76 88 9 0 23 0.00 0.0 M 13.8 23 200 M M 1 27 200
22 97 70 84 4 0 19 0.00 0.0 M 8.7 20 120 M M 1 25 110
23 101 70 86 6 0 21 0.00 M M 12.0 22 160 M M 0 27 160
24 103 76 90 10 0 25 0.00 M M 17.9 26 190 M M 0 35 190
25 104 74 89 9 0 24 0.00 M M 16.1 30 360 M M 0 8 41 350
26 83 66 75 -5 0 10 0.00 M M 18.5 30 20 M M 2 36 20
27 87 58 73 -7 0 8 0.00 M M 10.8 20 50 M M 2 24 60
28 89 63 76 -5 0 11 0.03 M M 7.9 14 140 M M 4 1 17 130
29 91 62 77 -4 0 12 0.00 M M 9.2 17 130 M M 0 27 150
30 99 68 84 3 0 19 0.00 0.0 0 13.3 23 190 M M 0 28 200
================================================================================
SM 2742 2055 0 456 4.45 0.0 426.4 M 56
================================================================================
AV 91.4 68.5 14.2 FASTST M M 2 MAX(MPH)
MISC ----> # 39 20 49 180
================================================================================
NOTES:
# LAST OF SEVERAL OCCURRENCES
COLUMN 17 PEAK WIND IN M.P.H.
PRELIMINARY LOCAL CLIMATOLOGICAL DATA (WS FORM: F-6) , PAGE 2
STATION: CLINTON
MONTH: JUNE
YEAR: 2022
LATITUDE: 35 20 N
LONGITUDE: 99 12 W
[TEMPERATURE DATA] [PRECIPITATION DATA] SYMBOLS USED IN COLUMN 16
AVERAGE MONTHLY: 80.0 TOTAL FOR MONTH: 4.45 1 = FOG OR MIST
DPTR FM NORMAL: 1.8 DPTR FM NORMAL: 1.17 2 = FOG REDUCING VISIBILITY
HIGHEST: 104 ON 25,12 GRTST 24HR 3.85 ON 1- 1 TO 1/4 MILE OR LESS
LOWEST: 56 ON 2, 1 3 = THUNDER
SNOW, ICE PELLETS, HAIL 4 = ICE PELLETS
TOTAL MONTH: 0.0 INCH 5 = HAIL
GRTST 24HR 0.0 6 = FREEZING RAIN OR DRIZZLE
GRTST DEPTH: 0 7 = DUSTSTORM OR SANDSTORM:
VSBY 1/2 MILE OR LESS
8 = SMOKE OR HAZE
[NO. OF DAYS WITH] [WEATHER - DAYS WITH] 9 = BLOWING SNOW
X = TORNADO
MAX 32 OR BELOW: 0 0.01 INCH OR MORE: 6
MAX 90 OR ABOVE: 19 0.10 INCH OR MORE: 2
MIN 32 OR BELOW: 0 0.50 INCH OR MORE: 1
MIN 0 OR BELOW: 0 1.00 INCH OR MORE: 1
[HDD (BASE 65) ]
TOTAL THIS MO. 0 CLEAR (SCALE 0-3) 23
DPTR FM NORMAL -1 PTCLDY (SCALE 4-7) 5
TOTAL FM JUL 1 3335 CLOUDY (SCALE 8-10) 2
DPTR FM NORMAL -415
[CDD (BASE 65) ]
TOTAL THIS MO. 456
DPTR FM NORMAL 60 [PRESSURE DATA]
TOTAL FM JAN 1 826 HIGHEST SLP M ON M
DPTR FM NORMAL 225 LOWEST SLP 29.49 ON 6
[REMARKS]
#FINAL-06-22#