000
CXUS54 KOUN 010810
CF6CSM
PRELIMINARY LOCAL CLIMATOLOGICAL DATA (WS FORM: F-6)
STATION: CLINTON
MONTH: MARCH
YEAR: 2022
LATITUDE: 35 20 N
LONGITUDE: 99 12 W
TEMPERATURE IN F: :PCPN: SNOW: WIND :SUNSHINE: SKY :PK WND
================================================================================
1 2 3 4 5 6A 6B 7 8 9 10 11 12 13 14 15 16 17 18
12Z AVG MX 2MIN
DY MAX MIN AVG DEP HDD CDD WTR SNW DPTH SPD SPD DIR MIN PSBL S-S WX SPD DR
================================================================================
1 73 34 54 9 11 0 0.00 0.0 0 10.1 15 180 M M 0 18 210
2 75 37 56 10 9 0 0.00 0.0 0 8.7 16 180 M M 0 20 190
3 77 37 57 11 8 0 0.00 M M 10.9 18 160 M M 0 25 170
4 74 49 62 16 3 0 0.00 M M 21.1 33 170 M M 0 42 160
5 77 43 60 13 5 0 0.00 M M 21.5 35 240 M M 0 45 220
6 43 26 35 -12 30 0 0.06 M M 21.5 29 30 M M 6 16 33 30
7 40 22 31 -16 34 0 0.00 0.0 M 10.5 18 360 M M 1 24 10
8 45 21 33 -15 32 0 0.00 0.0 M 5.3 10 320 M M 2 12 320
9 54 19 37 -11 28 0 0.00 0.0 M 11.3 23 160 M M 0 28 160
10 40 23 32 -16 33 0 0.00 M M 19.0 28 10 M M 5 34 10
11 38 20 29 -20 36 0 M M M 16.2 29 360 M M 5 1 34 360
12 58 21 40 -9 25 0 0.00 M M 17.5 31 220 M M 0 37 200
13 67 31 49 0 16 0 0.00 M M 23.3 36 170 M M 0 42 170
14 68 41 55 5 10 0 0.00 0.0 0 18.7 30 350 M M 0 37 330
15 66 36 51 1 14 0 0.00 0.0 0 11.1 22 330 M M 0 27 330
16 80 39 60 10 5 0 0.00 M M 20.0 31 200 M M 0 38 190
17 70 37 54 3 11 0 T M M 20.9 40 330 M M 2 3 50 320
18 60 34 47 -4 18 0 T M M 18.9 36 340 M M 5 45 340
19 72 31 52 1 13 0 0.00 M M 9.8 20 210 M M 0 24 210
20 79 40 60 8 5 0 0.00 M M 21.4 38 170 M M 0 48 170
21 61 46 54 2 11 0 0.65 M M 16.2 29 150 M M 7 13 37 150
22 47 37 42 -10 23 0 0.00 M M 25.0 41 340 M M 8 54 340
23 51 33 42 -11 23 0 0.00 M M 16.7 30 330 M M 2 40 340
24 66 32 49 -4 16 0 0.00 M M 12.2 24 310 M M 0 30 330
25 73 36 55 2 10 0 0.00 M M 11.7 25 30 M M 0 30 30
26 69 35 52 -1 13 0 0.00 M M 7.8 16 100 M M 0 20 120
27 70 39 55 1 10 0 0.00 M M 13.0 20 30 M M 0 25 40
28 79 36 58 4 7 0 0.00 M M 11.9 23 170 M M 0 29 170
29 82 61 72 18 0 7 0.00 M M 22.2 40 150 M M 1 47 160
30 68 6 37 -17 28 0 T M M 20.9 37 340 M M 4 49 340
31 63 30 47 -8 18 0 0.00 M M 11.2 24 320 M M 0 31 300
================================================================================
SM 1985 1032 505 7 0.71 0.0 486.5 M 48
================================================================================
AV 64.0 33.3 15.7 FASTST M M 2 MAX(MPH)
MISC ----> 41 340 54 340
================================================================================
NOTES:
# LAST OF SEVERAL OCCURRENCES
COLUMN 17 PEAK WIND IN M.P.H.
PRELIMINARY LOCAL CLIMATOLOGICAL DATA (WS FORM: F-6) , PAGE 2
STATION: CLINTON
MONTH: MARCH
YEAR: 2022
LATITUDE: 35 20 N
LONGITUDE: 99 12 W
[TEMPERATURE DATA] [PRECIPITATION DATA] SYMBOLS USED IN COLUMN 16
AVERAGE MONTHLY: 48.7 TOTAL FOR MONTH: 0.71 1 = FOG OR MIST
DPTR FM NORMAL: -1.5 DPTR FM NORMAL: -0.69 2 = FOG REDUCING VISIBILITY
HIGHEST: 82 ON 29 GRTST 24HR 0.65 ON 21-21 TO 1/4 MILE OR LESS
LOWEST: 6 ON 30 3 = THUNDER
SNOW, ICE PELLETS, HAIL 4 = ICE PELLETS
TOTAL MONTH: 0.0 INCH 5 = HAIL
GRTST 24HR 0.0 6 = FREEZING RAIN OR DRIZZLE
GRTST DEPTH: 0 7 = DUSTSTORM OR SANDSTORM:
VSBY 1/2 MILE OR LESS
8 = SMOKE OR HAZE
[NO. OF DAYS WITH] [WEATHER - DAYS WITH] 9 = BLOWING SNOW
X = TORNADO
MAX 32 OR BELOW: 0 0.01 INCH OR MORE: 2
MAX 90 OR ABOVE: 0 0.10 INCH OR MORE: 1
MIN 32 OR BELOW: 12 0.50 INCH OR MORE: 1
MIN 0 OR BELOW: 0 1.00 INCH OR MORE: 0
[HDD (BASE 65) ]
TOTAL THIS MO. 505 CLEAR (SCALE 0-3) 24
DPTR FM NORMAL 42 PTCLDY (SCALE 4-7) 6
TOTAL FM JUL 1 3093 CLOUDY (SCALE 8-10) 1
DPTR FM NORMAL -357
[CDD (BASE 65) ]
TOTAL THIS MO. 7
DPTR FM NORMAL 1 [PRESSURE DATA]
TOTAL FM JAN 1 7 HIGHEST SLP M ON M
DPTR FM NORMAL 1 LOWEST SLP 29.27 ON 29
[REMARKS]
#FINAL-03-22#