000
CXUS54 KOUN 010910
CF6CSM
PRELIMINARY LOCAL CLIMATOLOGICAL DATA (WS FORM: F-6)
STATION: CLINTON
MONTH: NOVEMBER
YEAR: 2021
LATITUDE: 35 20 N
LONGITUDE: 99 12 W
TEMPERATURE IN F: :PCPN: SNOW: WIND :SUNSHINE: SKY :PK WND
================================================================================
1 2 3 4 5 6A 6B 7 8 9 10 11 12 13 14 15 16 17 18
12Z AVG MX 2MIN
DY MAX MIN AVG DEP HDD CDD WTR SNW DPTH SPD SPD DIR MIN PSBL S-S WX SPD DR
================================================================================
1 60 40 50 -4 15 0 0.00 0.0 M 11.7 21 30 M M 2 27 30
2 47 39 43 -11 22 0 0.18 0.0 M 14.6 23 30 M M 9 1 27 20
3 45 40 43 -10 22 0 0.04 0.0 M 7.9 14 20 M M 10 1 17 20
4 57 43 50 -3 15 0 0.00 0.0 M 9.5 16 180 M M 5 19 190
5 60 41 51 -1 14 0 0.00 0.0 M 15.2 23 180 M M 3 12 27 180
6 68 41 55 3 10 0 0.00 0.0 M 15.4 23 170 M M 0 27 170
7 76 45 61 9 4 0 0.00 0.0 M 19.9 30 170 M M 0 36 170
8 75 49 62 11 3 0 0.00 0.0 M 17.3 26 180 M M 0 34 200
9 70 50 60 9 5 0 0.00 0.0 M 8.5 18 340 M M 0 21 340
10 69 48 59 9 6 0 T 0.0 M 15.7 29 180 M M 3 1 36 330
11 63 45 54 4 11 0 0.00 0.0 M 10.4 24 210 M M 1 29 210
12 59 37 48 -2 17 0 0.00 0.0 M 15.9 33 330 M M 0 42 360
13 65 31 48 -1 17 0 0.00 0.0 M 11.5 25 210 M M 0 29 210
14 62 41 52 3 13 0 0.00 0.0 M 9.3 25 360 M M 0 29 360
15 74 43 59 11 6 0 0.00 0.0 M 13.2 22 200 M M 0 26 200
16 82 42 62 14 3 0 0.00 0.0 M 15.8 31 190 M M 0 37 180
17 58 39 49 1 16 0 0.00 0.0 M 20.4 37 10 M M 2 46 10
18 53 31 42 -5 23 0 0.00 0.0 M 8.5 15 360 M M 0 18 350
19 60 34 47 0 18 0 0.00 0.0 M 20.4 35 190 M M 0 42 180
20 68 41 55 8 10 0 0.00 0.0 M 10.8 22 180 M M 0 26 180
21 62 36 49 3 16 0 0.00 0.0 0 15.1 26 10 M M 0 32 350
22 67 31 49 3 16 0 0.00 0.0 M 10.4 26 220 M M 0 31 200
23 70 36 53 7 12 0 0.00 0.0 M 19.2 33 170 M M 0 42 170
24 67 45 56 11 9 0 0.00 0.0 M 20.5 31 360 M M 1 40 360
25 51 28 40 -5 25 0 0.00 0.0 M 17.0 36 360 M M 0 43 360
26 67 28 48 4 17 0 0.00 0.0 M 14.7 24 220 M M 0 28 210
27 69 41 55 11 10 0 0.00 0.0 M 9.7 18 30 M M 0 23 40
28 62 32 47 3 18 0 0.00 0.0 M 8.3 21 200 M M 0 24 200
29 74 37 56 13 9 0 0.00 M M 10.9 21 200 M M 0 24 210
30 74 42 58 15 7 0 0.00 M M 8.5 14 220 M M 0 15 210
================================================================================
SM 1934 1176 389 0 0.22 0.0 406.2 M 36
================================================================================
AV 64.5 39.2 13.5 FASTST M M 1 MAX(MPH)
MISC ----> 37 10 46 10
================================================================================
NOTES:
# LAST OF SEVERAL OCCURRENCES
COLUMN 17 PEAK WIND IN M.P.H.
PRELIMINARY LOCAL CLIMATOLOGICAL DATA (WS FORM: F-6) , PAGE 2
STATION: CLINTON
MONTH: NOVEMBER
YEAR: 2021
LATITUDE: 35 20 N
LONGITUDE: 99 12 W
[TEMPERATURE DATA] [PRECIPITATION DATA] SYMBOLS USED IN COLUMN 16
AVERAGE MONTHLY: 51.8 TOTAL FOR MONTH: 0.22 1 = FOG OR MIST
DPTR FM NORMAL: 3.5 DPTR FM NORMAL: -0.69 2 = FOG REDUCING VISIBILITY
HIGHEST: 82 ON 16 GRTST 24HR 0.22 ON 2- 3 TO 1/4 MILE OR LESS
LOWEST: 28 ON 26,25 3 = THUNDER
SNOW, ICE PELLETS, HAIL 4 = ICE PELLETS
TOTAL MONTH: 0.0 INCH 5 = HAIL
GRTST 24HR 0.0 6 = FREEZING RAIN OR DRIZZLE
GRTST DEPTH: 0 7 = DUSTSTORM OR SANDSTORM:
VSBY 1/2 MILE OR LESS
8 = SMOKE OR HAZE
[NO. OF DAYS WITH] [WEATHER - DAYS WITH] 9 = BLOWING SNOW
X = TORNADO
MAX 32 OR BELOW: 0 0.01 INCH OR MORE: 2
MAX 90 OR ABOVE: 0 0.10 INCH OR MORE: 1
MIN 32 OR BELOW: 6 0.50 INCH OR MORE: 0
MIN 0 OR BELOW: 0 1.00 INCH OR MORE: 0
[HDD (BASE 65) ]
TOTAL THIS MO. 389 CLEAR (SCALE 0-3) 27
DPTR FM NORMAL -114 PTCLDY (SCALE 4-7) 1
TOTAL FM JUL 1 488 CLOUDY (SCALE 8-10) 2
DPTR FM NORMAL -224
[CDD (BASE 65) ]
TOTAL THIS MO. 0
DPTR FM NORMAL -3 [PRESSURE DATA]
TOTAL FM JAN 1 2038 HIGHEST SLP 30.60 ON 18
DPTR FM NORMAL 58 LOWEST SLP 29.60 ON 16
[REMARKS]
#FINAL-11-21#