000
CXUS54 KOUN 010910
CF6CSM
PRELIMINARY LOCAL CLIMATOLOGICAL DATA (WS FORM: F-6)
STATION: CLINTON
MONTH: DECEMBER
YEAR: 2023
LATITUDE: 35 20 N
LONGITUDE: 99 12 W
TEMPERATURE IN F: :PCPN: SNOW: WIND :SUNSHINE: SKY :PK WND
================================================================================
1 2 3 4 5 6A 6B 7 8 9 10 11 12 13 14 15 16 17 18
12Z AVG MX 2MIN
DY MAX MIN AVG DEP HDD CDD WTR SNW DPTH SPD SPD DIR MIN PSBL S-S WX SPD DR
================================================================================
1 48 33 41 -2 24 0 0.00 M M 9.9 24 320 M M 5 31 330
2 58 31 45 3 20 0 0.00 M M 9.3 21 210 M M 3 12 27 260
3 65 29 47 5 18 0 0.00 M M 13.9 28 340 M M 0 36 350
4 56 32 44 2 21 0 0.00 M M 10.7 20 200 M M 0 28 190
5 60 33 47 5 18 0 0.00 M M 9.1 21 10 M M 0 25 360
6 63 34 49 8 16 0 0.00 M M 15.1 25 190 M M 0 31 210
7 70 45 58 17 7 0 0.00 M M 20.7 33 190 M M 0 42 200
8 62 38 50 9 15 0 0.00 M M 11.5 22 350 M M 0 30 340
9 50 32 41 1 24 0 0.00 M M 16.3 30 360 M M 1 37 360
10 50 23 37 -3 28 0 0.00 M M 12.3 23 190 M M 0 37 200
11 60 28 44 4 21 0 0.00 M M 8.2 15 30 M M 0 18 50
12 56 30 43 3 22 0 0.00 M M 6.8 14 130 M M 1 19 160
13 48 41 45 5 20 0 0.58 M M 7.6 14 100 M M 10 1 19 110
14 48 41 45 6 20 0 1.11 M M 10.0 17 130 M M 10 1 22 130
15 47 37 42 3 23 0 0.24 M M 12.7 26 110 M M 8 1 33 120
16 58 35 47 8 18 0 0.00 M M 11.2 20 310 M M 0 25 310
17 69 35 52 13 13 0 T M M 7.8 15 360 M M 0 20 10
18 51 35 43 4 22 0 0.00 M M 9.5 15 70 M M 0 20 170
19 52 35 44 5 21 0 T M M 20.8 37 180 M M 0 44 180
20 56 41 49 11 16 0 T M M 18.5 31 190 M M 2 39 190
21 60 49 55 17 10 0 0.01 0.0 0 17.3 25 190 M M 8 12 32 190
22 64 49 57 19 8 0 0.00 0.0 0 8.1 18 200 M M 5 12 23 190
23 62 50 56 18 9 0 1.63 0.0 0 16.5 29 170 M M 10 123 43 220
24 56 34 45 7 20 0 T 0.0 0 20.4 37 330 M M 9 1 50 320
25 42 29 36 -2 29 0 0.00 M M 18.3 29 320 M M 0 37 320
26 46 28 37 -1 28 0 0.00 M M 12.2 30 280 M M 6 44 300
27 42 32 37 -1 28 0 T M M 13.4 28 350 M M 8 37 340
28 39 30 35 -3 30 0 T T 0 9.2 24 350 M M 8 1 30 350
29 53 29 41 3 24 0 0.00 0.0 0 12.7 22 330 M M 0 28 330
30 58 32 45 7 20 0 0.00 0.0 0 8.2 16 180 M M 0 20 180
31 48 27 38 0 27 0 0.00 0.0 0 13.4 21 10 M M 1 26 20
================================================================================
SM 1697 1077 620 0 3.57 T 391.6 M 95
================================================================================
AV 54.7 34.7 12.6 FASTST M M 3 MAX(MPH)
MISC ----> # 37 180 50 320
================================================================================
NOTES:
# LAST OF SEVERAL OCCURRENCES
COLUMN 17 PEAK WIND IN M.P.H.
PRELIMINARY LOCAL CLIMATOLOGICAL DATA (WS FORM: F-6) , PAGE 2
STATION: CLINTON
MONTH: DECEMBER
YEAR: 2023
LATITUDE: 35 20 N
LONGITUDE: 99 12 W
[TEMPERATURE DATA] [PRECIPITATION DATA] SYMBOLS USED IN COLUMN 16
AVERAGE MONTHLY: 44.7 TOTAL FOR MONTH: 3.57 1 = FOG OR MIST
DPTR FM NORMAL: 5.2 DPTR FM NORMAL: 2.80 2 = FOG REDUCING VISIBILITY
HIGHEST: 70 ON 7 GRTST 24HR 1.63 ON 23-23 TO 1/4 MILE OR LESS
LOWEST: 23 ON 10 3 = THUNDER
SNOW, ICE PELLETS, HAIL 4 = ICE PELLETS
TOTAL MONTH: T 5 = HAIL
GRTST 24HR T ON 28-28 6 = FREEZING RAIN OR DRIZZLE
GRTST DEPTH: 0 7 = DUSTSTORM OR SANDSTORM:
VSBY 1/2 MILE OR LESS
8 = SMOKE OR HAZE
[NO. OF DAYS WITH] [WEATHER - DAYS WITH] 9 = BLOWING SNOW
X = TORNADO
MAX 32 OR BELOW: 0 0.01 INCH OR MORE: 5
MAX 90 OR ABOVE: 0 0.10 INCH OR MORE: 4
MIN 32 OR BELOW: 14 0.50 INCH OR MORE: 3
MIN 0 OR BELOW: 0 1.00 INCH OR MORE: 2
[HDD (BASE 65) ]
TOTAL THIS MO. 620 CLEAR (SCALE 0-3) 19
DPTR FM NORMAL -170 PTCLDY (SCALE 4-7) 6
TOTAL FM JUL 1 1246 CLOUDY (SCALE 8-10) 6
DPTR FM NORMAL -254
[CDD (BASE 65) ]
TOTAL THIS MO. 0
DPTR FM NORMAL 0 [PRESSURE DATA]
TOTAL FM JAN 1 2182 HIGHEST SLP 30.52 ON 14
DPTR FM NORMAL 202 LOWEST SLP 29.58 ON 8
[REMARKS]
#FINAL-12-23#