000
CXUS52 KTAE 010900
CF6CTY
PRELIMINARY LOCAL CLIMATOLOGICAL DATA (WS FORM: F-6)
STATION: CROSS CITY
MONTH: JANUARY
YEAR: 2021
LATITUDE: 29 37 N
LONGITUDE: 83 6 W
TEMPERATURE IN F: :PCPN: SNOW: WIND :SUNSHINE: SKY :PK WND
================================================================================
1 2 3 4 5 6A 6B 7 8 9 10 11 12 13 14 15 16 17 18
12Z AVG MX 2MIN
DY MAX MIN AVG DEP HDD CDD WTR SNW DPTH SPD SPD DIR MIN PSBL S-S WX SPD DR
================================================================================
1 82 69 76 24 0 11 0.00 0.0 M 11.6 21 180 M M 4 33 180
2 75 66 71 19 0 6 0.29 0.0 M 11.7 16 190 M M 8 1 23 190
3 68 43 56 4 9 0 0.20 0.0 0 6.1 M M M M 5 M M
4 64 35 50 -2 15 0 0.00 0.0 0 2.6 M M M M 0 1 M M
5 70 35 53 1 12 0 0.00 0.0 M 3.6 15 270 M M 1 21 260
6 65 31 48 -4 17 0 0.00 0.0 M 2.0 7 50 M M 0 M M
7 70 37 54 2 11 0 0.08 0.0 M 5.9 16 180 M M 4 12 24 180
8 59 45 52 0 13 0 0.01 0.0 M 8.4 18 280 M M 10 12 24 280
9 47 35 41 -11 24 0 0.00 0.0 M 6.6 10 310 M M 10 17 270
10 53 39 46 -7 19 0 0.00 0.0 M 3.5 8 30 M M 5 M M
11 73 41 57 4 8 0 0.00 0.0 M 5.8 15 190 M M 7 20 180
12 66 47 57 4 8 0 0.00 0.0 0 7.0 15 210 M M 10 1 22 210
13 51 38 45 -8 20 0 0.13 0.0 0 2.1 9 300 M M 9 12 M M
14 63 30 47 -6 18 0 0.00 0.0 M 1.9 7 300 M M 3 12 M M
15 69 38 54 1 11 0 0.10 0.0 M 6.8 22 260 M M 5 12 28 190
16 58 32 45 -8 20 0 0.00 0.0 M 7.4 22 270 M M 1 31 290
17 59 29 44 -9 21 0 0.00 M M 2.3 10 260 M M 2 M M
18 64 32 48 -5 17 0 0.00 0.0 M 3.8 14 300 M M 0 18 300
19 68 26 47 -6 18 0 0.00 0.0 0 1.0 6 10 M M 0 M M
20 72 29 51 -3 14 0 0.00 0.0 0 2.3 10 250 M M 0 M M
21 72 46 59 5 6 0 0.00 0.0 0 5.2 13 250 M M 5 12 22 250
22 73 61 67 13 0 2 0.05 0.0 0 6.7 14 240 M M 10 1 M M
23 64 57 61 7 4 0 0.00 0.0 0 5.2 10 30 M M 10 1 M M
24 70 54 62 8 3 0 0.05 M M 3.6 M M M M 9 12 M M
25 79 52 66 12 0 1 0.00 M M 6.1 M M M M 6 12 M M
26 78 65 72 18 0 7 0.00 0.0 M 7.5 14 220 M M 6 21 220
27 71 63 67 13 0 2 0.36 0.0 M 7.0 15 200 M M 10 13 18 200
28 63 35 49 -5 16 0 0.00 0.0 M 8.4 14 360 M M 0 23 360
29 62 29 46 -9 19 0 0.00 0.0 M 2.1 8 270 M M 0 M M
30 71 30 51 -4 14 0 0.00 0.0 M 2.7 8 210 M M 1 M M
31 73 49 61 6 4 0 0.03 0.0 M 11.6 22 190 M M 7 33 200
================================================================================
SM 2072 1318 341 29 1.30 0.0 168.5 M 148
================================================================================
AV 66.8 42.5 5.4 FASTST M M 5 MAX(MPH)
MISC ----> # 22 260 # 33 180
================================================================================
NOTES:
# LAST OF SEVERAL OCCURRENCES
COLUMN 17 PEAK WIND IN M.P.H.
PRELIMINARY LOCAL CLIMATOLOGICAL DATA (WS FORM: F-6) , PAGE 2
STATION: CROSS CITY
MONTH: JANUARY
YEAR: 2021
LATITUDE: 29 37 N
LONGITUDE: 83 6 W
[TEMPERATURE DATA] [PRECIPITATION DATA] SYMBOLS USED IN COLUMN 16
AVERAGE MONTHLY: 54.7 TOTAL FOR MONTH: 1.30 1 = FOG OR MIST
DPTR FM NORMAL: 1.4 DPTR FM NORMAL: -2.74 2 = FOG REDUCING VISIBILITY
HIGHEST: 82 ON 1 GRTST 24HR 2.97 ON 26-27 TO 1/4 MILE OR LESS
LOWEST: 26 ON 19 3 = THUNDER
SNOW, ICE PELLETS, HAIL 4 = ICE PELLETS
TOTAL MONTH: 0.0 INCH 5 = HAIL
GRTST 24HR 0.0 6 = FREEZING RAIN OR DRIZZLE
GRTST DEPTH: 0 7 = DUSTSTORM OR SANDSTORM:
VSBY 1/2 MILE OR LESS
8 = SMOKE OR HAZE
[NO. OF DAYS WITH] [WEATHER - DAYS WITH] 9 = BLOWING SNOW
X = TORNADO
MAX 32 OR BELOW: 0 0.01 INCH OR MORE: 10
MAX 90 OR ABOVE: 0 0.10 INCH OR MORE: 5
MIN 32 OR BELOW: 9 0.50 INCH OR MORE: 0
MIN 0 OR BELOW: 0 1.00 INCH OR MORE: 0
[HDD (BASE 65) ]
TOTAL THIS MO. 341 CLEAR (SCALE 0-3) 12
DPTR FM NORMAL -32 PTCLDY (SCALE 4-7) 11
TOTAL FM JUL 1 771 CLOUDY (SCALE 8-10) 8
DPTR FM NORMAL -108
[CDD (BASE 65) ]
TOTAL THIS MO. 29
DPTR FM NORMAL 18 [PRESSURE DATA]
TOTAL FM JAN 1 29 HIGHEST SLP M ON M
DPTR FM NORMAL 18 LOWEST SLP M ON M
[REMARKS]
#FINAL-01-21#