000
CXUS55 KCYS 101126 CCA
CF6CYS
PRELIMINARY LOCAL CLIMATOLOGICAL DATA (WS FORM: F-6)...CORRECTED
STATION: CHEYENNE WYOMING AIRPORT
MONTH: JANUARY
YEAR: 2022
LATITUDE: 41 9 N
LONGITUDE: 104 49 W
TEMPERATURE IN F: :PCPN: SNOW: WIND :SUNSHINE: SKY :PK WND
================================================================================
1 2 3 4 5 6A 6B 7 8 9 10 11 12 13 14 15 16 17 18
12Z AVG MX 2MIN
DY MAX MIN AVG DEP HDD CDD WTR SNW DPTH SPD SPD DIR MIN PSBL S-S WX SPD DR
================================================================================
1 14 -3 6 -23 59 0 0.06 1.3 2 8.0 25 280 M M 5 18 35 290
2 34 12 23 -6 42 0 0.00 0.0 2 18.0 35 290 M M 0 49 290
3 44 23 34 5 31 0 0.00 0.0 1 9.3 25 240 M M 0 38 240
4 42 18 30 1 35 0 T T 1 18.4 41 280 M M 5 58 270
5 22 -5 9 -20 56 0 0.34 7.2 7 9.9 21 360 M M 10 128 35 350
6 43 -3 20 -9 45 0 0.02 0.4 7 12.8 29 280 M M 8 18 40 270
7 52 34 43 14 22 0 0.00 0.0 5 11.4 29 240 M M 0 44 250
8 44 13 29 0 36 0 0.00 0.0 2 11.2 25 290 M M 2 39 290
9 39 14 27 -2 38 0 0.00 0.0 1 9.1 18 280 M M 1 1 23 280
10 47 20 34 5 31 0 0.00 0.0 1 9.9 18 260 M M 0 26 220
11 48 34 41 11 24 0 0.00 0.0 1 15.5 37 280 M M 0 50 280
12 49 31 40 10 25 0 0.00 0.0 1 13.5 36 270 M M 0 45 270
13 54 34 44 14 21 0 0.00 0.0 0 11.1 30 270 M M 0 42 290
14 47 22 35 5 30 0 T T 0 19.4 36 360 M M 5 1 52 350
15 47 15 31 1 34 0 0.00 0.0 0 12.2 30 280 M M 2 39 280
16 46 28 37 7 28 0 0.00 0.0 0 13.8 23 290 M M 0 36 320
17 51 26 39 9 26 0 0.00 0.0 0 12.1 29 280 M M 0 39 280
18 49 26 38 8 27 0 0.00 0.0 0 13.9 25 280 M M 2 1 34 280
19 26 10 18 -11 47 0 0.03 1.5 1 7.8 14 20 M M 10 12 19 10
20 35 2 19 -10 46 0 0.00 0.0 1 7.9 15 210 M M 2 1 23 200
21 37 23 30 1 35 0 T T 0 12.2 25 360 M M 7 35 360
22 40 14 27 -2 38 0 0.00 0.0 0 12.5 30 300 M M 1 42 300
23 48 21 35 6 30 0 0.00 0.0 0 11.4 25 280 M M 0 33 270
24 39 26 33 4 32 0 T T 0 8.0 21 360 M M 3 1 28 300
25 26 12 19 -10 46 0 0.24 3.6 4 10.3 21 360 M M 9 1 30 360
26 36 5 21 -8 44 0 0.00 0.0 3 9.6 26 300 M M 1 38 310
27 26 8 17 -12 48 0 0.05 0.9 1 12.3 24 350 M M 5 1 36 360
28 41 17 29 0 36 0 0.00 0.0 T 15.9 28 280 M M 0 42 290
29 50 28 39 10 26 0 0.00 0.0 T 12.6 36 280 M M 0 48 270
30 52 22 37 8 28 0 0.00 0.0 0 9.8 22 260 M M 0 28 280
31 49 26 38 9 27 0 0.00 0.0 0 19.2 44 270 M M 0 60 270
================================================================================
SM 1277 553 1093 0 0.74 14.9 379.0 M 78
================================================================================
AV 41.2 17.8 12.2 FASTST M M 3 MAX(MPH)
MISC ----> 44 270 60 270
================================================================================
NOTES:
# LAST OF SEVERAL OCCURRENCES
COLUMN 17 PEAK WIND IN M.P.H.
PRELIMINARY LOCAL CLIMATOLOGICAL DATA (WS FORM: F-6) , PAGE 2
STATION: CHEYENNE WYOMING AIRPORT
MONTH: JANUARY
YEAR: 2022
LATITUDE: 41 9 N
LONGITUDE: 104 49 W
[TEMPERATURE DATA] [PRECIPITATION DATA] SYMBOLS USED IN COLUMN 16
AVERAGE MONTHLY: 29.5 TOTAL FOR MONTH: 0.74 1 = FOG OR MIST
DPTR FM NORMAL: 0.3 DPTR FM NORMAL: 0.39 2 = FOG REDUCING VISIBILITY
HIGHEST: 54 ON 13 GRTST 24HR 0.34 ON 5 TO 1/4 MILE OR LESS
LOWEST: -5 ON 5 3 = THUNDER
SNOW, ICE PELLETS, HAIL 4 = ICE PELLETS
TOTAL MONTH: 14.9 INCHES 5 = HAIL
GRTST 24HR 7.2 ON 5- 5 6 = FREEZING RAIN OR DRIZZLE
GRTST DEPTH: 7 ON 6, 5 7 = DUSTSTORM OR SANDSTORM:
VSBY 1/2 MILE OR LESS
8 = SMOKE OR HAZE
[NO. OF DAYS WITH] [WEATHER - DAYS WITH] 9 = BLOWING SNOW
X = TORNADO
MAX 32 OR BELOW: 5 0.01 INCH OR MORE: 6
MAX 90 OR ABOVE: 0 0.10 INCH OR MORE: 2
MIN 32 OR BELOW: 28 0.50 INCH OR MORE: 0
MIN 0 OR BELOW: 3 1.00 INCH OR MORE: 0
[HDD (BASE 65) ]
TOTAL THIS MO. 1093 CLEAR (SCALE 0-3) 22
DPTR FM NORMAL -17 PTCLDY (SCALE 4-7) 5
TOTAL FM JUL 1 3287 CLOUDY (SCALE 8-10) 4
DPTR FM NORMAL -641
[CDD (BASE 65) ]
TOTAL THIS MO. 0
DPTR FM NORMAL 0 [PRESSURE DATA]
TOTAL FM JAN 1 0 HIGHEST SLP 30.68 ON 9
DPTR FM NORMAL 0 LOWEST SLP 29.45 ON 7
[REMARKS]
JANUARY 5...RECORD PRECIPITATION 0.31" (PREVIOUS 0.17" IN 1913)
JANUARY 5...RECORD SNOWFALL 6.5" (PREVIOUS 3.5" IN 1955)
#FINAL-01-22#