000
CXUS55 KCYS 101110
CF6CYS
PRELIMINARY LOCAL CLIMATOLOGICAL DATA (WS FORM: F-6)
STATION: CHEYENNE WYOMING AIRPORT
MONTH: MAY
YEAR: 2021
LATITUDE: 41 9 N
LONGITUDE: 104 49 W
TEMPERATURE IN F: :PCPN: SNOW: WIND :SUNSHINE: SKY :PK WND
================================================================================
1 2 3 4 5 6A 6B 7 8 9 10 11 12 13 14 15 16 17 18
12Z AVG MX 2MIN
DY MAX MIN AVG DEP HDD CDD WTR SNW DPTH SPD SPD DIR MIN PSBL S-S WX SPD DR
================================================================================
1 78 48 63 17 2 0 T 0.0 0 9.5 33 260 M M 2 45 250
2 64 39 52 5 13 0 0.19 0.0 0 13.5 26 10 M M 7 1 40 10
3 41 33 37 -10 28 0 0.30 T 0 10.2 22 20 M M 10 1 33 20
4 55 31 43 -5 22 0 0.14 0.0 0 11.3 28 320 M M 4 138 43 310
5 56 34 45 -3 20 0 T 0.0 0 8.1 25 360 M M 5 37 40
6 64 31 48 0 17 0 0.00 0.0 0 9.2 18 190 M M 0 23 200
7 79 38 59 10 6 0 0.00 0.0 0 11.4 29 220 M M 1 38 210
8 65 36 51 2 14 0 T T 0 18.0 30 320 M M 3 44 320
9 51 32 42 -8 23 0 0.17 T 0 8.1 17 60 M M 7 1 25 60
10 35 32 34 -16 31 0 0.81 5.4 T 9.6 22 100 M M 10 12 30 110
11 35 31 33 -17 32 0 0.17 0.7 5 11.3 17 150 M M 10 12 21 130
12 60 33 47 -4 18 0 T 0.0 2 9.2 23 280 M M 5 12 33 270
13 70 35 53 2 12 0 0.00 0.0 0 10.9 28 310 M M 2 42 310
14 66 41 54 2 11 0 0.32 0.0 0 8.3 24 120 M M 6 13 31 140
15 57 44 51 -1 14 0 0.02 0.0 0 8.1 17 150 M M 9 123 22 150
16 56 43 50 -2 15 0 0.00 0.0 0 8.5 20 10 M M 8 12 27 10
17 61 43 52 -1 13 0 0.02 0.0 0 9.8 22 150 M M 7 13 30 150
18 64 40 52 -1 13 0 T 0.0 0 10.1 20 160 M M 3 12 27 160
19 70 45 58 4 7 0 0.00 0.0 0 9.7 18 150 M M 1 26 150
20 76 45 61 7 4 0 0.00 0.0 0 10.8 24 140 M M 1 12 32 130
21 67 42 55 1 10 0 0.00 0.0 0 9.7 21 20 M M 5 12 28 350
22 52 41 47 -8 18 0 0.04 0.0 0 9.1 17 110 M M 10 123 22 110
23 68 44 56 1 9 0 0.27 0.0 0 13.2 35 260 M M 6 13 46 260
24 69 38 54 -2 11 0 0.00 0.0 0 11.7 23 250 M M 1 32 270
25 71 39 55 -1 10 0 0.00 0.0 0 12.4 30 260 M M 2 39 270
26 71 47 59 3 6 0 0.00 0.0 0 13.6 31 210 M M 2 40 210
27 71 42 57 0 8 0 0.00 0.0 0 8.8 20 80 M M 2 28 310
28 77 45 61 4 4 0 T 0.0 0 10.4 23 200 M M 4 3 31 200
29 66 46 56 -1 9 0 0.16 0.0 0 8.4 20 70 M M 4 13 28 70
30 51 45 48 -10 17 0 0.11 0.0 0 7.8 21 70 M M 9 12 29 70
31 63 39 51 -7 14 0 0.00 0.0 0 9.1 17 180 M M 4 33 170
================================================================================
SM 1929 1222 431 0 2.72 6.1 319.8 M 150
================================================================================
AV 62.2 39.4 10.3 FASTST M M 5 MAX(MPH)
MISC ----> 35 260 46 260
================================================================================
NOTES:
# LAST OF SEVERAL OCCURRENCES
COLUMN 17 PEAK WIND IN M.P.H.
PRELIMINARY LOCAL CLIMATOLOGICAL DATA (WS FORM: F-6) , PAGE 2
STATION: CHEYENNE WYOMING AIRPORT
MONTH: MAY
YEAR: 2021
LATITUDE: 41 9 N
LONGITUDE: 104 49 W
[TEMPERATURE DATA] [PRECIPITATION DATA] SYMBOLS USED IN COLUMN 16
AVERAGE MONTHLY: 50.8 TOTAL FOR MONTH: 2.72 1 = FOG OR MIST
DPTR FM NORMAL: -1.5 DPTR FM NORMAL: 0.28 2 = FOG REDUCING VISIBILITY
HIGHEST: 79 ON 7 GRTST 24HR 0.88 ON 10-11 TO 1/4 MILE OR LESS
LOWEST: 31 ON 11, 6 3 = THUNDER
SNOW, ICE PELLETS, HAIL 4 = ICE PELLETS
TOTAL MONTH: 6.1 INCHES 5 = HAIL
GRTST 24HR 5.4 ON 10-10 6 = FREEZING RAIN OR DRIZZLE
GRTST DEPTH: 5 ON 11 7 = DUSTSTORM OR SANDSTORM:
VSBY 1/2 MILE OR LESS
8 = SMOKE OR HAZE
[NO. OF DAYS WITH] [WEATHER - DAYS WITH] 9 = BLOWING SNOW
X = TORNADO
MAX 32 OR BELOW: 0 0.01 INCH OR MORE: 13
MAX 90 OR ABOVE: 0 0.10 INCH OR MORE: 10
MIN 32 OR BELOW: 5 0.50 INCH OR MORE: 1
MIN 0 OR BELOW: 0 1.00 INCH OR MORE: 0
[HDD (BASE 65) ]
TOTAL THIS MO. 431 CLEAR (SCALE 0-3) 11
DPTR FM NORMAL 33 PTCLDY (SCALE 4-7) 13
TOTAL FM JUL 1 7002 CLOUDY (SCALE 8-10) 7
DPTR FM NORMAL 157
[CDD (BASE 65) ]
TOTAL THIS MO. 0
DPTR FM NORMAL -4 [PRESSURE DATA]
TOTAL FM JAN 1 0 HIGHEST SLP 30.34 ON 11
DPTR FM NORMAL -4 LOWEST SLP 29.45 ON 2
[REMARKS]
#FINAL-05-21#