000
CXUS55 KCYS 031507
CF6CYS
PRELIMINARY LOCAL CLIMATOLOGICAL DATA (WS FORM: F-6) ...CORRECTED...
STATION: CHEYENNE WYOMING AIRPORT
MONTH: NOVEMBER
YEAR: 2020
LATITUDE: 41 9 N
LONGITUDE: 104 49 W
TEMPERATURE IN F: :PCPN: SNOW: WIND :SUNSHINE: SKY :PK WND
================================================================================
1 2 3 4 5 6A 6B 7 8 9 10 11 12 13 14 15 16 17 18
12Z AVG MX 2MIN
DY MAX MIN AVG DEP HDD CDD WTR SNW DPTH SPD SPD DIR MIN PSBL S-S WX SPD DR
================================================================================
1 69 31 50 9 15 0 0.00 0.0 0 8.5 17 240 M M 0 22 250
2 74 34 54 13 11 0 0.00 0.0 0 10.9 20 250 M M 0 25 260
3 74 36 55 14 10 0 0.00 0.0 0 12.2 21 280 M M 0 29 280
4 70 44 57 17 8 0 0.00 0.0 0 15.5 29 310 M M 0 42 310
5 72 37 55 15 10 0 0.00 0.0 0 10.4 28 250 M M 0 37 230
6 73 36 55 16 10 0 0.00 0.0 0 9.5 22 280 M M 0 30 280
7 66 42 54 15 11 0 0.00 0.0 0 5.4 17 170 M M 2 25 160
8 52 36 44 5 21 0 0.02 0.0 0 14.1 36 280 M M 4 52 230
9 37 19 28 -10 37 0 0.12 2.3 T 8.4 18 20 M M 9 12 27 20
10 35 15 25 -13 40 0 0.00 0.0 2 18.5 46 270 M M 2 59 280
11 42 21 32 -5 33 0 T T T 16.5 36 250 M M 1 47 250
12 35 22 29 -8 36 0 0.00 0.0 0 17.7 35 280 M M 0 46 280
13 56 17 37 1 28 0 0.00 0.0 0 17.0 51 260 M M 0 67 270
14 45 23 34 -2 31 0 0.00 0.0 0 26.8 58 280 M M 1 74 280
15 47 24 36 0 29 0 0.00 0.0 0 25.2 47 270 M M 0 65 280
16 60 36 48 13 17 0 0.00 0.0 0 14.1 35 280 M M 1 48 270
17 66 30 48 13 17 0 0.00 0.0 0 8.7 17 190 M M 0 30 190
18 66 39 53 19 12 0 0.00 0.0 0 10.9 26 250 M M 0 36 250
19 54 36 45 11 20 0 0.00 0.0 0 16.8 33 290 M M 0 52 280
20 46 27 37 4 28 0 0.00 0.0 0 7.1 17 200 M M 3 24 170
21 51 17 34 1 31 0 0.00 0.0 0 7.2 20 340 M M 0 30 330
22 39 12 26 -6 39 0 0.00 0.0 0 10.8 23 200 M M 0 30 190
23 60 21 41 9 24 0 T T 0 6.9 20 360 M M 4 28 10
24 39 24 32 0 33 0 0.04 0.7 1 10.5 20 360 M M 4 18 30 10
25 55 22 39 8 26 0 0.00 0.0 0 10.9 25 240 M M 0 32 230
26 41 18 30 -1 35 0 T T 0 8.8 18 220 M M 0 30 210
27 42 15 29 -1 36 0 0.00 0.0 0 10.8 18 200 M M 0 24 270
28 58 26 42 12 23 0 0.00 0.0 0 11.4 28 350 M M 0 44 350
29 38 13 26 -4 39 0 0.00 0.0 0 9.3 21 350 M M 0 34 330
30 54 14 34 4 31 0 0.00 0.0 0 16.0 30 280 M M 0 39 290
================================================================================
SM 1616 787 741 0 0.18 3.0 376.8 M 31
================================================================================
AV 53.9 26.2 12.6 FASTST M M 1 MAX(MPH)
MISC ----> # 58 280 # 74 280
================================================================================
NOTES:
# LAST OF SEVERAL OCCURRENCES
COLUMN 17 PEAK WIND IN M.P.H.
PRELIMINARY LOCAL CLIMATOLOGICAL DATA (WS FORM: F-6) , PAGE 2
STATION: CHEYENNE WYOMING AIRPORT
MONTH: NOVEMBER
YEAR: 2020
LATITUDE: 41 9 N
LONGITUDE: 104 49 W
[TEMPERATURE DATA] [PRECIPITATION DATA] SYMBOLS USED IN COLUMN 16
AVERAGE MONTHLY: 40.1 TOTAL FOR MONTH: 0.18 1 = FOG OR MIST
DPTR FM NORMAL: 4.8 DPTR FM NORMAL: -0.41 2 = FOG REDUCING VISIBILITY
HIGHEST: 74 ON 3, 2 GRTST 24HR 0.12 ON 9- 9 TO 1/4 MILE OR LESS
LOWEST: 12 ON 22 3 = THUNDER
SNOW, ICE PELLETS, HAIL 4 = ICE PELLETS
TOTAL MONTH: 3.0 INCHES 5 = HAIL
GRTST 24HR 2.3 ON 9- 9 6 = FREEZING RAIN OR DRIZZLE
GRTST DEPTH: 2 ON 10 7 = DUSTSTORM OR SANDSTORM:
VSBY 1/2 MILE OR LESS
8 = SMOKE OR HAZE
[NO. OF DAYS WITH] [WEATHER - DAYS WITH] 9 = BLOWING SNOW
X = TORNADO
MAX 32 OR BELOW: 0 0.01 INCH OR MORE: 3
MAX 90 OR ABOVE: 0 0.10 INCH OR MORE: 1
MIN 32 OR BELOW: 20 0.50 INCH OR MORE: 0
MIN 0 OR BELOW: 0 1.00 INCH OR MORE: 0
[HDD (BASE 65) ]
TOTAL THIS MO. 741 CLEAR (SCALE 0-3) 26
DPTR FM NORMAL -148 PTCLDY (SCALE 4-7) 3
TOTAL FM JUL 1 1570 CLOUDY (SCALE 8-10) 1
DPTR FM NORMAL -178
[CDD (BASE 65) ]
TOTAL THIS MO. 0
DPTR FM NORMAL 0 [PRESSURE DATA]
TOTAL FM JAN 1 605 HIGHEST SLP 30.59 ON 29
DPTR FM NORMAL 257 LOWEST SLP 29.11 ON 8
[REMARKS]
NOVEMBER 2ND...RECORD HIGH 74 DEGREES (PREVIOUS 71 DEGREES IN 2008).
NOVEMBER 3RD...RECORD HIGH 74 DEGREEE (PREVIOUS 70 DEGREES IN 2015).
NOVEMBER 6TH...TIED RECORD HIGH 73 DEGREES PREVIOUSLY SET IN 2010.
#FINAL-11-20#