000
CXUS56 KSGX 011245
CF6CZZ
PRELIMINARY LOCAL CLIMATOLOGICAL DATA (WS FORM: F-6)
STATION: CAMPO ASOS CA
MONTH: JULY
YEAR: 2020
LATITUDE: 32 37 N
LONGITUDE: 116 28 W
TEMPERATURE IN F: :PCPN: SNOW: WIND :SUNSHINE: SKY :PK WND
================================================================================
1 2 3 4 5 6A 6B 7 8 9 10 11 12 13 14 15 16 17 18
12Z AVG MX 2MIN
DY MAX MIN AVG DEP HDD CDD WTR SNW DPTH SPD SPD DIR MIN PSBL S-S WX SPD DR
================================================================================
1 82 47 65 -5 0 0 0.00 0.0 0 8.7 21 220 M M 0 25 220
2 86 47 67 -3 0 2 0.00 0.0 0 6.7 16 220 M M 0 23 220
3 91 50 71 0 0 6 0.00 0.0 0 7.4 20 220 M M 0 24 310
4 93 55 74 3 0 9 0.00 0.0 0 7.5 21 220 M M 0 27 220
5 98 50 74 3 0 9 0.00 0.0 0 7.7 20 240 M M 0 29 240
6 96 44 70 -1 0 5 0.00 0.0 0 8.4 20 220 M M 0 24 220
7 94 49 72 0 0 7 0.00 0.0 0 7.8 18 230 M M 0 23 200
8 92 46 69 -3 0 4 0.00 0.0 0 8.8 18 220 M M 0 23 220
9 94 42 68 -4 0 3 0.00 0.0 0 7.7 20 220 M M 0 27 180
10 99 54 77 5 0 12 0.00 0.0 0 6.7 18 230 M M 0 23 220
11 102 61 82 10 0 17 0.00 0.0 0 6.5 21 220 M M 0 27 230
12 105 57 81 8 0 16 0.00 0.0 0 7.8 20 280 M M 0 26 220
13 95 56 76 3 0 11 0.00 0.0 0 8.9 22 220 M M 0 26 220
14 90 52 71 -2 0 6 0.00 0.0 0 8.1 20 200 M M 0 24 210
15 89 46 68 -5 0 3 0.00 0.0 0 8.8 21 220 M M 0 24 220
16 90 47 69 -4 0 4 0.00 0.0 0 7.9 20 220 M M 0 25 220
17 91 50 71 -2 0 6 0.00 0.0 0 7.2 17 220 M M 0 21 220
18 95 51 73 -1 0 8 0.00 0.0 0 8.1 20 220 M M 0 24 220
19 96 50 73 -1 0 8 0.00 0.0 0 8.7 24 280 M M 0 34 280
20 91 47 69 -5 0 4 0.00 0.0 0 8.5 22 220 M M 0 27 230
21 94 51 73 -1 0 8 0.00 0.0 0 8.6 21 220 M M 0 25 200
22 88 48 68 -6 0 3 0.00 0.0 0 7.3 21 220 M M 0 24 200
23 86 40 63 -11 2 0 0.00 0.0 0 8.2 20 220 M M 0 24 210
24 87 45 66 -8 0 1 0.00 0.0 0 8.1 20 220 M M 0 25 210
25 91 43 67 -7 0 2 0.00 0.0 0 6.8 17 220 M M 0 23 210
26 96 53 75 1 0 10 0.00 0.0 0 7.1 20 260 M M 0 26 250
27 92 52 72 -2 0 7 0.00 0.0 0 8.2 22 220 M M 0 26 220
28 93 46 70 -4 0 5 0.00 0.0 0 7.8 20 210 M M 0 22 220
29 99 51 75 1 0 10 0.00 0.0 0 6.7 20 220 M M 0 23 210
30 103 60 82 8 0 17 0.00 0.0 0 8.0 21 310 M M 0 26 310
31 105 61 83 9 0 18 0.00 0.0 0 7.0 22 300 M M 0 28 290
================================================================================
SM 2903 1551 2 221 0.00 0.0 241.7 M 0
================================================================================
AV 93.7 50.0 7.8 FASTST M M 0 MAX(MPH)
MISC ----> # 24 280 # 34 280
================================================================================
NOTES:
# LAST OF SEVERAL OCCURRENCES
COLUMN 17 PEAK WIND IN M.P.H.
PRELIMINARY LOCAL CLIMATOLOGICAL DATA (WS FORM: F-6) , PAGE 2
STATION: CAMPO ASOS CA
MONTH: JULY
YEAR: 2020
LATITUDE: 32 37 N
LONGITUDE: 116 28 W
[TEMPERATURE DATA] [PRECIPITATION DATA] SYMBOLS USED IN COLUMN 16
AVERAGE MONTHLY: 71.8 TOTAL FOR MONTH: 0.00 1 = FOG OR MIST
DPTR FM NORMAL: -1.0 DPTR FM NORMAL: -0.32 2 = FOG REDUCING VISIBILITY
HIGHEST: 105 ON 31,12 GRTST 24HR 0.00 ON 31-31 TO 1/4 MILE OR LESS
LOWEST: 40 ON 23 3 = THUNDER
SNOW, ICE PELLETS, HAIL 4 = ICE PELLETS
TOTAL MONTH: 0.0 INCH 5 = HAIL
GRTST 24HR 0.0 6 = FREEZING RAIN OR DRIZZLE
GRTST DEPTH: 0 7 = DUSTSTORM OR SANDSTORM:
VSBY 1/2 MILE OR LESS
8 = SMOKE OR HAZE
[NO. OF DAYS WITH] [WEATHER - DAYS WITH] 9 = BLOWING SNOW
X = TORNADO
MAX 32 OR BELOW: 0 0.01 INCH OR MORE: 0
MAX 90 OR ABOVE: 25 0.10 INCH OR MORE: 0
MIN 32 OR BELOW: 0 0.50 INCH OR MORE: 0
MIN 0 OR BELOW: 0 1.00 INCH OR MORE: 0
[HDD (BASE 65) ]
TOTAL THIS MO. 2 CLEAR (SCALE 0-3) 31
DPTR FM NORMAL -5 PTCLDY (SCALE 4-7) 0
TOTAL FM JUL 1 2 CLOUDY (SCALE 8-10) 0
DPTR FM NORMAL -5
[CDD (BASE 65) ]
TOTAL THIS MO. 221
DPTR FM NORMAL -29 [PRESSURE DATA]
TOTAL FM JAN 1 343 HIGHEST SLP M ON M
DPTR FM NORMAL -29 LOWEST SLP 29.74 ON 21
[REMARKS]
#FINAL-07-20#