000
CXUS52 KMLB 010727
CF6DAB
PRELIMINARY LOCAL CLIMATOLOGICAL DATA (WS FORM: F-6)
STATION: DAYTONA BEACH
MONTH: FEBRUARY
YEAR: 2022
LATITUDE: 29 10 N
LONGITUDE: 81 3 W
TEMPERATURE IN F: :PCPN: SNOW: WIND :SUNSHINE: SKY :PK WND
================================================================================
1 2 3 4 5 6A 6B 7 8 9 10 11 12 13 14 15 16 17 18
12Z AVG MX 2MIN
DY MAX MIN AVG DEP HDD CDD WTR SNW DPTH SPD SPD DIR MIN PSBL S-S WX SPD DR
================================================================================
1 70 41 56 -4 9 0 0.00 0.0 0 3.6 14 50 M M 3 1 16 50
2 77 48 63 3 2 0 0.00 0.0 0 3.6 21 160 M M 3 1 26 150
3 80 54 67 7 0 2 0.00 0.0 0 6.6 18 160 M M 3 1 24 160
4 85 61 73 13 0 8 0.00 0.0 0 6.5 17 210 M M 3 12 25 220
5 70 53 62 2 3 0 0.32 0.0 0 10.5 21 20 M M 10 1 27 20
6 66 53 60 0 5 0 0.16 0.0 0 8.6 15 320 M M 10 1 19 320
7 60 49 55 -5 10 0 0.00 0.0 0 5.8 12 300 M M 9 1 15 300
8 54 50 52 -9 13 0 0.29 0.0 0 5.8 12 320 M M 10 1 16 330
9 63 43 53 -8 12 0 0.02 0.0 0 6.8 15 30 M M 4 1 20 30
10 68 39 54 -7 11 0 0.00 0.0 0 4.7 14 360 M M 1 1 17 20
11 73 47 60 -1 5 0 0.00 0.0 0 3.3 12 70 M M 3 1 15 60
12 79 55 67 6 0 2 0.00 0.0 0 3.2 13 40 M M 4 1 15 60
13 72 54 63 2 2 0 0.32 0.0 0 6.0 23 320 M M 7 18 32 300
14 59 41 50 -11 15 0 0.00 0.0 0 7.4 18 20 M M 1 23 320
15 72 40 56 -6 9 0 0.01 0.0 0 5.5 16 80 M M 7 22 80
16 75 58 67 5 0 2 T 0.0 0 7.9 17 90 M M 6 28 100
17 83 63 73 11 0 8 T 0.0 0 7.5 17 150 M M 5 1 24 160
18 85 69 77 15 0 12 T 0.0 0 8.8 21 250 M M 5 24 250
19 71 56 64 2 1 0 T 0.0 0 9.8 18 30 M M 5 22 20
20 74 45 60 -2 5 0 0.00 0.0 0 5.7 16 70 M M 2 22 70
21 77 55 66 4 0 1 0.00 0.0 0 4.0 15 90 M M 2 1 20 110
22 79 58 69 7 0 4 0.00 0.0 0 3.7 14 80 M M 1 1 20 90
23 83 61 72 10 0 7 0.00 0.0 0 3.8 15 80 M M 2 12 18 70
24 81 60 71 8 0 6 0.00 0.0 0 3.5 14 80 M M 2 1 19 80
25 87 61 74 11 0 9 0.00 0.0 0 3.6 13 230 M M 3 12 18 210
26 81 61 71 8 0 6 0.00 0.0 0 3.7 13 40 M M 1 1 16 50
27 83 58 71 8 0 6 0.00 0.0 0 3.4 13 70 M M 4 128 16 280
28 75 60 68 5 0 3 0.00 0.0 0 9.9 22 350 M M 7 1 28 350
================================================================================
SM 2082 1493 102 76 1.12 0.0 163.2 M 123
================================================================================
AV 74.4 53.3 5.8 FASTST M M 4 MAX(MPH)
MISC ----> 23 320 32 300
================================================================================
NOTES:
# LAST OF SEVERAL OCCURRENCES
COLUMN 17 PEAK WIND IN M.P.H.
PRELIMINARY LOCAL CLIMATOLOGICAL DATA (WS FORM: F-6) , PAGE 2
STATION: DAYTONA BEACH
MONTH: FEBRUARY
YEAR: 2022
LATITUDE: 29 10 N
LONGITUDE: 81 3 W
[TEMPERATURE DATA] [PRECIPITATION DATA] SYMBOLS USED IN COLUMN 16
AVERAGE MONTHLY: 63.8 TOTAL FOR MONTH: 1.12 1 = FOG OR MIST
DPTR FM NORMAL: 2.4 DPTR FM NORMAL: -1.22 2 = FOG REDUCING VISIBILITY
HIGHEST: 87 ON 25 GRTST 24HR 0.48 ON 5- 6 TO 1/4 MILE OR LESS
LOWEST: 39 ON 10 3 = THUNDER
SNOW, ICE PELLETS, HAIL 4 = ICE PELLETS
TOTAL MONTH: 0.0 INCH 5 = HAIL
GRTST 24HR 0.0 6 = FREEZING RAIN OR DRIZZLE
GRTST DEPTH: 0 7 = DUSTSTORM OR SANDSTORM:
VSBY 1/2 MILE OR LESS
8 = SMOKE OR HAZE
[NO. OF DAYS WITH] [WEATHER - DAYS WITH] 9 = BLOWING SNOW
X = TORNADO
MAX 32 OR BELOW: 0 0.01 INCH OR MORE: 6
MAX 90 OR ABOVE: 0 0.10 INCH OR MORE: 4
MIN 32 OR BELOW: 0 0.50 INCH OR MORE: 0
MIN 0 OR BELOW: 0 1.00 INCH OR MORE: 0
[HDD (BASE 65) ]
TOTAL THIS MO. 102 CLEAR (SCALE 0-3) 13
DPTR FM NORMAL -44 PTCLDY (SCALE 4-7) 11
TOTAL FM JUL 1 411 CLOUDY (SCALE 8-10) 4
DPTR FM NORMAL -190
[CDD (BASE 65) ]
TOTAL THIS MO. 76
DPTR FM NORMAL 31 [PRESSURE DATA]
TOTAL FM JAN 1 105 HIGHEST SLP M ON M
DPTR FM NORMAL 26 LOWEST SLP 29.97 ON 13
[REMARKS]
#FINAL-02-22#