000
CXUS52 KMLB 010736
CF6DAB
PRELIMINARY LOCAL CLIMATOLOGICAL DATA (WS FORM: F-6)
STATION: DAYTONA BEACH
MONTH: OCTOBER
YEAR: 2020
LATITUDE: 29 10 N
LONGITUDE: 81 3 W
TEMPERATURE IN F: :PCPN: SNOW: WIND :SUNSHINE: SKY :PK WND
================================================================================
1 2 3 4 5 6A 6B 7 8 9 10 11 12 13 14 15 16 17 18
12Z AVG MX 2MIN
DY MAX MIN AVG DEP HDD CDD WTR SNW DPTH SPD SPD DIR MIN PSBL S-S WX SPD DR
================================================================================
1 82 63 73 -5 0 8 0.00 0.0 0 5.4 13 40 M M 5 17 40
2 82 62 72 -5 0 7 0.00 0.0 0 6.5 16 30 M M 6 1 19 20
3 81 68 75 -2 0 10 1.23 0.0 0 7.3 22 10 M M 9 1 29 40
4 79 73 76 -1 0 11 0.06 0.0 0 8.6 17 20 M M 10 1 21 20
5 83 76 80 3 0 15 0.49 0.0 0 9.9 18 60 M M 9 1 23 50
6 88 75 82 5 0 17 T 0.0 0 5.4 15 60 M M 6 1 19 80
7 89 77 83 7 0 18 0.01 0.0 0 5.6 15 40 M M 5 1 18 40
8 88 76 82 6 0 17 0.00 0.0 0 4.5 13 50 M M 5 1 17 60
9 86 76 81 5 0 16 0.01 0.0 0 5.2 21 80 M M 6 1 26 70
10 86 74 80 4 0 15 0.27 0.0 0 3.8 14 150 M M 7 1 19 160
11 89 74 82 7 0 17 0.07 0.0 0 7.4 20 280 M M 4 13 26 280
12 89 70 80 5 0 15 0.00 0.0 0 6.8 15 240 M M 3 1 19 240
13 88 71 80 5 0 15 0.00 0.0 0 4.8 12 40 M M 1 1 16 30
14 87 70 79 4 0 14 0.00 0.0 0 4.9 15 50 M M 3 1 19 60
15 87 71 79 5 0 14 0.00 0.0 0 2.2 13 80 M M 2 1 16 90
16 89 70 80 6 0 15 0.00 0.0 0 4.0 14 30 M M 5 1 17 30
17 85 69 77 3 0 12 0.09 0.0 0 11.5 22 20 M M 6 1 31 10
18 85 73 79 5 0 14 0.07 0.0 0 14.7 25 60 M M 6 13 31 60
19 84 76 80 7 0 15 0.18 0.0 0 13.7 23 60 M M 7 13 29 50
20 85 77 81 8 0 16 0.05 0.0 0 10.0 16 80 M M 8 1 23 70
21 86 75 81 8 0 16 0.01 0.0 0 7.9 21 70 M M 8 24 70
22 86 73 80 8 0 15 0.03 0.0 0 6.9 24 80 M M 6 1 30 80
23 84 73 79 7 0 14 0.09 0.0 0 6.4 17 70 M M 7 1 22 90
24 85 72 79 7 0 14 T 0.0 0 3.9 14 70 M M 7 19 50
25 87 73 80 8 0 15 0.00 0.0 0 4.7 15 40 M M 4 1 18 30
26 85 71 78 7 0 13 0.00 0.0 0 6.4 15 60 M M 4 1 20 60
27 85 75 80 9 0 15 0.00 0.0 0 6.8 15 80 M M 4 20 80
28 86 76 81 10 0 16 0.00 0.0 0 6.5 13 120 M M 5 19 90
29 90 74 82 11 0 17 0.11 0.0 0 9.2 20 220 M M 4 1 29 220
30 77 63 70 0 0 5 0.01 0.0 0 8.7 17 260 M M 2 1 22 280
31 83 59 71 1 0 6 T 0.0 0 6.4 15 80 M M 4 24 150
================================================================================
SM 2646 2225 0 427 2.78 0.0 216.0 M 168
================================================================================
AV 85.4 71.8 7.0 FASTST M M 5 MAX(MPH)
MISC ----> 25 60 # 31 10
================================================================================
NOTES:
# LAST OF SEVERAL OCCURRENCES
COLUMN 17 PEAK WIND IN M.P.H.
PRELIMINARY LOCAL CLIMATOLOGICAL DATA (WS FORM: F-6) , PAGE 2
STATION: DAYTONA BEACH
MONTH: OCTOBER
YEAR: 2020
LATITUDE: 29 10 N
LONGITUDE: 81 3 W
[TEMPERATURE DATA] [PRECIPITATION DATA] SYMBOLS USED IN COLUMN 16
AVERAGE MONTHLY: 78.6 TOTAL FOR MONTH: 2.78 1 = FOG OR MIST
DPTR FM NORMAL: 4.6 DPTR FM NORMAL: -1.43 2 = FOG REDUCING VISIBILITY
HIGHEST: 90 ON 29 GRTST 24HR 1.29 ON 3- 4 TO 1/4 MILE OR LESS
LOWEST: 59 ON 31 3 = THUNDER
SNOW, ICE PELLETS, HAIL 4 = ICE PELLETS
TOTAL MONTH: 0.0 INCH 5 = HAIL
GRTST 24HR 0.0 6 = FREEZING RAIN OR DRIZZLE
GRTST DEPTH: 0 7 = DUSTSTORM OR SANDSTORM:
VSBY 1/2 MILE OR LESS
8 = SMOKE OR HAZE
[NO. OF DAYS WITH] [WEATHER - DAYS WITH] 9 = BLOWING SNOW
X = TORNADO
MAX 32 OR BELOW: 0 0.01 INCH OR MORE: 16
MAX 90 OR ABOVE: 1 0.10 INCH OR MORE: 5
MIN 32 OR BELOW: 0 0.50 INCH OR MORE: 1
MIN 0 OR BELOW: 0 1.00 INCH OR MORE: 1
[HDD (BASE 65) ]
TOTAL THIS MO. 0 CLEAR (SCALE 0-3) 5
DPTR FM NORMAL -8 PTCLDY (SCALE 4-7) 21
TOTAL FM JUL 1 0 CLOUDY (SCALE 8-10) 5
DPTR FM NORMAL -7
[CDD (BASE 65) ]
TOTAL THIS MO. 427
DPTR FM NORMAL 141 [PRESSURE DATA]
TOTAL FM JAN 1 3361 HIGHEST SLP M ON M
DPTR FM NORMAL 565 LOWEST SLP 29.80 ON 29
[REMARKS]
#FINAL-10-20#