000
CXUS52 KMLB 010624
CF6DAB
PRELIMINARY LOCAL CLIMATOLOGICAL DATA (WS FORM: F-6)
STATION: DAYTONA BEACH
MONTH: AUGUST
YEAR: 2023
LATITUDE: 29 10 N
LONGITUDE: 81 3 W
TEMPERATURE IN F: :PCPN: SNOW: WIND :SUNSHINE: SKY :PK WND
================================================================================
1 2 3 4 5 6A 6B 7 8 9 10 11 12 13 14 15 16 17 18
12Z AVG MX 2MIN
DY MAX MIN AVG DEP HDD CDD WTR SNW DPTH SPD SPD DIR MIN PSBL S-S WX SPD DR
================================================================================
1 92 73 83 1 0 18 0.00 0.0 0 4.0 13 60 M M 5 3 17 60
2 90 76 83 1 0 18 T 0.0 0 4.8 17 60 M M 6 1 22 70
3 90 77 84 2 0 19 0.00 0.0 0 4.8 13 80 M M 3 19 90
4 94 75 85 3 0 20 0.05 0.0 0 4.0 15 320 M M 5 13 21 320
5 95 76 86 4 0 21 0.00 0.0 0 4.7 16 220 M M 5 3 23 220
6 95 77 86 4 0 21 T 0.0 0 4.7 15 250 M M 5 3 20 220
7 98 79 89 7 0 24 0.00 0.0 0 5.1 13 320 M M 4 22 280
8 98 80 89 7 0 24 0.00 0.0 0 6.6 15 260 M M 4 3 21 260
9 98 79 89 7 0 24 T 0.0 0 4.7 17 330 M M 4 3 24 330
10 99 76 88 6 0 23 T 0.0 0 6.5 16 270 M M 4 13 23 270
11 96 78 87 5 0 22 0.12 0.0 0 4.6 13 60 M M 5 138 18 130
12 96 79 88 6 0 23 0.00 0.0 0 5.5 13 70 M M 4 3 20 60
13 94 78 86 4 0 21 0.00 0.0 0 4.4 13 100 M M 2 20 110
14 95 78 87 5 0 22 0.00 0.0 0 6.1 14 110 M M 5 3 23 140
15 97 78 88 6 0 23 0.01 0.0 0 6.7 17 10 M M 4 3 26 320
16 97 74 86 4 0 21 1.18 0.0 0 4.5 22 220 M M 6 13 34 220
17 93 76 85 3 0 20 0.93 0.0 0 5.1 30 260 M M 6 13 38 260
18 92 75 84 2 0 19 1.28 0.0 0 5.1 17 150 M M 5 138 26 160
19 90 74 82 0 0 17 0.00 0.0 0 4.1 14 100 M M 3 21 70
20 89 80 85 3 0 20 0.00 0.0 0 6.4 16 80 M M 4 3 27 90
21 90 79 85 3 0 20 0.00 0.0 0 7.9 16 60 M M 2 23 70
22 90 76 83 1 0 18 0.00 0.0 0 4.2 13 60 M M 2 1 21 60
23 93 77 85 3 0 20 0.01 0.0 0 7.8 22 60 M M 4 13 26 60
24 90 79 85 3 0 20 T 0.0 0 10.4 18 50 M M 4 18 26 60
25 91 75 83 1 0 18 0.00 0.0 0 5.8 14 70 M M 4 20 70
26 90 76 83 1 0 18 0.00 0.0 0 6.2 15 70 M M 2 25 60
27 91 75 83 1 0 18 0.15 0.0 0 4.7 18 70 M M 4 27 80
28 93 79 86 4 0 21 T 0.0 0 4.8 15 70 M M 5 3 21 110
29 92 76 84 2 0 19 0.75 0.0 0 5.2 24 200 M M 8 138 37 210
30 86 79 83 2 0 18 1.18 0.0 0 13.8 28 210 M M 9 1 45 210
31 91 77 84 3 0 19 0.04 0.0 0 4.6 14 60 M M 6 19 20
================================================================================
SM 2885 2386 0 629 5.70 0.0 177.8 M 139
================================================================================
AV 93.1 77.0 5.7 FASTST M M 4 MAX(MPH)
MISC ----> 30 260 45 210
================================================================================
NOTES:
# LAST OF SEVERAL OCCURRENCES
COLUMN 17 PEAK WIND IN M.P.H.
PRELIMINARY LOCAL CLIMATOLOGICAL DATA (WS FORM: F-6) , PAGE 2
STATION: DAYTONA BEACH
MONTH: AUGUST
YEAR: 2023
LATITUDE: 29 10 N
LONGITUDE: 81 3 W
[TEMPERATURE DATA] [PRECIPITATION DATA] SYMBOLS USED IN COLUMN 16
AVERAGE MONTHLY: 85.0 TOTAL FOR MONTH: 5.70 1 = FOG OR MIST
DPTR FM NORMAL: 3.1 DPTR FM NORMAL: -0.88 2 = FOG REDUCING VISIBILITY
HIGHEST: 99 ON 10 GRTST 24HR 2.19 ON 17-18 TO 1/4 MILE OR LESS
LOWEST: 73 ON 1 3 = THUNDER
SNOW, ICE PELLETS, HAIL 4 = ICE PELLETS
TOTAL MONTH: 0.0 INCH 5 = HAIL
GRTST 24HR 0.0 6 = FREEZING RAIN OR DRIZZLE
GRTST DEPTH: 0 7 = DUSTSTORM OR SANDSTORM:
VSBY 1/2 MILE OR LESS
8 = SMOKE OR HAZE
[NO. OF DAYS WITH] [WEATHER - DAYS WITH] 9 = BLOWING SNOW
X = TORNADO
MAX 32 OR BELOW: 0 0.01 INCH OR MORE: 11
MAX 90 OR ABOVE: 29 0.10 INCH OR MORE: 7
MIN 32 OR BELOW: 0 0.50 INCH OR MORE: 5
MIN 0 OR BELOW: 0 1.00 INCH OR MORE: 3
[HDD (BASE 65) ]
TOTAL THIS MO. 0 CLEAR (SCALE 0-3) 5
DPTR FM NORMAL 0 PTCLDY (SCALE 4-7) 25
TOTAL FM JUL 1 0 CLOUDY (SCALE 8-10) 1
DPTR FM NORMAL 0
[CDD (BASE 65) ]
TOTAL THIS MO. 629
DPTR FM NORMAL 104 [PRESSURE DATA]
TOTAL FM JAN 1 2694 HIGHEST SLP M ON M
DPTR FM NORMAL 520 LOWEST SLP 29.61 ON 30
[REMARKS]
#FINAL-08-23#