000
CXUS55 KVEF 030944
CF6DAG
PRELIMINARY LOCAL CLIMATOLOGICAL DATA (WS FORM: F-6)
STATION: BARSTOW-DAGGETT CA
MONTH: MARCH
YEAR: 2024
LATITUDE: 34 51 N
LONGITUDE: 116 47 W
TEMPERATURE IN F: :PCPN: SNOW: WIND :SUNSHINE: SKY :PK WND
================================================================================
1 2 3 4 5 6A 6B 7 8 9 10 11 12 13 14 15 16 17 18
12Z AVG MX 2MIN
DY MAX MIN AVG DEP HDD CDD WTR SNW DPTH SPD SPD DIR MIN PSBL S-S WX SPD DR
================================================================================
1 68 45 57 1 8 0 0.00 0.0 0 15.5 30 250 M M 0 39 250
2 66 50 58 2 7 0 0.00 0.0 0 28.1 47 230 M M 1 67 230
3 64 50 57 1 8 0 0.00 0.0 0 30.2 43 280 M M 1 57 280
4 66 48 57 1 8 0 0.00 0.0 0 27.4 39 270 M M 0 50 280
5 71 43 57 0 8 0 0.00 0.0 0 12.6 20 280 M M 0 28 290
6 66 43 55 -2 10 0 T 0.0 0 13.8 23 260 M M 4 30 310
7 66 46 56 -1 9 0 0.07 0.0 0 11.5 22 280 M M 7 30 290
8 67 42 55 -2 10 0 0.00 0.0 0 8.4 16 20 M M 0 24 10
9 68 39 54 -4 11 0 0.00 0.0 0 7.2 16 270 M M 0 20 270
10 70 38 54 -4 11 0 0.00 0.0 0 4.7 15 270 M M 0 19 270
11 71 46 59 1 6 0 0.00 0.0 0 14.3 26 280 M M 0 33 290
12 72 52 62 4 3 0 0.00 0.0 0 23.5 43 270 M M 1 55 250
13 69 50 60 1 5 0 0.00 0.0 0 13.7 35 260 M M 0 43 260
14 62 43 53 -6 12 0 T 0.0 0 12.0 26 20 M M 5 41 360
15 54 45 50 -9 15 0 0.16 0.0 0 8.6 20 10 M M 10 27 360
16 57 44 51 -8 14 0 0.13 0.0 0 6.3 13 240 M M 7 15 280
17 67 45 56 -3 9 0 0.00 0.0 0 5.4 12 60 M M 3 17 120
18 72 46 59 -1 6 0 T 0.0 0 7.9 21 50 M M 2 30 70
19 74 49 62 2 3 0 0.00 0.0 0 7.8 14 270 M M 2 18 270
20 79 50 65 5 0 0 0.00 0.0 0 10.1 20 260 M M 0 25 270
21 80 50 65 5 0 0 0.00 0.0 0 14.2 23 260 M M 0 33 280
22 79 50 65 5 0 0 0.00 0.0 0 9.6 20 240 M M 0 27 240
23 69 48 59 -2 6 0 T 0.0 0 23.1 38 260 M M 2 52 250
24 59 47 53 -8 12 0 0.00 0.0 0 26.8 39 260 M M 2 48 250
25 68 41 55 -6 10 0 0.00 0.0 0 17.2 31 270 M M 0 39 270
26 70 51 61 0 4 0 0.00 0.0 0 17.1 28 280 M M 0 36 270
27 78 44 61 0 4 0 0.00 0.0 0 8.3 18 230 M M 0 24 250
28 75 48 62 0 3 0 0.00 0.0 0 16.7 29 270 M M 0 38 260
29 69 46 58 -4 7 0 0.00 0.0 0 14.1 36 230 M M 1 48 220
30 57 41 49 -13 16 0 0.31 0.0 0 6.7 31 290 M M 5 1 41 280
31 60 37 49 -13 16 0 T 0.0 0 4.6 16 320 M M 4 3 20 320
================================================================================
SM 2113 1417 241 0 0.67 0.0 427.4 M 57
================================================================================
AV 68.2 45.7 13.8 FASTST M M 2 MAX(MPH)
MISC ----> 47 230 67 230
================================================================================
NOTES:
# LAST OF SEVERAL OCCURRENCES
COLUMN 17 PEAK WIND IN M.P.H.
PRELIMINARY LOCAL CLIMATOLOGICAL DATA (WS FORM: F-6) , PAGE 2
STATION: BARSTOW-DAGGETT CA
MONTH: MARCH
YEAR: 2024
LATITUDE: 34 51 N
LONGITUDE: 116 47 W
[TEMPERATURE DATA] [PRECIPITATION DATA] SYMBOLS USED IN COLUMN 16
AVERAGE MONTHLY: 56.9 TOTAL FOR MONTH: 0.67 1 = FOG OR MIST
DPTR FM NORMAL: -2.2 DPTR FM NORMAL: 0.24 2 = FOG REDUCING VISIBILITY
HIGHEST: 80 ON 21 GRTST 24HR 0.31 ON 30-30 TO 1/4 MILE OR LESS
LOWEST: 37 ON 31 3 = THUNDER
SNOW, ICE PELLETS, HAIL 4 = ICE PELLETS
TOTAL MONTH: 0.0 INCH 5 = HAIL
GRTST 24HR 0.0 6 = FREEZING RAIN OR DRIZZLE
GRTST DEPTH: 0 7 = DUSTSTORM OR SANDSTORM:
VSBY 1/2 MILE OR LESS
8 = SMOKE OR HAZE
[NO. OF DAYS WITH] [WEATHER - DAYS WITH] 9 = BLOWING SNOW
X = TORNADO
MAX 32 OR BELOW: 0 0.01 INCH OR MORE: 4
MAX 90 OR ABOVE: 0 0.10 INCH OR MORE: 3
MIN 32 OR BELOW: 0 0.50 INCH OR MORE: 0
MIN 0 OR BELOW: 0 1.00 INCH OR MORE: 0
[HDD (BASE 65) ]
TOTAL THIS MO. 241 CLEAR (SCALE 0-3) 24
DPTR FM NORMAL 37 PTCLDY (SCALE 4-7) 6
TOTAL FM JUL 1 1776 CLOUDY (SCALE 8-10) 1
DPTR FM NORMAL -141
[CDD (BASE 65) ]
TOTAL THIS MO. 0
DPTR FM NORMAL -21 [PRESSURE DATA]
TOTAL FM JAN 1 0 HIGHEST SLP 30.17 ON 9
DPTR FM NORMAL -22 LOWEST SLP 29.59 ON 24
[REMARKS]
#FINAL-03-24#