000
CXUS54 KFWD 010830
CF6DAL
PRELIMINARY LOCAL CLIMATOLOGICAL DATA (WS FORM: F-6)
STATION: DALLAS LOVE FIELD
MONTH: NOVEMBER
YEAR: 2021
LATITUDE: 32 50 N
LONGITUDE: 96 51 W
TEMPERATURE IN F: :PCPN: SNOW: WIND :SUNSHINE: SKY :PK WND
================================================================================
1 2 3 4 5 6A 6B 7 8 9 10 11 12 13 14 15 16 17 18
12Z AVG MX 2MIN
DY MAX MIN AVG DEP HDD CDD WTR SNW DPTH SPD SPD DIR MIN PSBL S-S WX SPD DR
================================================================================
1 78 54 66 3 0 1 0.00 0.0 0 5.0 15 160 M M 4 22 140
2 61 48 55 -7 10 0 0.79 0.0 0 7.0 12 10 M M 9 1 30 250
3 49 45 47 -15 18 0 0.82 0.0 0 6.9 17 110 M M 10 13 31 260
4 59 44 52 -10 13 0 0.00 0.0 0 3.2 9 60 M M 6 14 60
5 61 39 50 -11 15 0 0.00 0.0 0 3.4 10 200 M M 1 15 160
6 66 40 53 -8 12 0 0.00 0.0 0 3.8 9 130 M M 0 13 160
7 72 43 58 -3 7 0 0.00 0.0 0 7.6 15 160 M M 0 23 160
8 71 50 61 1 4 0 0.00 0.0 0 8.8 17 180 M M 3 1 24 180
9 74 57 66 6 0 1 0.00 0.0 0 8.3 16 180 M M 6 1 24 180
10 76 57 67 7 0 2 1.36 0.0 0 11.6 29 290 M M 8 13 43 300
11 66 46 56 -3 9 0 0.00 0.0 0 8.0 18 330 M M 2 31 20
12 69 43 56 -3 9 0 0.00 0.0 0 7.1 24 320 M M 1 36 330
13 63 37 50 -8 15 0 0.00 0.0 0 4.5 12 170 M M 3 20 170
14 70 43 57 -1 8 0 0.00 0.0 0 3.6 12 180 M M 3 24 220
15 81 45 63 5 2 0 0.00 0.0 0 5.0 13 180 M M 2 22 180
16 79 61 70 12 0 5 0.00 0.0 0 12.8 25 180 M M 3 38 170
17 82 54 68 11 0 3 0.00 0.0 0 13.0 22 350 M M 6 36 360
18 61 46 54 -3 11 0 0.00 0.0 0 10.6 23 10 M M 4 32 20
19 60 38 49 -7 16 0 0.00 0.0 0 6.2 14 140 M M 2 21 110
20 72 47 60 4 5 0 0.00 0.0 0 11.1 21 180 M M 3 39 170
21 70 49 60 4 5 0 0.00 0.0 0 10.6 22 330 M M 10 33 40
22 65 41 53 -3 12 0 0.00 0.0 0 4.8 12 310 M M 2 23 20
23 70 42 56 1 9 0 0.00 0.0 0 8.7 18 160 M M 2 28 150
24 76 54 65 10 0 0 0.00 0.0 0 11.8 23 210 M M 7 37 220
25 69 42 56 1 9 0 0.03 0.0 0 11.9 24 340 M M 5 1 37 20
26 55 34 45 -9 20 0 0.00 0.0 0 4.1 10 180 M M 7 17 180
27 58 44 51 -3 14 0 0.36 0.0 0 5.8 10 160 M M 9 1 15 170
28 65 46 56 2 9 0 0.00 0.0 0 6.5 13 350 M M 3 1 30 30
29 73 39 56 3 9 0 0.00 0.0 0 4.7 12 160 M M 0 20 170
30 77 46 62 9 3 0 0.00 0.0 0 7.0 15 180 M M 4 22 180
================================================================================
SM 2048 1374 244 12 3.36 0.0 223.4 M 125
================================================================================
AV 68.3 45.8 7.4 FASTST M M 4 MAX(MPH)
MISC ----> 29 290 43 300
================================================================================
NOTES:
# LAST OF SEVERAL OCCURRENCES
COLUMN 17 PEAK WIND IN M.P.H.
PRELIMINARY LOCAL CLIMATOLOGICAL DATA (WS FORM: F-6) , PAGE 2
STATION: DALLAS LOVE FIELD
MONTH: NOVEMBER
YEAR: 2021
LATITUDE: 32 50 N
LONGITUDE: 96 51 W
[TEMPERATURE DATA] [PRECIPITATION DATA] SYMBOLS USED IN COLUMN 16
AVERAGE MONTHLY: 57.0 TOTAL FOR MONTH: 3.36 1 = FOG OR MIST
DPTR FM NORMAL: -0.8 DPTR FM NORMAL: 0.43 2 = FOG REDUCING VISIBILITY
HIGHEST: 82 ON 17 GRTST 24HR 1.61 ON 2- 3 TO 1/4 MILE OR LESS
LOWEST: 34 ON 26 3 = THUNDER
SNOW, ICE PELLETS, HAIL 4 = ICE PELLETS
TOTAL MONTH: 0.0 INCH 5 = HAIL
GRTST 24HR 0.0 6 = FREEZING RAIN OR DRIZZLE
GRTST DEPTH: 0 7 = DUSTSTORM OR SANDSTORM:
VSBY 1/2 MILE OR LESS
8 = SMOKE OR HAZE
[NO. OF DAYS WITH] [WEATHER - DAYS WITH] 9 = BLOWING SNOW
X = TORNADO
MAX 32 OR BELOW: 0 0.01 INCH OR MORE: 5
MAX 90 OR ABOVE: 0 0.10 INCH OR MORE: 4
MIN 32 OR BELOW: 0 0.50 INCH OR MORE: 3
MIN 0 OR BELOW: 0 1.00 INCH OR MORE: 1
[HDD (BASE 65) ]
TOTAL THIS MO. 244 CLEAR (SCALE 0-3) 15
DPTR FM NORMAL -6 PTCLDY (SCALE 4-7) 10
TOTAL FM JUL 1 267 CLOUDY (SCALE 8-10) 5
DPTR FM NORMAL -40
[CDD (BASE 65) ]
TOTAL THIS MO. 12
DPTR FM NORMAL -22 [PRESSURE DATA]
TOTAL FM JAN 1 2987 HIGHEST SLP 30.50 ON 18
DPTR FM NORMAL -133 LOWEST SLP 29.75 ON 10
[REMARKS]
#FINAL-11-21#