000
CXUS51 KRNK 010816
CF6DAN
PRELIMINARY LOCAL CLIMATOLOGICAL DATA (WS FORM: F-6)
STATION: DANVILLE VA
MONTH: MAY
YEAR: 2022
LATITUDE: 36 34 N
LONGITUDE: 79 20 W
TEMPERATURE IN F: :PCPN: SNOW: WIND :SUNSHINE: SKY :PK WND
================================================================================
1 2 3 4 5 6A 6B 7 8 9 10 11 12 13 14 15 16 17 18
12Z AVG MX 2MIN
DY MAX MIN AVG DEP HDD CDD WTR SNW DPTH SPD SPD DIR MIN PSBL S-S WX SPD DR
================================================================================
1 78 52 65 3 0 0 0.83 0.0 0 2.8 13 240 M M 8 123 17 120
2 83 57 70 8 0 5 T 0.0 0 4.3 17 230 M M 3 12 24 210
3 85 52 69 6 0 4 0.11 0.0 0 3.5 10 200 M M 1 123 18 180
4 86 65 76 13 0 11 0.32 0.0 0 6.9 17 300 M M 2 13 23 240
5 75 59 67 4 0 2 0.00 0.0 0 4.6 15 40 M M 2 18 30
6 72 57 65 2 0 0 1.37 0.0 0 2.8 23 280 M M 8 13 32 270
7 65 49 57 -7 8 0 0.12 0.0 0 9.4 21 30 M M 7 1 27 30
8 53 47 50 -14 15 0 0.00 0.0 0 10.7 20 30 M M 10 26 30
9 70 41 56 -8 9 0 0.00 0.0 0 7.1 18 40 M M 0 23 40
10 76 40 58 -6 7 0 0.00 0.0 0 9.2 21 50 M M 0 30 30
11 78 49 64 -1 1 0 0.00 0.0 0 9.9 20 40 M M 1 27 60
12 71 58 65 0 0 0 T 0.0 0 10.5 20 50 M M 8 1 26 60
13 76 60 68 3 0 3 T 0.0 0 5.3 12 50 M M 6 1 15 110
14 75 59 67 2 0 2 0.08 0.0 0 2.0 8 360 M M 6 1 11 340
15 83 57 70 4 0 5 0.42 0.0 0 2.8 21 260 M M 5 123 26 250
16 81 55 68 2 0 3 0.43 0.0 0 4.6 20 330 M M 4 13 31 240
17 81 50 66 0 0 1 0.00 0.0 0 5.7 15 260 M M 0 20 270
18 83 53 68 2 0 3 0.00 0.0 0 3.7 12 220 M M 0 17 180
19 87 64 76 9 0 11 T 0.0 0 5.1 17 360 M M 2 3 22 350
20 91 63 77 10 0 12 0.00 0.0 0 6.2 20 230 M M 0 1 27 230
21 90 64 77 10 0 12 T 0.0 0 4.0 20 200 M M 1 3 30 220
22 87 65 76 8 0 11 0.01 0.0 0 6.0 21 310 M M 5 27 300
23 76 58 67 -1 0 2 1.09 0.0 0 7.8 17 60 M M 7 1 23 60
24 63 58 61 -7 4 0 0.28 0.0 0 8.9 17 60 M M 10 1 21 50
25 66 57 62 -6 3 0 0.00 0.0 0 5.8 13 50 M M 10 17 50
26 75 59 67 -2 0 2 0.00 0.0 0 3.7 8 50 M M 9 1 12 180
27 80 63 72 3 0 7 1.02 0.0 0 4.5 16 230 M M 8 13 22 230
28 81 57 69 0 0 4 0.04 0.0 0 4.1 10 270 M M 4 12 16 290
29 85 56 71 2 0 6 0.00 0.0 0 1.2 7 60 M M 1 10 140
30 88 59 74 4 0 9 0.00 0.0 0 1.7 8 230 M M 1 1 12 230
31 91 62 77 7 0 12 0.00 0.0 0 2.8 10 270 M M 0 1 14 280
================================================================================
SM 2431 1745 47 127 6.12 0.0 167.6 M 129
================================================================================
AV 78.4 56.3 5.4 FASTST M M 4 MAX(MPH)
MISC ----> 23 280 32 270
================================================================================
NOTES:
# LAST OF SEVERAL OCCURRENCES
COLUMN 17 PEAK WIND IN M.P.H.
PRELIMINARY LOCAL CLIMATOLOGICAL DATA (WS FORM: F-6) , PAGE 2
STATION: DANVILLE VA
MONTH: MAY
YEAR: 2022
LATITUDE: 36 34 N
LONGITUDE: 79 20 W
[TEMPERATURE DATA] [PRECIPITATION DATA] SYMBOLS USED IN COLUMN 16
AVERAGE MONTHLY: 67.4 TOTAL FOR MONTH: 6.12 1 = FOG OR MIST
DPTR FM NORMAL: 1.4 DPTR FM NORMAL: 1.99 2 = FOG REDUCING VISIBILITY
HIGHEST: 91 ON 31,20 GRTST 24HR 1.37 ON 6- 6 TO 1/4 MILE OR LESS
LOWEST: 40 ON 10 3 = THUNDER
SNOW, ICE PELLETS, HAIL 4 = ICE PELLETS
TOTAL MONTH: 0.0 INCH 5 = HAIL
GRTST 24HR 0.0 6 = FREEZING RAIN OR DRIZZLE
GRTST DEPTH: 0 7 = DUSTSTORM OR SANDSTORM:
VSBY 1/2 MILE OR LESS
8 = SMOKE OR HAZE
[NO. OF DAYS WITH] [WEATHER - DAYS WITH] 9 = BLOWING SNOW
X = TORNADO
MAX 32 OR BELOW: 0 0.01 INCH OR MORE: 13
MAX 90 OR ABOVE: 3 0.10 INCH OR MORE: 10
MIN 32 OR BELOW: 0 0.50 INCH OR MORE: 4
MIN 0 OR BELOW: 0 1.00 INCH OR MORE: 3
[HDD (BASE 65) ]
TOTAL THIS MO. 47 CLEAR (SCALE 0-3) 15
DPTR FM NORMAL -30 PTCLDY (SCALE 4-7) 11
TOTAL FM JUL 1 3320 CLOUDY (SCALE 8-10) 5
DPTR FM NORMAL -484
[CDD (BASE 65) ]
TOTAL THIS MO. 127
DPTR FM NORMAL 19 [PRESSURE DATA]
TOTAL FM JAN 1 179 HIGHEST SLP 30.30 ON 25
DPTR FM NORMAL 36 LOWEST SLP 29.47 ON 6
[REMARKS]
#FINAL-05-22#