000
CXUS51 KRNK 152055
CLSDAN
CLIMATE REPORT...CORRECTED
NATIONAL WEATHER SERVICE BLACKSBURG, VA
454 PM EST THU APR 15 2021
...................................
...THE DANVILLE VA CLIMATE SUMMARY FOR THE SEASON, FROM
12/1/2020 TO 2/28/2021...
CLIMATE NORMAL PERIOD: 1981 TO 2010
CLIMATE RECORD PERIOD: 1916 TO 2021
WEATHER OBSERVED NORMAL DEPART LAST YEAR`S
VALUE DATE(S) VALUE FROM VALUE
NORMAL
..............................................................
TEMPERATURE (F)
RECORD
HIGH 85 02/27/1977
LOW -5 01/21/1985
HIGHEST 70 02/24 74
LOWEST 18 02/21 18
01/30
AVG. MAXIMUM 49.6 48.7 0.9 54.1
AVG. MINIMUM 29.9 30.4 -0.5 32.9
MEAN 39.8 39.5 0.3 43.5
DAYS MAX >= 90 0 0.0 0.0 0
DAYS MAX <= 32 0 4.7 -4.7 0
DAYS MIN <= 32 63 55.6 7.4 47
DAYS MIN <= 0 0 0.0 0.0 0
PRECIPITATION (INCHES)
RECORD
MAXIMUM 18.47 1997
MINIMUM 5.01 2011
TOTALS 12.44 9.70 2.74 13.34
DAYS >= .01 33 28.9 4.1 34
DAYS >= .10 24 18.5 5.5 27
DAYS >= .50 9 7.5 1.5 8
DAYS >= 1.00 4 2.3 1.7 3
GREATEST
24 HR. TOTAL 1.73 3.18
SNOWFALL (INCHES)
TOTALS 5.8 1.6
DAYS >= TRACE 12 3
DAYS >= 1.0 1 1
GREATEST
24 HR TOTAL 3.8 1.6
DEGREE DAYS
HEATING TOTAL 2249 2293 -44 1939
COOLING TOTAL 0 0 0 0
..............................................................
WIND (MPH)
AVERAGE WIND SPEED 5.6
RESULTANT WIND SPEED/DIRECTION 2/310
HIGHEST WIND SPEED/DIRECTION 25/320 DATE 12/22
HIGHEST GUST SPEED/DIRECTION 35/330 DATE 12/22
SKY COVER
AVERAGE SKY COVER 0.44
AVERAGE RH (PERCENT) 67
WEATHER CONDITIONS. NUMBER OF DAYS WITH
THUNDERSTORM 0 MIXED PRECIP 0
HEAVY RAIN 6 RAIN 17
LIGHT RAIN 39 FREEZING RAIN 3
LT FREEZING RAIN 6 HAIL 0
HEAVY SNOW 0 SNOW 0
LIGHT SNOW 9 SLEET 6
FOG 41 FOG W/VIS <= 1/4 MILE 5
HAZE 0
- INDICATES NEGATIVE NUMBERS.
R INDICATES RECORD WAS SET OR TIED.
MM INDICATES DATA IS MISSING.
T INDICATES TRACE AMOUNT.
$$
PW