000
CXUS51 KILN 011935
CLMDAY
CLIMATE REPORT
NATIONAL WEATHER SERVICE WILMINGTON OH
235 PM EST FRI DEC 01 2023
...................................
...THE DAYTON OH CLIMATE SUMMARY FOR THE MONTH OF NOVEMBER 2023...
CLIMATE NORMAL PERIOD: 1991 TO 2020
CLIMATE RECORD PERIOD: 1869 TO 2023
WEATHER OBSERVED NORMAL DEPART LAST YEAR`S
VALUE DATE(S) VALUE FROM VALUE DATE(S)
NORMAL
................................................................
TEMPERATURE (F)
RECORD
HIGH 80 11/08/2020
LOW -2 11/30/1958
HIGHEST 77 11/08 51 26 75 11/05
LOWEST 17 11/28 34 -17 13 11/20
AVG. MAXIMUM 55.1 52.7 2.4 54.5
AVG. MINIMUM 34.2 35.4 -1.2 36.3
MEAN 44.7 44.1 0.6 45.4
DAYS MAX >= 90 0 0.0 0.0 0
DAYS MAX <= 32 1 1.1 -0.1 2
DAYS MIN <= 32 11 13.8 -2.8 14
DAYS MIN <= 0 0 0.0 0.0 0
PRECIPITATION (INCHES)
TOTALS 1.56 3.07 -1.51 1.91
DAILY AVG. 0.05 0.10 -0.05 0.06
DAYS >= .01 5 9.9 -4.9 8
DAYS >= .10 4 5.8 -1.8 4
DAYS >= .50 1 1.9 -0.9 1
DAYS >= 1.00 0 0.8 -0.8 0
GREATEST
24 HR. TOTAL 0.76 11/17 TO 11/17 0.79 11/27 TO 11/27
SNOWFALL (INCHES)
TOTALS T 0.8 -0.8 2.4
SINCE 7/1 T 1.0 -1.0 2.4
DAYS >= TRACE 1 1.2 -0.2 7
DAYS >= 1.0 0 0.3 -0.3 1
GREATEST
24 HR TOTAL T 11/26 TO 11/26 1.9 11/12 TO 11/12
11/28 TO 11/28
DEGREE DAYS
HEATING TOTAL 604 629 -25 584
SINCE 7/1 906 990 -84 958
COOLING TOTAL 0 1 -1 4
SINCE 1/1 1018 1153 -135 1230
................................................................
WIND (MPH)
AVERAGE WIND SPEED 9.8
RESULTANT WIND SPEED/DIRECTION 4/230
HIGHEST WIND SPEED/DIRECTION 32/270 DATE 11/27
HIGHEST GUST SPEED/DIRECTION 38/280 DATE 11/27
SKY COVER
AVERAGE SKY COVER 0.50
AVERAGE RH (PERCENT) 59
WEATHER CONDITIONS. NUMBER OF DAYS WITH
THUNDERSTORM 1 MIXED PRECIP 0
HEAVY RAIN 2 RAIN 4
LIGHT RAIN 9 FREEZING RAIN 0
LT FREEZING RAIN 0 HAIL 0
HEAVY SNOW 0 SNOW 0
LIGHT SNOW 2 SLEET 0
FOG 8 FOG W/VIS <= 1/4 MILE 0
HAZE 4
- INDICATES NEGATIVE NUMBERS.
R INDICATES RECORD WAS SET OR TIED.
MM INDICATES DATA IS MISSING.
T INDICATES TRACE AMOUNT.
$$