000
CXUS55 KDVN 011003
CF6DBQ
PRELIMINARY LOCAL CLIMATOLOGICAL DATA (WS FORM: F-6)
STATION: DUBUQUE IA
MONTH: MARCH
YEAR: 2021
LATITUDE: 42 24 N
LONGITUDE: 90 42 W
TEMPERATURE IN F: :PCPN: SNOW: WIND :SUNSHINE: SKY :PK WND
================================================================================
1 2 3 4 5 6A 6B 7 8 9 10 11 12 13 14 15 16 17 18
12Z AVG MX 2MIN
DY MAX MIN AVG DEP HDD CDD WTR SNW DPTH SPD SPD DIR MIN PSBL S-S WX SPD DR
================================================================================
1 30 12 21 -8 44 0 0.00 0.0 8 7.7 17 350 M M 2 8 21 350
2 37 11 24 -5 41 0 0.00 0.0 8 12.1 23 200 M M 0 18 29 200
3 47 25 36 6 29 0 0.00 0.0 7 3.9 13 200 M M 0 15 210
4 40 26 33 3 32 0 0.00 0.0 4 8.7 15 70 M M 3 18 21 90
5 39 17 28 -3 37 0 0.00 0.0 4 2.8 8 240 M M 6 9 230
6 45 26 36 5 29 0 0.00 0.0 3 3.7 8 120 M M 2 11 120
7 47 29 38 7 27 0 0.00 0.0 3 12.1 21 150 M M 1 27 160
8 57 36 47 15 18 0 0.00 0.0 1 6.7 13 250 M M 2 16 200
9 64 41 53 21 12 0 0.00 0.0 T 14.1 26 170 M M 1 37 170
10 65 43 54 21 11 0 0.19 0.0 0 21.1 32 190 M M 7 1 41 190
11 50 34 42 9 23 0 0.00 0.0 0 15.1 28 250 M M 4 37 250
12 50 32 41 7 24 0 0.00 0.0 0 6.4 16 10 M M 0 23 360
13 58 29 44 10 21 0 0.00 0.0 0 3.6 12 170 M M 0 14 180
14 48 33 41 7 24 0 0.00 0.0 0 13.8 25 70 M M 0 38 90
15 35 28 32 -3 33 0 0.57 3.8 T 16.7 33 90 M M 10 126 47 110
16 35 30 33 -2 32 0 0.00 0.0 3 5.6 12 50 M M 10 12 14 60
17 34 32 33 -3 32 0 0.08 0.0 3 13.0 24 20 M M 10 12 33 40
18 47 33 40 4 25 0 0.00 0.0 2 20.5 32 40 M M 3 44 20
19 50 25 38 1 27 0 0.00 0.0 0 8.0 16 40 M M 0 22 60
20 56 27 42 5 23 0 0.00 0.0 0 12.4 20 160 M M 0 25 160
21 64 36 50 12 15 0 0.00 0.0 0 19.0 31 170 M M 0 42 160
22 57 44 51 13 14 0 0.01 0.0 0 9.2 18 170 M M 7 8 25 180
23 54 46 50 12 15 0 0.56 0.0 0 13.0 24 170 M M 7 1 33 150
24 50 40 45 6 20 0 0.04 0.0 0 18.2 35 230 M M 10 1 46 230
25 46 38 42 3 23 0 0.18 0.0 0 8.2 16 60 M M 10 1 22 30
26 46 36 41 1 24 0 0.00 0.0 0 4.8 13 10 M M 10 1 16 10
27 54 38 46 6 19 0 0.25 0.0 0 14.0 29 320 M M 10 1 39 310
28 43 27 35 -6 30 0 0.00 0.0 0 15.0 29 320 M M 4 42 290
29 68 30 49 8 16 0 0.00 0.0 0 25.3 41 180 M M 2 59 190
30 53 34 44 2 21 0 0.00 0.0 0 17.9 28 190 M M 2 36 180
31 36 26 31 -11 34 0 0.00 0.0 0 15.7 26 300 M M 5 34 290
================================================================================
SM 1505 964 775 0 1.88 3.8 368.3 M 128
================================================================================
AV 48.5 31.1 11.9 FASTST M M 4 MAX(MPH)
MISC ----> 41 180 59 190
================================================================================
NOTES:
# LAST OF SEVERAL OCCURRENCES
COLUMN 17 PEAK WIND IN M.P.H.
PRELIMINARY LOCAL CLIMATOLOGICAL DATA (WS FORM: F-6) , PAGE 2
STATION: DUBUQUE IA
MONTH: MARCH
YEAR: 2021
LATITUDE: 42 24 N
LONGITUDE: 90 42 W
[TEMPERATURE DATA] [PRECIPITATION DATA] SYMBOLS USED IN COLUMN 16
AVERAGE MONTHLY: 39.8 TOTAL FOR MONTH: 1.88 1 = FOG OR MIST
DPTR FM NORMAL: 4.4 DPTR FM NORMAL: -0.53 2 = FOG REDUCING VISIBILITY
HIGHEST: 68 ON 29 GRTST 24HR 0.57 ON 15-15 TO 1/4 MILE OR LESS
LOWEST: 11 ON 2 3 = THUNDER
SNOW, ICE PELLETS, HAIL 4 = ICE PELLETS
TOTAL MONTH: 3.8 INCHES 5 = HAIL
GRTST 24HR 3.8 ON 15-15 6 = FREEZING RAIN OR DRIZZLE
GRTST DEPTH: 9 ON M 7 = DUSTSTORM OR SANDSTORM:
VSBY 1/2 MILE OR LESS
8 = SMOKE OR HAZE
[NO. OF DAYS WITH] [WEATHER - DAYS WITH] 9 = BLOWING SNOW
X = TORNADO
MAX 32 OR BELOW: 1 0.01 INCH OR MORE: 8
MAX 90 OR ABOVE: 0 0.10 INCH OR MORE: 5
MIN 32 OR BELOW: 17 0.50 INCH OR MORE: 2
MIN 0 OR BELOW: 0 1.00 INCH OR MORE: 0
[HDD (BASE 65) ]
TOTAL THIS MO. 775 CLEAR (SCALE 0-3) 16
DPTR FM NORMAL -143 PTCLDY (SCALE 4-7) 8
TOTAL FM JUL 1 6233 CLOUDY (SCALE 8-10) 7
DPTR FM NORMAL -78
[CDD (BASE 65) ]
TOTAL THIS MO. 0
DPTR FM NORMAL 0 [PRESSURE DATA]
TOTAL FM JAN 1 0 HIGHEST SLP 30.57 ON 19
DPTR FM NORMAL 0 LOWEST SLP 29.48 ON 24
[REMARKS]
#FINAL-03-21#