000
CXUS53 KDDC 011533
CLSDDC
CLIMATE REPORT
NATIONAL WEATHER SERVICE DODGE CITY, KANSAS
1033 AM CDT WED SEP 01 2021
...................................
...THE DODGE CITY KS CLIMATE SUMMARY FOR THE SEASON, FROM
6/1/2021 TO 8/31/2021...
CLIMATE NORMAL PERIOD 1991 TO 2020
CLIMATE RECORD PERIOD 1875 TO 2021
WEATHER OBSERVED NORMAL DEPART LAST YEAR`S
VALUE DATE(S) VALUE FROM VALUE DATE(S)
NORMAL
................................................................
TEMPERATURE (F)
RECORD
HIGH 111 06/27/2012
LOW 18 07/17/2020
HIGHEST 105 06/18 MM MM 103 08/28
08/24
07/08
06/30
LOWEST 53 06/02 MM MM 50 06/09
AVG. MAXIMUM 92.6 91.2 1.4 92.0
AVG. MINIMUM 65.7 64.3 1.4 65.1
MEAN 79.1 77.7 1.4 78.6
DAYS MAX >= 90 60 55.2 4.8 66
DAYS MAX <= 32 0 0.0 0.0 0
DAYS MIN <= 32 0 0.0 0.0 0
DAYS MIN <= 0 0 0.0 0.0 0
PRECIPITATION (INCHES)
RECORD
MAXIMUM 18.89 1884
MINIMUM 1.58 2011
TOTALS 4.57 9.36 -4.79 12.10
DAYS >= .01 19 25.3 -6.3 24
DAYS >= .10 14 16.0 -2.0 16
DAYS >= .50 2 6.3 -4.3 9
DAYS >= 1.00 1 2.3 -1.3 4
GREATEST
24 HR. TOTAL 1.68 07/14 TO 07/15 2.27 06/19 TO 06/20
SNOWFALL (INCHES)
RECORDS
TOTAL MM MM
24 HR TOTAL MM
SNOW DEPTH MM MM
TOTALS 0.0 0.0 0.0 0.0
SINCE 7/1 0.0 0.0 0.0 MM
SNOWDEPTH AVG. 0 0
DAYS >= TRACE 0 0.0 0.0 0
DAYS >= 1.0 0 0.0 0.0 0
GREATEST
SNOW DEPTH 0 0 MM
24 HR TOTAL 0.0 0.0
DEGREE DAYS
HEATING TOTAL 2 11 -9 2
SINCE 7/1 0 1 -1 0
COOLING TOTAL 1327 1185 142 1270
SINCE 1/1 1406 1312 94 1352
................................................................
WIND (MPH)
AVERAGE WIND SPEED 11.1
RESULTANT WIND SPEED/DIRECTION 7/170
HIGHEST WIND SPEED/DIRECTION 44/150 DATE 08/10
HIGHEST GUST SPEED/DIRECTION 60/010 DATE 07/25
SKY COVER
POSSIBLE SUNSHINE (PERCENT) MM
AVERAGE SKY COVER 0.16
NUMBER OF DAYS FAIR 73
NUMBER OF DAYS PC 18
NUMBER OF DAYS CLOUDY 1
AVERAGE RH (PERCENT) 62
WEATHER CONDITIONS. NUMBER OF DAYS WITH
THUNDERSTORM 20 MIXED PRECIP 0
HEAVY RAIN 9 RAIN 8
LIGHT RAIN 22 FREEZING RAIN 0
LT FREEZING RAIN 0 HAIL 0
HEAVY SNOW 0 SNOW 0
LIGHT SNOW 0 SLEET 0
FOG 60 FOG W/VIS <= 1/4 MILE 6
HAZE 47
- INDICATES NEGATIVE NUMBERS.
R INDICATES RECORD WAS SET OR TIED.
MM INDICATES DATA IS MISSING.
T INDICATES TRACE AMOUNT.
$$