000
CXUS55 KALY 010810
CF6DDH
PRELIMINARY LOCAL CLIMATOLOGICAL DATA (WS FORM: F-6)
STATION: BENNINGTON VT
MONTH: DECEMBER
YEAR: 2020
LATITUDE: 42 53 N
LONGITUDE: 73 15 W
TEMPERATURE IN F: :PCPN: SNOW: WIND :SUNSHINE: SKY :PK WND
================================================================================
1 2 3 4 5 6A 6B 7 8 9 10 11 12 13 14 15 16 17 18
12Z AVG MX 2MIN
DY MAX MIN AVG DEP HDD CDD WTR SNW DPTH SPD SPD DIR MIN PSBL S-S WX SPD DR
================================================================================
1 63 36 50 16 15 0 0.02 M M 13.8 23 200 M M 6 35 200
2 39 32 36 3 29 0 0.02 M M 8.3 18 190 M M 9 18 26 190
3 45 24 35 2 30 0 0.00 M M 4.6 13 200 M M 2 18 250
4 50 31 41 9 24 0 0.00 M M 2.4 12 320 M M 9 15 320
5 38 33 36 4 29 0 0.12 M M 7.2 24 340 M M 8 1 36 350
6 33 24 29 -3 36 0 0.00 M M 9.6 18 290 M M 8 26 270
7 27 16 22 -9 43 0 0.00 M M 5.6 14 350 M M 6 20 350
8 27 24 26 -5 39 0 T M M 7.8 15 350 M M 10 21 360
9 32 20 26 -4 39 0 0.11 M M 0.1 7 280 M M 8 1 9 300
10 41 26 34 4 31 0 0.01 M M 5.2 14 280 M M 8 1 19 290
11 50 24 37 8 28 0 0.00 M M 1.8 9 210 M M 1 1 12 200
12 50 27 39 10 26 0 0.13 M M 3.4 15 120 M M 6 128 22 140
13 55 35 45 16 20 0 0.09 M M 7.6 18 280 M M 9 18 23 280
14 35 31 33 5 32 0 0.05 M M 3.5 16 280 M M 9 1 22 270
15 31 17 24 -4 41 0 0.00 M M 8.4 18 280 M M 1 25 310
16 24 11 18 -9 47 0 0.09 M M 4.6 16 110 M M 5 1 27 90
17 22 16 19 -8 46 0 1.17 M M 4.1 13 30 M M 9 12 22 100
18 19 -3 8 -19 57 0 0.00 M M 1.8 8 250 M M 5 9 260
19 23 -9 7 -19 58 0 0.00 M M 0.1 5 160 M M 1 18 5 150
20 36 17 27 1 38 0 0.01 M M 2.6 17 180 M M 9 18 22 180
21 37 27 32 6 33 0 0.00 M M 0.1 5 170 M M 9 18 7 130
22 37 21 29 4 36 0 T M M 6.0 17 280 M M 10 12 29 270
23 38 19 29 4 36 0 0.00 M M 4.8 16 270 M M 2 23 280
24 59 36 48 24 17 0 0.04 M M 17.9 32 150 M M 6 8 55 150
25 64 30 47 23 18 0 1.01 M M 14.9 31 140 M M 10 1 47 160
26 30 23 27 3 38 0 0.05 M M 6.8 15 230 M M 10 1 20 220
27 33 22 28 4 37 0 T M M 3.3 15 130 M M 7 22 130
28 44 30 37 14 28 0 T M M 9.5 18 180 M M 6 33 190
29 35 14 25 2 40 0 0.00 M M 8.2 21 330 M M 3 30 280
30 37 13 25 2 40 0 0.09 M M 3.8 16 180 M M 4 26 200
31 38 29 34 12 31 0 0.14 M M 5.9 17 260 M M 10 18 23 280
================================================================================
SM 1192 696 1062 0 3.15 M 183.7 M 206
================================================================================
AV 38.5 22.5 5.9 FASTST M M 7 MAX(MPH)
MISC ----> 32 150 55 150
================================================================================
NOTES:
# LAST OF SEVERAL OCCURRENCES
COLUMN 17 PEAK WIND IN M.P.H.
PRELIMINARY LOCAL CLIMATOLOGICAL DATA (WS FORM: F-6) , PAGE 2
STATION: BENNINGTON VT
MONTH: DECEMBER
YEAR: 2020
LATITUDE: 42 53 N
LONGITUDE: 73 15 W
[TEMPERATURE DATA] [PRECIPITATION DATA] SYMBOLS USED IN COLUMN 16
AVERAGE MONTHLY: 30.5 TOTAL FOR MONTH: 3.15 1 = FOG OR MIST
DPTR FM NORMAL: 2.9 DPTR FM NORMAL: 0.36 2 = FOG REDUCING VISIBILITY
HIGHEST: 64 ON 25 GRTST 24HR 1.26 ON 16-17 TO 1/4 MILE OR LESS
LOWEST: -9 ON 19 3 = THUNDER
SNOW, ICE PELLETS, HAIL 4 = ICE PELLETS
TOTAL MONTH: M 5 = HAIL
GRTST 24HR M ON M 6 = FREEZING RAIN OR DRIZZLE
GRTST DEPTH: M ON M 7 = DUSTSTORM OR SANDSTORM:
VSBY 1/2 MILE OR LESS
8 = SMOKE OR HAZE
[NO. OF DAYS WITH] [WEATHER - DAYS WITH] 9 = BLOWING SNOW
X = TORNADO
MAX 32 OR BELOW: 9 0.01 INCH OR MORE: 16
MAX 90 OR ABOVE: 0 0.10 INCH OR MORE: 6
MIN 32 OR BELOW: 27 0.50 INCH OR MORE: 2
MIN 0 OR BELOW: 2 1.00 INCH OR MORE: 2
[HDD (BASE 65) ]
TOTAL THIS MO. 1062 CLEAR (SCALE 0-3) 6
DPTR FM NORMAL -97 PTCLDY (SCALE 4-7) 11
TOTAL FM JUL 1 2378 CLOUDY (SCALE 8-10) 14
DPTR FM NORMAL -396
[CDD (BASE 65) ]
TOTAL THIS MO. 0
DPTR FM NORMAL 0 [PRESSURE DATA]
TOTAL FM JAN 1 575 HIGHEST SLP 30.53 ON 30
DPTR FM NORMAL 262 LOWEST SLP 29.34 ON 25
[REMARKS]
#FINAL-12-20#