000
CXUS55 KALY 010710
CF6DDH
PRELIMINARY LOCAL CLIMATOLOGICAL DATA (WS FORM: F-6)
STATION: BENNINGTON VT
MONTH: OCTOBER
YEAR: 2023
LATITUDE: 42 53 N
LONGITUDE: 73 15 W
TEMPERATURE IN F: :PCPN: SNOW: WIND :SUNSHINE: SKY :PK WND
================================================================================
1 2 3 4 5 6A 6B 7 8 9 10 11 12 13 14 15 16 17 18
12Z AVG MX 2MIN
DY MAX MIN AVG DEP HDD CDD WTR SNW DPTH SPD SPD DIR MIN PSBL S-S WX SPD DR
================================================================================
1 76 52 64 10 1 0 0.00 M M 2.6 14 350 M M 4 12 18 340
2 75 48 62 8 3 0 0.00 M M 1.2 9 340 M M 1 12 13 330
3 80 45 63 9 2 0 0.00 M M 0.8 6 340 M M 0 18 9 280
4 86 50 68 15 0 3 0.00 M M 1.7 7 110 M M 3 12 10 300
5 81 52 67 14 0 2 0.00 M M 3.7 14 160 M M 2 12 18 170
6 73 56 65 13 0 0 T M M 9.7 20 150 M M 5 24 130
7 72 49 61 9 4 0 1.84 M M 8.4 17 130 M M 10 128 22 140
8 60 45 53 1 12 0 0.01 M M 6.6 18 210 M M 8 1 27 200
9 59 37 48 -3 17 0 0.00 M M 4.1 15 170 M M 6 20 260
10 61 38 50 -1 15 0 T M M 1.7 13 190 M M 9 18 200
11 62 46 54 4 11 0 T M M 2.5 12 200 M M 10 16 210
12 63 43 53 3 12 0 T M M 2.3 13 280 M M 8 17 240
13 61 35 48 -2 17 0 0.00 M M 3.4 14 340 M M 3 1 18 320
14 55 38 47 -2 18 0 T M M 1.6 9 270 M M 1 18 12 270
15 55 39 47 -2 18 0 T M M 4.5 15 350 M M 8 12 21 340
16 56 44 50 1 15 0 0.09 M M 3.3 15 340 M M 10 1 21 320
17 56 40 48 0 17 0 0.00 M M 0.9 8 280 M M 9 1 10 280
18 58 44 51 3 14 0 T M M 0.3 6 140 M M 10 7 290
19 63 41 52 4 13 0 0.00 M M 5.1 17 200 M M 5 12 23 210
20 62 50 56 9 9 0 0.29 M M 9.7 22 150 M M 8 18 29 140
21 57 50 54 7 11 0 1.93 M M 7.0 16 270 M M 10 1 24 240
22 50 42 46 -1 19 0 0.02 M M 7.7 16 280 M M 10 1 23 260
23 53 33 43 -3 22 0 0.00 M M 3.3 10 280 M M 8 14 290
24 63 31 47 1 18 0 0.00 M M 2.0 12 180 M M 2 12 14 190
25 76 38 57 11 8 0 0.00 M M 1.1 10 250 M M 0 14 250
26 72 51 62 17 3 0 T M M 0.7 6 360 M M 7 6 180
27 77 49 63 18 2 0 0.00 M M 1.8 12 220 M M 4 16 250
28 73 44 59 14 6 0 T M M 5.1 18 260 M M 3 1 24 270
29 46 41 44 0 21 0 0.37 M M 2.6 9 10 M M 8 1 12 360
30 50 38 44 0 21 0 0.68 M M 4.6 14 330 M M 9 1 19 330
31 44 29 37 -7 28 0 0.00 M M 1.9 8 270 M M 6 13 330
================================================================================
SM 1975 1338 357 5 5.23 M 111.9 M 187
================================================================================
AV 63.7 43.2 3.6 FASTST M M 6 MAX(MPH)
MISC ----> 22 150 29 140
================================================================================
NOTES:
# LAST OF SEVERAL OCCURRENCES
COLUMN 17 PEAK WIND IN M.P.H.
PRELIMINARY LOCAL CLIMATOLOGICAL DATA (WS FORM: F-6) , PAGE 2
STATION: BENNINGTON VT
MONTH: OCTOBER
YEAR: 2023
LATITUDE: 42 53 N
LONGITUDE: 73 15 W
[TEMPERATURE DATA] [PRECIPITATION DATA] SYMBOLS USED IN COLUMN 16
AVERAGE MONTHLY: 53.4 TOTAL FOR MONTH: 5.23 1 = FOG OR MIST
DPTR FM NORMAL: 4.5 DPTR FM NORMAL: 1.62 2 = FOG REDUCING VISIBILITY
HIGHEST: 86 ON 4 GRTST 24HR 2.07 ON 20-21 TO 1/4 MILE OR LESS
LOWEST: 29 ON 31 3 = THUNDER
SNOW, ICE PELLETS, HAIL 4 = ICE PELLETS
TOTAL MONTH: M 5 = HAIL
GRTST 24HR M ON M 6 = FREEZING RAIN OR DRIZZLE
GRTST DEPTH: M ON M 7 = DUSTSTORM OR SANDSTORM:
VSBY 1/2 MILE OR LESS
8 = SMOKE OR HAZE
[NO. OF DAYS WITH] [WEATHER - DAYS WITH] 9 = BLOWING SNOW
X = TORNADO
MAX 32 OR BELOW: 0 0.01 INCH OR MORE: 8
MAX 90 OR ABOVE: 0 0.10 INCH OR MORE: 5
MIN 32 OR BELOW: 2 0.50 INCH OR MORE: 3
MIN 0 OR BELOW: 0 1.00 INCH OR MORE: 2
[HDD (BASE 65) ]
TOTAL THIS MO. 357 CLEAR (SCALE 0-3) 8
DPTR FM NORMAL -146 PTCLDY (SCALE 4-7) 13
TOTAL FM JUL 1 526 CLOUDY (SCALE 8-10) 10
DPTR FM NORMAL -216
[CDD (BASE 65) ]
TOTAL THIS MO. 5
DPTR FM NORMAL 2 [PRESSURE DATA]
TOTAL FM JAN 1 480 HIGHEST SLP M ON M
DPTR FM NORMAL 109 LOWEST SLP 29.20 ON 21
[REMARKS]
#FINAL-10-23#