000
CXUS51 KALY 021406
CLSDDH
CLIMATE REPORT
NATIONAL WEATHER SERVICE ALBANY NY
1006 AM EDT WED JUN 02 2021
...................................
...THE BENNINGTON VT CLIMATE SUMMARY FOR THE SEASON, FROM
3/1/2021 TO 5/31/2021...
CLIMATE NORMAL PERIOD: 1991 TO 2020
CLIMATE RECORD PERIOD: 9999 TO 9999
WEATHER OBSERVED NORMAL DEPART LAST YEAR`S
VALUE DATE(S) VALUE FROM VALUE DATE(S)
NORMAL
................................................................
TEMPERATURE (F)
HIGHEST 88 05/26 88 05/27
LOWEST 6R 03/02 8 03/01
AVG. MAXIMUM 58.6 56.4 2.2 56.4
AVG. MINIMUM 34.2 33.8 0.4 35.4
MEAN 46.4 45.1 1.3 45.9
DAYS MAX >= 90 0 0.1 -0.1 0
DAYS MAX <= 32 5 5.0 0.0 1
DAYS MIN <= 32 33 41.8 -8.8 36
DAYS MIN <= 0 0 0.8 -0.8 0
PRECIPITATION (INCHES)
TOTALS 6.86 8.61 -1.75 7.67
DAILY AVG. 0.08 0.08
DAYS >= .01 30 25
DAYS >= .10 18 14
DAYS >= .50 6 3
DAYS >= 1.00 1 0
GREATEST
24 HR. TOTAL 0.90 05/28 TO 05/29
DEGREE DAYS
HEATING TOTAL 1716 1854 -138 1771
SINCE 7/1 6509 6933 -424 MM
COOLING TOTAL 26 19 7 40
SINCE 1/1 26 19 7 MM
................................................................
WIND (MPH)
AVERAGE WIND SPEED 5.8
HIGHEST WIND SPEED/DIRECTION 33/290 DATE 03/01
HIGHEST GUST SPEED/DIRECTION 48/280 DATE 03/01
WEATHER CONDITIONS. NUMBER OF DAYS WITH
THUNDERSTORM 5 MIXED PRECIP 0
HEAVY RAIN 2 RAIN 11
LIGHT RAIN 32 FREEZING RAIN 0
LT FREEZING RAIN 0 HAIL 0
HEAVY SNOW 0 SNOW 0
LIGHT SNOW 9 SLEET 0
FOG 25 FOG W/VIS <= 1/4 MILE 3
HAZE 6
- INDICATES NEGATIVE NUMBERS.
R INDICATES RECORD WAS SET OR TIED.
MM INDICATES DATA IS MISSING.
T INDICATES TRACE AMOUNT.
$$