000
CXUS55 KBOU 280900
CF6DEN
PRELIMINARY LOCAL CLIMATOLOGICAL DATA (WS FORM: F-6)
STATION: DENVER CO
MONTH: MARCH
YEAR: 2024
LATITUDE: 39 52 N
LONGITUDE: 104 40 W
TEMPERATURE IN F: :PCPN: SNOW: WIND :SUNSHINE: SKY :PK WND
================================================================================
1 2 3 4 5 6A 6B 7 8 9 10 11 12 13 14 15 16 17 18
12Z AVG MX 2MIN
DY MAX MIN AVG DEP HDD CDD WTR SNW DPTH SPD SPD DIR MIN PSBL S-S WX SPD DR
================================================================================
1 66 33 50 14 15 0 0.00 0.0 0 10.6 23 210 M M 4 31 210
2 69 29 49 12 16 0 0.00 0.0 0 13.8 38 240 M M 4 49 240
3 53 22 38 1 27 0 0.03 T T 10.7 33 10 M M 6 1 43 360
4 50 19 35 -3 30 0 0.00 0.0 0 12.2 26 120 M M 4 37 120
5 50 15 33 -5 32 0 0.00 0.0 0 11.7 22 150 M M 4 33 130
6 61 25 43 5 22 0 0.00 0.0 0 8.0 18 80 M M 6 23 80
7 43 26 35 -4 30 0 0.01 T T 8.6 15 70 M M 9 128 19 60
8 32 23 28 -11 37 0 0.03 0.3 T 7.7 14 360 M M 8 18 20 20
9 54 22 38 -2 27 0 0.00 0.0 0 8.3 16 210 M M 0 21 200
10 66 28 47 7 18 0 0.00 0.0 0 7.9 15 210 M M 2 20 210
11 62 33 48 8 17 0 0.00 0.0 0 8.5 16 110 M M 6 23 70
12 62 27 45 4 20 0 0.00 0.0 0 7.6 17 220 M M 6 24 210
13 54 36 45 4 20 0 0.80 T 0 11.0 21 40 M M 9 1 28 40
14 37 31 34 -7 31 0 0.66 5.7 T 13.8 24 70 M M 10 12 31 60
15 45 30 38 -4 27 0 T T 5 11.4 29 170 M M 8 18 37 180
16 50 30 40 -2 25 0 0.00 0.0 1 9.4 16 360 M M 6 18 21 360
17 47 34 41 -1 24 0 0.00 0.0 0 7.1 16 20 M M 8 21 30
18 59 24 42 -1 23 0 0.00 0.0 0 7.3 14 220 M M 1 17 210
19 63 35 49 6 16 0 0.00 0.0 0 6.9 14 240 M M 1 18 220
20 60 33 47 4 18 0 0.00 0.0 0 7.5 15 80 M M 2 21 80
21 67 32 50 6 15 0 0.00 0.0 0 9.0 28 30 M M 3 35 40
22 65 32 49 5 16 0 0.00 0.0 M 10.5 31 190 M M 5 40 190
23 68 34 51 7 14 0 0.00 0.0 M 9.4 36 160 M M 6 50 170
24 58 20 39 -5 26 0 0.11 2.2 0 13.7 31 50 M M 7 18 38 10
25 27 15 21 -23 44 0 0.01 1.0 3 10.7 24 360 M M 9 1 31 10
26 44 10 27 -18 38 0 0.00 0.0 2 5.4 12 40 M M 5 17 50
27 55 27 41 -4 24 0 0.00 0.0 0 8.2 20 290 M M 5 30 220
================================================================================
SM 1467 725 652 0 1.65 9.2 256.9 M 144
================================================================================
AV 54.3 26.9 9.5 FASTST M M 5 MAX(MPH)
MISC ----> 38 240 50 170
================================================================================
NOTES:
# LAST OF SEVERAL OCCURRENCES
COLUMN 17 PEAK WIND IN M.P.H.
PRELIMINARY LOCAL CLIMATOLOGICAL DATA (WS FORM: F-6) , PAGE 2
STATION: DENVER CO
MONTH: MARCH
YEAR: 2024
LATITUDE: 39 52 N
LONGITUDE: 104 40 W
[TEMPERATURE DATA] [PRECIPITATION DATA] SYMBOLS USED IN COLUMN 16
AVERAGE MONTHLY: 40.6 TOTAL FOR MONTH: 1.65 1 = FOG OR MIST
DPTR FM NORMAL: -0.5 DPTR FM NORMAL: 0.93 2 = FOG REDUCING VISIBILITY
HIGHEST: 69 ON 2 GRTST 24HR 1.23 ON 13-14 TO 1/4 MILE OR LESS
LOWEST: 10 ON 26 3 = THUNDER
SNOW, ICE PELLETS, HAIL 4 = ICE PELLETS
TOTAL MONTH: 9.2 INCHES 5 = HAIL
GRTST 24HR 5.7 ON 14-14 6 = FREEZING RAIN OR DRIZZLE
GRTST DEPTH: 5 ON 15 7 = DUSTSTORM OR SANDSTORM:
VSBY 1/2 MILE OR LESS
8 = SMOKE OR HAZE
[NO. OF DAYS WITH] [WEATHER - DAYS WITH] 9 = BLOWING SNOW
X = TORNADO
MAX 32 OR BELOW: 2 0.01 INCH OR MORE: 7
MAX 90 OR ABOVE: 0 0.10 INCH OR MORE: 3
MIN 32 OR BELOW: 20 0.50 INCH OR MORE: 2
MIN 0 OR BELOW: 0 1.00 INCH OR MORE: 0
[HDD (BASE 65) ]
TOTAL THIS MO. 652 CLEAR (SCALE 0-3) 5
DPTR FM NORMAL 4 PTCLDY (SCALE 4-7) 16
TOTAL FM JUL 1 4492 CLOUDY (SCALE 8-10) 6
DPTR FM NORMAL -463
[CDD (BASE 65) ]
TOTAL THIS MO. 0
DPTR FM NORMAL 0 [PRESSURE DATA]
TOTAL FM JAN 1 0 HIGHEST SLP M ON M
DPTR FM NORMAL 0 LOWEST SLP 29.16 ON 24
[REMARKS]