000
CXUS54 KSHV 011400
CF6DEQ
PRELIMINARY LOCAL CLIMATOLOGICAL DATA (WS FORM: F-6)
STATION: DE QUEEN
MONTH: NOVEMBER
YEAR: 2021
LATITUDE: 34 2 N
LONGITUDE: 94 24 W
TEMPERATURE IN F: :PCPN: SNOW: WIND :SUNSHINE: SKY :PK WND
================================================================================
1 2 3 4 5 6A 6B 7 8 9 10 11 12 13 14 15 16 17 18
12Z AVG MX 2MIN
DY MAX MIN AVG DEP HDD CDD WTR SNW DPTH SPD SPD DIR MIN PSBL S-S WX SPD DR
================================================================================
1 70 45 58 0 7 0 0.00 0.0 0 5.0 15 100 M M 2 1 19 90
2 58 47 53 -4 12 0 0.11 0.0 0 7.7 14 80 M M 9 1 20 80
3 47 39 43 -14 22 0 0.48 0.0 0 6.0 14 90 M M 9 1 19 80
4 61 33 47 -9 18 0 0.00 0.0 0 2.1 10 50 M M 2 128 14 60
5 61 31 46 -10 19 0 0.00 0.0 0 0.6 7 70 M M 1 1 10 80
6 65 31 48 -8 17 0 0.00 0.0 0 0.6 7 260 M M 0 18 8 250
7 71 34 53 -2 12 0 0.00 0.0 0 1.3 8 170 M M 0 12 12 200
8 73 36 55 0 10 0 0.00 0.0 0 1.7 10 170 M M 3 128 14 190
9 71 42 57 2 8 0 0.00 0.0 0 1.7 10 180 M M 4 1 14 160
10 73 54 64 10 1 0 0.89 0.0 0 5.1 17 280 M M 8 138 23 280
11 68 38 53 -1 12 0 0.07 0.0 0 3.2 15 320 M M 2 123 22 320
12 60 35 48 -6 17 0 0.00 0.0 0 2.6 16 290 M M 3 1 24 300
13 59 29 44 -9 21 0 0.00 0.0 0 2.3 12 270 M M 0 15 240
14 70 34 52 -1 13 0 0.00 0.0 0 1.2 9 260 M M 0 11 270
15 74 36 55 2 10 0 0.00 0.0 0 1.4 8 210 M M 1 1 12 190
16 76 49 63 11 2 0 0.00 0.0 0 4.5 15 210 M M 6 12 22 210
17 81 57 69 17 0 4 T 0.0 0 5.1 15 200 M M 8 21 330
18 62 31 47 -5 18 0 0.00 0.0 0 6.6 16 40 M M 4 24 50
19 59 27 43 -9 22 0 0.00 0.0 0 2.7 12 110 M M 0 17 110
20 71 34 53 2 12 0 0.00 0.0 0 3.1 10 180 M M 2 16 110
21 67 44 56 5 9 0 0.01 0.0 0 3.5 8 350 M M 8 1 13 330
22 65 35 50 -1 15 0 0.00 0.0 0 1.1 8 290 M M 0 13 300
23 67 33 50 0 15 0 0.00 0.0 0 3.1 14 200 M M 0 1 18 200
24 69 36 53 3 12 0 0.04 0.0 0 5.3 14 170 M M 7 20 200
25 64 30 47 -3 18 0 0.18 0.0 0 5.6 17 320 M M 5 1 25 350
26 57 25 41 -8 24 0 0.00 0.0 0 1.1 8 260 M M 0 11 240
27 53 28 41 -8 24 0 T 0.0 0 0.7 6 230 M M 2 12 7 250
28 68 37 53 4 12 0 0.00 0.0 0 2.3 13 20 M M 3 12 17 300
29 68 31 50 1 15 0 0.00 0.0 0 2.1 10 220 M M 0 18 14 230
30 72 34 53 5 12 0 0.00 0.0 0 0.8 8 190 M M 0 1 11 180
================================================================================
SM 1980 1095 409 4 1.78 0.0 90.1 M 89
================================================================================
AV 66.0 36.5 3.0 FASTST M M 3 MAX(MPH)
MISC ----> # 17 280 25 350
================================================================================
NOTES:
# LAST OF SEVERAL OCCURRENCES
COLUMN 17 PEAK WIND IN M.P.H.
PRELIMINARY LOCAL CLIMATOLOGICAL DATA (WS FORM: F-6) , PAGE 2
STATION: DE QUEEN
MONTH: NOVEMBER
YEAR: 2021
LATITUDE: 34 2 N
LONGITUDE: 94 24 W
[TEMPERATURE DATA] [PRECIPITATION DATA] SYMBOLS USED IN COLUMN 16
AVERAGE MONTHLY: 51.3 TOTAL FOR MONTH: 1.78 1 = FOG OR MIST
DPTR FM NORMAL: -1.5 DPTR FM NORMAL: -1.45 2 = FOG REDUCING VISIBILITY
HIGHEST: 81 ON 17 GRTST 24HR 0.96 ON 10-11 TO 1/4 MILE OR LESS
LOWEST: 25 ON 26 3 = THUNDER
SNOW, ICE PELLETS, HAIL 4 = ICE PELLETS
TOTAL MONTH: 0.0 INCH 5 = HAIL
GRTST 24HR 0.0 6 = FREEZING RAIN OR DRIZZLE
GRTST DEPTH: 0 7 = DUSTSTORM OR SANDSTORM:
VSBY 1/2 MILE OR LESS
8 = SMOKE OR HAZE
[NO. OF DAYS WITH] [WEATHER - DAYS WITH] 9 = BLOWING SNOW
X = TORNADO
MAX 32 OR BELOW: 0 0.01 INCH OR MORE: 7
MAX 90 OR ABOVE: 0 0.10 INCH OR MORE: 4
MIN 32 OR BELOW: 9 0.50 INCH OR MORE: 1
MIN 0 OR BELOW: 0 1.00 INCH OR MORE: 0
[HDD (BASE 65) ]
TOTAL THIS MO. 409 CLEAR (SCALE 0-3) 20
DPTR FM NORMAL 29 PTCLDY (SCALE 4-7) 7
TOTAL FM JUL 1 466 CLOUDY (SCALE 8-10) 3
DPTR FM NORMAL -45
[CDD (BASE 65) ]
TOTAL THIS MO. 4
DPTR FM NORMAL -7 [PRESSURE DATA]
TOTAL FM JAN 1 2204 HIGHEST SLP 30.51 ON 19
DPTR FM NORMAL 77 LOWEST SLP 29.74 ON 11
[REMARKS]
#FINAL-11-21#