000
CXUS56 KOTX 010910
CF6DEW
PRELIMINARY LOCAL CLIMATOLOGICAL DATA (WS FORM: F-6)
STATION: DEER_PARK WA AIRPORT
MONTH: OCTOBER
YEAR: 2023
LATITUDE: 47 58 N
LONGITUDE: 117 25 W
TEMPERATURE IN F: :PCPN: SNOW: WIND :SUNSHINE: SKY :PK WND
================================================================================
1 2 3 4 5 6A 6B 7 8 9 10 11 12 13 14 15 16 17 18
12Z AVG MX 2MIN
DY MAX MIN AVG DEP HDD CDD WTR SNW DPTH SPD SPD DIR MIN PSBL S-S WX SPD DR
================================================================================
1 67 34 51 0 14 0 0.00 M M 5.1 16 60 M M 4 20 60
2 64 39 52 1 13 0 T M M 1.5 8 200 M M 5 11 190
3 69 44 57 7 8 0 0.00 M M 3.3 16 270 M M 5 21 270
4 69 49 59 9 6 0 0.00 M M 4.9 12 230 M M 8 16 180
5 74 39 57 8 8 0 0.00 M M 4.6 20 320 M M 1 1 27 330
6 74 40 57 8 8 0 0.00 M M 5.1 13 20 M M 0 19 30
7 78 38 58 10 7 0 0.00 M M 4.0 12 30 M M 0 16 40
8 79 42 61 13 4 0 0.00 M M 2.4 9 40 M M 0 14 40
9 76 41 59 11 6 0 0.00 M M 4.8 14 220 M M 2 19 240
10 57 47 52 5 13 0 0.42 M M 1.7 8 160 M M 10 1 11 170
11 53 39 46 -1 19 0 0.07 M M 4.0 12 200 M M 10 12 16 210
12 56 32 44 -2 21 0 0.00 M M 3.4 12 40 M M 6 12 15 20
13 66 36 51 5 14 0 0.00 M M 4.3 9 30 M M 0 13 20
14 65 42 54 9 11 0 0.01 M M 2.7 8 40 M M 8 11 40
15 69 45 57 12 8 0 0.01 M M 4.5 15 30 M M 5 21 30
16 62 48 55 11 10 0 0.17 M M 6.9 16 30 M M 4 1 20 200
17 61 34 48 4 17 0 0.00 M M 5.8 18 220 M M 2 24 220
18 69 34 52 8 13 0 0.00 M M 1.5 9 190 M M 1 1 12 190
19 72 32 52 9 13 0 0.00 M M 0.8 5 50 M M 0 1 8 190
20 73 35 54 11 11 0 0.00 M M 2.3 12 330 M M 1 12 14 320
21 68 36 52 10 13 0 0.00 M M 0.7 6 60 M M 0 12 9 80
22 68 34 51 9 14 0 0.01 M M 5.1 14 310 M M 5 1 18 320
23 57 29 43 1 22 0 0.00 M M 5.1 20 230 M M 5 12 27 230
24 48 27 38 -3 27 0 T M M 5.1 12 60 M M 6 17 50
25 40 31 36 -5 29 0 0.04 M M 13.0 24 50 M M 10 1 36 50
26 38 31 35 -5 30 0 0.00 M M 4.4 9 20 M M 10 11 30
27 39 18 29 -11 36 0 T M M 5.4 14 50 M M 8 8 18 30
28 40 12 26 -14 39 0 0.00 M M 1.6 8 200 M M 0 10 200
29 43 11 27 -12 38 0 0.00 M M 0.8 7 270 M M 0 9 280
30 47 14 31 -8 34 0 0.00 M M 2.1 7 170 M M 0 1 11 10
31 50 22 36 -3 29 0 0.00 M M 3.9 8 30 M M 0 12 20
================================================================================
SM 1891 1055 535 0 0.73 M 120.8 M 116
================================================================================
AV 61.0 34.0 3.9 FASTST M M 4 MAX(MPH)
MISC ----> 24 50 36 50
================================================================================
NOTES:
# LAST OF SEVERAL OCCURRENCES
COLUMN 17 PEAK WIND IN M.P.H.
PRELIMINARY LOCAL CLIMATOLOGICAL DATA (WS FORM: F-6) , PAGE 2
STATION: DEER_PARK WA AIRPORT
MONTH: OCTOBER
YEAR: 2023
LATITUDE: 47 58 N
LONGITUDE: 117 25 W
[TEMPERATURE DATA] [PRECIPITATION DATA] SYMBOLS USED IN COLUMN 16
AVERAGE MONTHLY: 47.5 TOTAL FOR MONTH: 0.73 1 = FOG OR MIST
DPTR FM NORMAL: 2.9 DPTR FM NORMAL: -1.27 2 = FOG REDUCING VISIBILITY
HIGHEST: 79 ON 8 GRTST 24HR 0.43 ON 10-11 TO 1/4 MILE OR LESS
LOWEST: 11 ON 29 3 = THUNDER
SNOW, ICE PELLETS, HAIL 4 = ICE PELLETS
TOTAL MONTH: M 5 = HAIL
GRTST 24HR M ON M 6 = FREEZING RAIN OR DRIZZLE
GRTST DEPTH: M ON M 7 = DUSTSTORM OR SANDSTORM:
VSBY 1/2 MILE OR LESS
8 = SMOKE OR HAZE
[NO. OF DAYS WITH] [WEATHER - DAYS WITH] 9 = BLOWING SNOW
X = TORNADO
MAX 32 OR BELOW: 0 0.01 INCH OR MORE: 7
MAX 90 OR ABOVE: 0 0.10 INCH OR MORE: 2
MIN 32 OR BELOW: 11 0.50 INCH OR MORE: 0
MIN 0 OR BELOW: 0 1.00 INCH OR MORE: 0
[HDD (BASE 65) ]
TOTAL THIS MO. 535 CLEAR (SCALE 0-3) 15
DPTR FM NORMAL -97 PTCLDY (SCALE 4-7) 12
TOTAL FM JUL 1 791 CLOUDY (SCALE 8-10) 4
DPTR FM NORMAL -225
[CDD (BASE 65) ]
TOTAL THIS MO. 0
DPTR FM NORMAL 0 [PRESSURE DATA]
TOTAL FM JAN 1 408 HIGHEST SLP M ON M
DPTR FM NORMAL 192 LOWEST SLP 29.55 ON 10
[REMARKS]
#FINAL-10-23#