000
CXUS53 KIWX 230810
CF6DFI
PRELIMINARY LOCAL CLIMATOLOGICAL DATA (WS FORM: F-6)
STATION: DEFIANCE MEMORIAL
MONTH: APRIL
YEAR: 2024
LATITUDE: 41 20 N
LONGITUDE: 84 26 W
TEMPERATURE IN F: :PCPN: SNOW: WIND :SUNSHINE: SKY :PK WND
================================================================================
1 2 3 4 5 6A 6B 7 8 9 10 11 12 13 14 15 16 17 18
12Z AVG MX 2MIN
DY MAX MIN AVG DEP HDD CDD WTR SNW DPTH SPD SPD DIR MIN PSBL S-S WX SPD DR
================================================================================
1 48 41 45 1 20 0 0.51 M M 10.9 21 80 M M 10 13 28 80
2 52 41 47 3 18 0 0.54 M M 10.5 22 230 M M 10 13 34 220
3 46 37 42 -2 23 0 0.08 M M 13.1 30 220 M M 10 1 47 220
4 49 36 43 -2 22 0 0.03 M M 8.6 20 300 M M 9 1 27 310
5 50 35 43 -2 22 0 0.00 M M 9.5 20 330 M M 6 28 340
6 59 32 46 0 19 0 0.00 M M 5.3 17 310 M M 2 25 320
7 60 34 47 1 18 0 0.07 M M 8.0 20 110 M M 3 32 120
8 75 44 60 14 5 0 T M M 5.6 14 230 M M 2 23 230
9 74 48 61 14 4 0 0.00 M M 8.5 20 210 M M 2 29 200
10 69 46 58 11 7 0 0.25 M M 6.4 16 80 M M 4 1 21 80
11 57 48 53 5 12 0 1.28 M M 9.2 22 310 M M 10 1 30 300
12 56 46 51 3 14 0 0.02 M M 14.5 33 300 M M 8 48 310
13 64 40 52 4 13 0 0.00 M M 8.3 22 300 M M 0 32 310
14 80 50 65 16 0 0 0.00 M M 9.6 20 250 M M 2 36 250
15 74 50 62 13 3 0 0.00 M M 5.8 14 90 M M 0 21 50
16 76 46 61 12 4 0 0.00 M M 10.5 22 70 M M 0 31 70
17 76 54 65 15 0 0 0.13 M M 12.1 26 190 M M 9 38 38 200
18 70 53 62 12 3 0 0.00 M M 7.2 20 300 M M 3 29 300
19 63 48 56 5 9 0 0.39 0.0 0 10.8 29 340 M M 5 13 39 330
20 49 39 44 -7 21 0 0.00 M M 9.4 17 310 M M 6 28 320
21 55 36 46 -5 19 0 0.00 M M 6.9 18 300 M M 5 26 310
22 63 32 48 -4 17 0 0.00 M M 8.1 20 210 M M 0 8 29 230
================================================================================
SM 1365 936 273 0 3.30 0.0 198.8 M 106
================================================================================
AV 62.0 42.5 9.0 FASTST M M 5 MAX(MPH)
MISC ----> 33 300 48 310
================================================================================
NOTES:
# LAST OF SEVERAL OCCURRENCES
COLUMN 17 PEAK WIND IN M.P.H.
PRELIMINARY LOCAL CLIMATOLOGICAL DATA (WS FORM: F-6) , PAGE 2
STATION: DEFIANCE MEMORIAL
MONTH: APRIL
YEAR: 2024
LATITUDE: 41 20 N
LONGITUDE: 84 26 W
[TEMPERATURE DATA] [PRECIPITATION DATA] SYMBOLS USED IN COLUMN 16
AVERAGE MONTHLY: 52.3 TOTAL FOR MONTH: 3.30 1 = FOG OR MIST
DPTR FM NORMAL: 4.6 DPTR FM NORMAL: 0.74 2 = FOG REDUCING VISIBILITY
HIGHEST: 80 ON 14 GRTST 24HR 1.41 ON 10-11 TO 1/4 MILE OR LESS
LOWEST: 32 ON 22, 6 3 = THUNDER
SNOW, ICE PELLETS, HAIL 4 = ICE PELLETS
TOTAL MONTH: 0.0 INCH 5 = HAIL
GRTST 24HR 0.0 6 = FREEZING RAIN OR DRIZZLE
GRTST DEPTH: 0 7 = DUSTSTORM OR SANDSTORM:
VSBY 1/2 MILE OR LESS
8 = SMOKE OR HAZE
[NO. OF DAYS WITH] [WEATHER - DAYS WITH] 9 = BLOWING SNOW
X = TORNADO
MAX 32 OR BELOW: 0 0.01 INCH OR MORE: 10
MAX 90 OR ABOVE: 0 0.10 INCH OR MORE: 6
MIN 32 OR BELOW: 2 0.50 INCH OR MORE: 3
MIN 0 OR BELOW: 0 1.00 INCH OR MORE: 1
[HDD (BASE 65) ]
TOTAL THIS MO. 273 CLEAR (SCALE 0-3) 8
DPTR FM NORMAL -111 PTCLDY (SCALE 4-7) 8
TOTAL FM JUL 1 4737 CLOUDY (SCALE 8-10) 6
DPTR FM NORMAL -1113
[CDD (BASE 65) ]
TOTAL THIS MO. 0
DPTR FM NORMAL 0 [PRESSURE DATA]
TOTAL FM JAN 1 0 HIGHEST SLP M ON M
DPTR FM NORMAL -1 LOWEST SLP 29.27 ON 2
[REMARKS]