000
CXUS54 KFWD 012154
CF6DFW
PRELIMINARY LOCAL CLIMATOLOGICAL DATA (WS FORM: F-6)
STATION: DALLAS FORT WORTH
MONTH: AUGUST
YEAR: 2020
LATITUDE: 32 54 N
LONGITUDE: 97 2 W
TEMPERATURE IN F: :PCPN: SNOW: WIND :SUNSHINE: SKY :PK WND
================================================================================
1 2 3 4 5 6A 6B 7 8 9 10 11 12 13 14 15 16 17 18
12Z AVG MX 2MIN
DY MAX MIN AVG DEP HDD CDD WTR SNW DPTH SPD SPD DIR MIN PSBL S-S WX SPD DR
================================================================================
1 92 70 81 -5 0 16 0.00 0.0 0 5.0 14 340 M M 3 18 350
2 94 71 83 -3 0 18 0.00 0.0 0 6.9 16 40 M M 3 24 10
3 93 74 84 -2 0 19 0.00 0.0 0 6.5 14 70 M M 5 19 360
4 93 71 82 -4 0 17 0.00 0.0 0 7.5 15 110 M M 4 22 110
5 90 76 83 -3 0 18 T 0.0 0 9.8 18 30 M M 6 25 30
6 97 74 86 0 0 21 0.00 0.0 0 11.3 20 160 M M 3 26 180
7 97 79 88 2 0 23 0.00 0.0 0 13.6 21 170 M M 4 29 170
8 98 78 88 2 0 23 0.00 0.0 0 12.1 20 170 M M 1 28 190
9 98 78 88 2 0 23 0.00 0.0 0 12.7 21 160 M M 1 31 170
10 98 79 89 3 0 24 0.00 0.0 0 15.3 22 190 M M 1 30 200
11 98 80 89 3 0 24 0.00 0.0 0 12.7 21 210 M M 3 33 210
12 101 82 92 6 0 27 0.00 0.0 0 12.7 23 190 M M 3 30 200
13 101 82 92 6 0 27 0.00 0.0 0 12.3 20 170 M M 1 30 170
14 103 82 93 7 0 28 0.00 0.0 0 12.8 20 190 M M 3 26 180
15 103 80 92 6 0 27 0.00 0.0 0 8.1 17 170 M M 4 24 160
16 104 73 89 3 0 24 0.29 0.0 0 8.2 49 30 M M 8 378 68 20
17 94 72 83 -3 0 18 T 0.0 0 3.3 12 230 M M 8 16 220
18 95 74 85 -1 0 20 0.00 0.0 0 9.9 22 10 M M 2 31 20
19 93 69 81 -5 0 16 0.00 0.0 0 6.5 17 350 M M 2 22 350
20 92 70 81 -5 0 16 0.00 0.0 0 5.9 13 120 M M 1 19 110
21 94 69 82 -3 0 17 T 0.0 0 5.7 13 120 M M 4 16 70
22 95 72 84 -1 0 19 0.00 0.0 0 5.5 14 110 M M 3 21 80
23 95 73 84 -1 0 19 0.00 0.0 0 4.2 13 120 M M 2 19 110
24 96 74 85 0 0 20 0.00 0.0 0 5.7 15 40 M M 3 20 30
25 96 74 85 0 0 20 0.00 0.0 0 5.8 16 110 M M 5 22 40
26 94 75 85 1 0 20 0.00 0.0 0 9.0 25 70 M M 5 3 33 70
27 94 73 84 0 0 19 0.02 0.0 0 5.3 26 340 M M 5 3 32 340
28 104 75 90 6 0 25 T 0.0 0 9.9 21 160 M M 2 29 150
29 106 80 93 9 0 28 0.01 0.0 0 11.0 32 280 M M 4 3 42 280
30 95 73 84 0 0 19 0.95 0.0 0 9.8 23 330 M M 6 13 34 340
31 98 80 89 6 0 24 0.01 0.0 0 12.2 21 200 M M 7 28 200
================================================================================
SM 3001 2332 0 659 1.28 0.0 277.2 M 112
================================================================================
AV 96.8 75.2 8.9 FASTST M M 4 MAX(MPH)
MISC ----> # 49 30 # 68 20
================================================================================
NOTES:
# LAST OF SEVERAL OCCURRENCES
COLUMN 17 PEAK WIND IN M.P.H.
PRELIMINARY LOCAL CLIMATOLOGICAL DATA (WS FORM: F-6) , PAGE 2
STATION: DALLAS FORT WORTH
MONTH: AUGUST
YEAR: 2020
LATITUDE: 32 54 N
LONGITUDE: 97 2 W
[TEMPERATURE DATA] [PRECIPITATION DATA] SYMBOLS USED IN COLUMN 16
AVERAGE MONTHLY: 86.0 TOTAL FOR MONTH: 1.28 1 = FOG OR MIST
DPTR FM NORMAL: 0.4 DPTR FM NORMAL: -0.63 2 = FOG REDUCING VISIBILITY
HIGHEST: 106 ON 29 GRTST 24HR 0.95 ON 30-30 TO 1/4 MILE OR LESS
LOWEST: 69 ON 21,19 3 = THUNDER
SNOW, ICE PELLETS, HAIL 4 = ICE PELLETS
TOTAL MONTH: 0.0 INCH 5 = HAIL
GRTST 24HR 0.0 6 = FREEZING RAIN OR DRIZZLE
GRTST DEPTH: 0 7 = DUSTSTORM OR SANDSTORM:
VSBY 1/2 MILE OR LESS
8 = SMOKE OR HAZE
[NO. OF DAYS WITH] [WEATHER - DAYS WITH] 9 = BLOWING SNOW
X = TORNADO
MAX 32 OR BELOW: 0 0.01 INCH OR MORE: 5
MAX 90 OR ABOVE: 31 0.10 INCH OR MORE: 2
MIN 32 OR BELOW: 0 0.50 INCH OR MORE: 1
MIN 0 OR BELOW: 0 1.00 INCH OR MORE: 0
[HDD (BASE 65) ]
TOTAL THIS MO. 0 CLEAR (SCALE 0-3) 13
DPTR FM NORMAL 0 PTCLDY (SCALE 4-7) 17
TOTAL FM JUL 1 0 CLOUDY (SCALE 8-10) 1
DPTR FM NORMAL 0
[CDD (BASE 65) ]
TOTAL THIS MO. 659
DPTR FM NORMAL 21 [PRESSURE DATA]
TOTAL FM JAN 1 2311 HIGHEST SLP 30.10 ON 17
DPTR FM NORMAL 129 LOWEST SLP 29.63 ON 30
[REMARKS]
NO EDITS
#FINAL-08-20#