000
CXUS53 KDLH 010722
CF6DLH
PRELIMINARY LOCAL CLIMATOLOGICAL DATA (WS FORM: F-6)
STATION: DULUTH
MONTH: MARCH
YEAR: 2020
LATITUDE: 46 49 N
LONGITUDE: 92 11 W
TEMPERATURE IN F: :PCPN: SNOW: WIND :SUNSHINE: SKY :PK WND
================================================================================
1 2 3 4 5 6A 6B 7 8 9 10 11 12 13 14 15 16 17 18
12Z AVG MX 2MIN
DY MAX MIN AVG DEP HDD CDD WTR SNW DPTH SPD SPD DIR MIN PSBL S-S WX SPD DR
================================================================================
1 42 22 32 12 33 0 T T 21 14.1 32 280 M M 3 1 42 290
2 36 25 31 11 34 0 T T 21 14.8 26 310 M M 6 37 310
3 36 24 30 9 35 0 0.01 0.1 22 16.0 26 280 M M 9 1 36 290
4 36 14 25 4 40 0 T T 22 9.0 16 110 M M 3 24 310
5 32 17 25 3 40 0 0.22 2.2 22 11.7 23 350 M M 8 1289 35 10
6 29 3 16 -6 49 0 0.00 0.0 24 7.2 14 180 M M 0 18 190
7 46 25 36 14 29 0 0.00 0.0 23 12.1 23 220 M M 0 28 220
8 51 33 42 19 23 0 0.00 0.0 21 11.1 22 210 M M 2 29 210
9 35 23 29 6 36 0 0.00 0.0 19 9.1 16 340 M M 5 22 340
10 37 17 27 3 38 0 0.00 0.0 18 6.6 16 230 M M 3 22 250
11 39 21 30 6 35 0 0.00 0.0 18 7.7 20 180 M M 6 1 28 180
12 37 28 33 9 32 0 0.20 T 18 10.5 26 300 M M 10 19 40 300
13 29 17 23 -2 42 0 T T 17 18.6 32 300 M M 5 89 47 300
14 28 13 21 -4 44 0 T T 17 5.0 15 310 M M 1 21 320
15 30 9 20 -6 45 0 T T 17 9.2 21 120 M M 6 1 27 110
16 34 18 26 0 39 0 0.03 0.4 17 12.5 22 300 M M 8 18 31 310
17 36 15 26 0 39 0 T T 17 10.4 21 270 M M 1 29 280
18 33 28 31 4 34 0 T T 17 9.6 16 90 M M 10 168 21 100
19 36 25 31 4 34 0 0.02 0.2 17 10.3 26 350 M M 10 126 38 340
20 27 13 20 -8 45 0 T T 17 10.9 24 340 M M 4 39 350
21 29 3 16 -12 49 0 0.00 0.0 16 7.4 17 110 M M 2 22 80
22 35 24 30 2 35 0 0.05 1.0 17 12.0 21 160 M M 10 18 28 170
23 44 30 37 8 28 0 T T 16 5.4 16 220 M M 4 1 21 230
24 41 24 33 4 32 0 T 0.0 15 8.1 17 220 M M 5 1 24 190
25 38 33 36 6 29 0 T 0.0 14 9.5 17 310 M M 9 1 25 310
26 37 25 31 1 34 0 0.00 0.0 12 7.7 16 110 M M 5 20 110
27 49 22 36 6 29 0 0.00 0.0 10 5.1 18 250 M M 3 12 24 250
28 40 33 37 6 28 0 0.44 2.3 9 16.6 32 60 M M 5 13 43 50
29 47 33 40 9 25 0 0.77 3.9 13 11.9 32 50 M M 9 1 45 60
30 42 30 36 4 29 0 0.00 0.0 11 7.4 15 110 M M 1 19 110
31 38 24 31 -1 34 0 0.00 0.0 9 10.0 17 110 M M 0 22 90
================================================================================
SM 1149 671 1098 0 1.74 10.1 317.5 M 153
================================================================================
AV 37.1 21.7 10.2 FASTST M M 5 MAX(MPH)
MISC ----> # 32 280 # 47 300
================================================================================
NOTES:
# LAST OF SEVERAL OCCURRENCES
COLUMN 17 PEAK WIND IN M.P.H.
PRELIMINARY LOCAL CLIMATOLOGICAL DATA (WS FORM: F-6) , PAGE 2
STATION: DULUTH
MONTH: MARCH
YEAR: 2020
LATITUDE: 46 49 N
LONGITUDE: 92 11 W
[TEMPERATURE DATA] [PRECIPITATION DATA] SYMBOLS USED IN COLUMN 16
AVERAGE MONTHLY: 29.4 TOTAL FOR MONTH: 1.74 1 = FOG OR MIST
DPTR FM NORMAL: 3.5 DPTR FM NORMAL: 0.25 2 = FOG REDUCING VISIBILITY
HIGHEST: 51 ON 8 GRTST 24HR 0.77 ON 29-29 TO 1/4 MILE OR LESS
LOWEST: 3 ON 21, 6 3 = THUNDER
SNOW, ICE PELLETS, HAIL 4 = ICE PELLETS
TOTAL MONTH: 10.1 INCHES 5 = HAIL
GRTST 24HR 3.9 ON 29-29 6 = FREEZING RAIN OR DRIZZLE
GRTST DEPTH: 24 ON 6 7 = DUSTSTORM OR SANDSTORM:
VSBY 1/2 MILE OR LESS
8 = SMOKE OR HAZE
[NO. OF DAYS WITH] [WEATHER - DAYS WITH] 9 = BLOWING SNOW
X = TORNADO
MAX 32 OR BELOW: 7 0.01 INCH OR MORE: 8
MAX 90 OR ABOVE: 0 0.10 INCH OR MORE: 4
MIN 32 OR BELOW: 27 0.50 INCH OR MORE: 1
MIN 0 OR BELOW: 0 1.00 INCH OR MORE: 0
[HDD (BASE 65) ]
TOTAL THIS MO. 1098 CLEAR (SCALE 0-3) 10
DPTR FM NORMAL -112 PTCLDY (SCALE 4-7) 14
TOTAL FM JUL 1 7539 CLOUDY (SCALE 8-10) 7
DPTR FM NORMAL -538
[CDD (BASE 65) ]
TOTAL THIS MO. 0
DPTR FM NORMAL 0 [PRESSURE DATA]
TOTAL FM JAN 1 0 HIGHEST SLP M ON M
DPTR FM NORMAL 0 LOWEST SLP 29.37 ON 3
[REMARKS]
#FINAL-03-20#