000
CXUS56 KTFX 241828
CF6DLN
PRELIMINARY LOCAL CLIMATOLOGICAL DATA (WS FORM: F-6)
STATION: DILLON AIRPORT MT
MONTH: FEBRUARY
YEAR: 2024
LATITUDE: 45 15 N
LONGITUDE: 112 33 W
TEMPERATURE IN F: :PCPN: SNOW: WIND :SUNSHINE: SKY :PK WND
================================================================================
1 2 3 4 5 6A 6B 7 8 9 10 11 12 13 14 15 16 17 18
12Z AVG MX 2MIN
DY MAX MIN AVG DEP HDD CDD WTR SNW DPTH SPD SPD DIR MIN PSBL S-S WX SPD DR
================================================================================
1 47 26 37 14 28 0 0.00 M M 5.5 24 150 M M 2 35 150
2 44 31 38 15 27 0 0.02 M M 4.0 9 210 M M 10 1 11 220
3 32 30 31 8 34 0 M M M 5.1 9 210 M M 10 1 12 200
4 30 17 24 1 41 0 M M M 5.3 15 40 M M 7 1 21 220
5 40 17 29 6 36 0 T M 3 5.0 20 140 M M 3 1 25 140
6 32 23 28 5 37 0 0.02 M M 2.2 10 130 M M 9 1 11 130
7 34 27 31 8 34 0 0.05 M 6 3.7 13 50 M M 10 1 16 60
8 33 23 28 5 37 0 T M M 2.6 8 40 M M 9 1 10 40
9 28 21 25 2 40 0 0.03 M 7 2.8 9 70 M M 10 12 11 70
10 26 12 19 -4 46 0 0.00 M M 8.4 17 200 M M 5 1 24 200
11 30 13 22 -2 43 0 T M M 6.3 16 230 M M 7 19 220
12 35 24 30 6 35 0 T M M 11.5 22 230 M M 8 29 230
13 34 15 25 1 40 0 0.00 M M 11.1 17 210 M M 4 22 210
14 20 10 15 -9 50 0 T M 6 4.3 14 60 M M 7 1 17 60
15 19 12 16 -8 49 0 T M M 11.4 22 50 M M 9 18 28 60
16 15 -8 4 -20 61 0 0.01 M 5 10.4 22 40 M M 7 18 28 50
17 16 -11 3 -21 62 0 0.00 M M 7.1 18 220 M M 0 21 220
18 32 6 19 -6 46 0 T M M 5.8 14 200 M M 8 1 17 220
19 34 18 26 1 39 0 0.00 M M 7.1 14 220 M M 2 18 210
20 42 16 29 4 36 0 0.00 M M 7.0 16 170 M M 3 22 180
21 40 23 32 6 33 0 0.00 M M 7.3 14 200 M M 4 17 190
22 39 22 31 5 34 0 0.00 M M 11.1 18 210 M M 5 23 220
23 39 21 30 4 35 0 0.00 M M 12.9 20 220 M M 0 26 210
24 45 24 35 9 30 0 0.00 M M 12.8 21 230 M M 5 28 230
25 46 34 40 13 25 0 0.00 M M 13.0 29 220 M M 7 40 210
26 41 20 31 4 34 0 0.01 M M 15.3 30 230 M M 7 12 42 230
27 26 8 17 -11 48 0 0.00 M M 14.4 32 270 M M 3 41 260
28 39 14 27 -1 38 0 0.00 M M 13.3 26 190 M M 4 34 190
29 44 23 34 6 31 0 0.00 M M 15.5 36 170 M M 2 53 160
================================================================================
SM 982 511 1129 0 0.14 M 242.2 M 167
================================================================================
AV 33.9 17.6 8.4 FASTST M M 6 MAX(MPH)
MISC ----> 36 170 53 160
================================================================================
NOTES:
# LAST OF SEVERAL OCCURRENCES
COLUMN 17 PEAK WIND IN M.P.H.
PRELIMINARY LOCAL CLIMATOLOGICAL DATA (WS FORM: F-6) , PAGE 2
STATION: DILLON AIRPORT MT
MONTH: FEBRUARY
YEAR: 2024
LATITUDE: 45 15 N
LONGITUDE: 112 33 W
[TEMPERATURE DATA] [PRECIPITATION DATA] SYMBOLS USED IN COLUMN 16
AVERAGE MONTHLY: 25.7 TOTAL FOR MONTH: 0.14 1 = FOG OR MIST
DPTR FM NORMAL: 1.2 DPTR FM NORMAL: -0.10 2 = FOG REDUCING VISIBILITY
HIGHEST: 47 ON 1 GRTST 24HR 0.07 ON 6- 7 TO 1/4 MILE OR LESS
LOWEST: -11 ON 17 3 = THUNDER
SNOW, ICE PELLETS, HAIL 4 = ICE PELLETS
TOTAL MONTH: M 5 = HAIL
GRTST 24HR M ON M 6 = FREEZING RAIN OR DRIZZLE
GRTST DEPTH: 7 ON 9 7 = DUSTSTORM OR SANDSTORM:
VSBY 1/2 MILE OR LESS
8 = SMOKE OR HAZE
[NO. OF DAYS WITH] [WEATHER - DAYS WITH] 9 = BLOWING SNOW
X = TORNADO
MAX 32 OR BELOW: 12 0.01 INCH OR MORE: 6
MAX 90 OR ABOVE: 0 0.10 INCH OR MORE: 0
MIN 32 OR BELOW: 28 0.50 INCH OR MORE: 0
MIN 0 OR BELOW: 2 1.00 INCH OR MORE: 0
[HDD (BASE 65) ]
TOTAL THIS MO. 1129 CLEAR (SCALE 0-3) 8
DPTR FM NORMAL -5 PTCLDY (SCALE 4-7) 14
TOTAL FM JUL 1 5594 CLOUDY (SCALE 8-10) 7
DPTR FM NORMAL -532
[CDD (BASE 65) ]
TOTAL THIS MO. 0
DPTR FM NORMAL 0 [PRESSURE DATA]
TOTAL FM JAN 1 0 HIGHEST SLP 30.74 ON 17
DPTR FM NORMAL 0 LOWEST SLP 29.34 ON 26
[REMARKS]
#FINAL-02-24#