000
CXUS55 KCAE 011400
CF6DNL
PRELIMINARY LOCAL CLIMATOLOGICAL DATA (WS FORM: F-6)
STATION: AUGUSTA DANIEL FIELD GA
MONTH: JULY
YEAR: 2020
LATITUDE: 33 28 N
LONGITUDE: 82 2 W
TEMPERATURE IN F: :PCPN: SNOW: WIND :SUNSHINE: SKY :PK WND
================================================================================
1 2 3 4 5 6A 6B 7 8 9 10 11 12 13 14 15 16 17 18
12Z AVG MX 2MIN
DY MAX MIN AVG DEP HDD CDD WTR SNW DPTH SPD SPD DIR MIN PSBL S-S WX SPD DR
================================================================================
1 91 74 83 2 0 18 0.00 M M 5.0 14 300 M M 2 20 250
2 95 75 85 3 0 20 0.00 M M 5.2 13 20 M M 3 19 40
3 95 76 86 4 0 21 0.00 M M 4.4 10 60 M M 1 15 70
4 97 76 87 5 0 22 0.00 M M 3.5 12 120 M M 1 8 16 110
5 94 73 84 2 0 19 0.00 M M 6.2 14 150 M M 1 8 18 120
6 90 74 82 0 0 17 0.92 M M 6.9 20 200 M M 6 13 26 200
7 81 75 78 -4 0 13 5.13 M M 6.4 16 140 M M 10 1 19 150
8 89 74 82 0 0 17 T M M 5.4 13 30 M M 9 1 18 20
9 90 75 83 1 0 18 0.04 M M 6.2 13 360 M M 4 18 20
10 96 77 87 5 0 22 0.00 M M 3.8 15 10 M M 1 17 10
11 95 77 86 4 0 21 0.00 M M 5.0 15 320 M M 1 19 320
12 95 75 85 3 0 20 0.00 M M 3.6 8 190 M M 1 15 270
13 95 76 86 4 0 21 0.00 M M 3.4 14 320 M M 1 17 330
14 98 78 88 6 0 23 0.00 M M 2.9 10 60 M M 2 17 320
15 99 77 88 6 0 23 0.00 M M 4.8 15 130 M M 1 21 130
16 97 78 88 6 0 23 0.00 M M 6.8 16 150 M M 2 128 25 120
17 95 77 86 4 0 21 T M M 4.0 12 70 M M 3 138 14 110
18 98 78 88 6 0 23 0.00 M M 4.8 10 200 M M 2 14 200
19 99 78 89 7 0 24 0.00 M M 5.3 12 200 M M 1 16 200
20 99 78 89 7 0 24 0.15 0.0 0 5.2 18 200 M M 1 3 24 190
21 97 77 87 5 0 22 0.00 M M 5.0 15 350 M M 1 3 20 350
22 97 76 87 5 0 22 0.00 M M 4.7 17 180 M M 1 22 150
23 97 76 87 5 0 22 0.22 M M 4.5 15 180 M M 2 138 20 170
24 95 72 84 2 0 19 3.22 M M 3.3 30 200 M M 1 1238 37 210
25 90 75 83 1 0 18 0.01 M M 2.5 16 140 M M 2 3 22 100
26 93 73 83 1 0 18 0.08 M M 2.2 10 190 M M 1 18 12 200
27 97 77 87 5 0 22 0.00 M M 5.1 12 210 M M 1 3 15 210
28 96 78 87 5 0 22 0.34 M M 5.0 29 150 M M 2 38 38 160
29 92 76 84 2 0 19 0.00 M M 6.1 15 220 M M 4 21 210
30 90 77 84 2 0 19 0.06 M M 5.1 16 210 M M 8 13 21 200
31 96 77 87 5 0 22 0.00 M M 6.7 13 260 M M 1 3 21 210
================================================================================
SM 2928 2355 0 635 10.17 0.0 149.0 M 77
================================================================================
AV 94.5 76.0 4.8 FASTST M M 2 MAX(MPH)
MISC ----> # 30 200 # 38 160
================================================================================
NOTES:
# LAST OF SEVERAL OCCURRENCES
COLUMN 17 PEAK WIND IN M.P.H.
PRELIMINARY LOCAL CLIMATOLOGICAL DATA (WS FORM: F-6) , PAGE 2
STATION: AUGUSTA DANIEL FIELD GA
MONTH: JULY
YEAR: 2020
LATITUDE: 33 28 N
LONGITUDE: 82 2 W
[TEMPERATURE DATA] [PRECIPITATION DATA] SYMBOLS USED IN COLUMN 16
AVERAGE MONTHLY: 85.2 TOTAL FOR MONTH: 10.17 1 = FOG OR MIST
DPTR FM NORMAL: 3.1 DPTR FM NORMAL: 4.90 2 = FOG REDUCING VISIBILITY
HIGHEST: 99 ON 20,19 GRTST 24HR 5.13 ON 7- 7 TO 1/4 MILE OR LESS
LOWEST: 72 ON 24 3 = THUNDER
SNOW, ICE PELLETS, HAIL 4 = ICE PELLETS
TOTAL MONTH: 0.0 INCH 5 = HAIL
GRTST 24HR 0.0 6 = FREEZING RAIN OR DRIZZLE
GRTST DEPTH: 0 7 = DUSTSTORM OR SANDSTORM:
VSBY 1/2 MILE OR LESS
8 = SMOKE OR HAZE
[NO. OF DAYS WITH] [WEATHER - DAYS WITH] 9 = BLOWING SNOW
X = TORNADO
MAX 32 OR BELOW: 0 0.01 INCH OR MORE: 10
MAX 90 OR ABOVE: 29 0.10 INCH OR MORE: 6
MIN 32 OR BELOW: 0 0.50 INCH OR MORE: 3
MIN 0 OR BELOW: 0 1.00 INCH OR MORE: 2
[HDD (BASE 65) ]
TOTAL THIS MO. 0 CLEAR (SCALE 0-3) 25
DPTR FM NORMAL 0 PTCLDY (SCALE 4-7) 4
TOTAL FM JUL 1 0 CLOUDY (SCALE 8-10) 2
DPTR FM NORMAL 0
[CDD (BASE 65) ]
TOTAL THIS MO. 635
DPTR FM NORMAL 105 [PRESSURE DATA]
TOTAL FM JAN 1 1568 HIGHEST SLP 30.21 ON 17
DPTR FM NORMAL 247 LOWEST SLP 29.76 ON 12
[REMARKS]
#FINAL-07-20#