000
CXUS55 KGJT 011000
CF6DRO
PRELIMINARY LOCAL CLIMATOLOGICAL DATA (WS FORM: F-6)
STATION: DURANGO AIRPORT CO
MONTH: JULY
YEAR: 2020
LATITUDE: 37 9 N
LONGITUDE: 107 45 W
TEMPERATURE IN F: :PCPN: SNOW: WIND :SUNSHINE: SKY :PK WND
================================================================================
1 2 3 4 5 6A 6B 7 8 9 10 11 12 13 14 15 16 17 18
12Z AVG MX 2MIN
DY MAX MIN AVG DEP HDD CDD WTR SNW DPTH SPD SPD DIR MIN PSBL S-S WX SPD DR
================================================================================
1 84 36 60 -6 5 0 0.00 M M 6.2 20 240 M M 0 8 29 200
2 86 43 65 -2 0 0 0.00 M M 7.0 18 250 M M 0 26 250
3 88 57 73 6 0 8 0.00 M M 6.9 23 270 M M 2 30 280
4 85 57 71 4 0 6 T M M 6.9 28 340 M M 2 41 330
5 90 52 71 4 0 6 0.00 M M 7.5 23 360 M M 1 34 10
6 92 53 73 6 0 8 0.00 M M 6.0 28 320 M M 0 40 320
7 91 54 73 5 0 8 T M M 8.2 25 260 M M 0 3 36 280
8 90 44 67 -1 0 2 0.00 M M 8.6 28 270 M M 0 37 270
9 91 48 70 2 0 5 0.00 M M 7.7 25 290 M M 0 37 310
10 93 48 71 3 0 6 0.00 M M 8.9 25 280 M M 0 35 310
11 98 44 71 3 0 6 0.00 M M 7.1 23 320 M M 0 35 250
12 97 57 77 9 0 12 0.00 M M 8.5 26 260 M M 0 38 280
13 94 56 75 6 0 10 0.00 M M 7.7 32 260 M M 1 43 250
14 91 61 76 7 0 11 T M M 7.6 25 270 M M 1 33 230
15 93 57 75 6 0 10 T M M 8.0 22 260 M M 2 3 33 190
16 85 59 72 3 0 7 0.03 M M 6.7 29 130 M M 5 3 39 130
17 88 57 73 4 0 8 0.25 M M 6.4 24 10 M M 5 13 32 150
18 85 53 69 0 0 4 T M M 3.8 23 320 M M 2 3 30 310
19 89 50 70 1 0 5 0.00 M M 6.1 28 20 M M 0 33 20
20 88 52 70 1 0 5 0.11 M M 7.0 33 320 M M 0 3 51 270
21 89 49 69 0 0 4 0.00 M M 8.1 28 10 M M 1 3 38 350
22 79 57 68 -2 0 3 T M M 7.0 24 130 M M 3 32 110
23 83 49 66 -4 0 1 0.13 M M 5.6 23 230 M M 3 13 31 220
24 76 58 67 -3 0 2 0.09 M M 3.7 12 60 M M 8 3 16 210
25 74 60 67 -3 0 2 0.36 M M 4.3 18 270 M M 10 13 29 270
26 82 57 70 0 0 5 0.01 M M 5.7 29 130 M M 5 13 35 140
27 80 57 69 -1 0 4 0.55 M M 5.5 23 150 M M 5 13 35 140
28 85 56 71 1 0 6 0.04 M M 7.8 26 270 M M 0 1 37 260
29 89 53 71 1 0 6 0.00 M M 7.3 26 270 M M 0 37 250
30 91 51 71 1 0 6 0.00 M M 6.9 24 340 M M 0 32 350
31 88 51 70 1 0 5 0.03 M M 6.3 25 270 M M 0 3 43 310
================================================================================
SM 2714 1636 5 171 1.60 M 211.0 M 56
================================================================================
AV 87.6 52.8 6.8 FASTST M M 2 MAX(MPH)
MISC ----> # 33 320 # 51 270
================================================================================
NOTES:
# LAST OF SEVERAL OCCURRENCES
COLUMN 17 PEAK WIND IN M.P.H.
PRELIMINARY LOCAL CLIMATOLOGICAL DATA (WS FORM: F-6) , PAGE 2
STATION: DURANGO AIRPORT CO
MONTH: JULY
YEAR: 2020
LATITUDE: 37 9 N
LONGITUDE: 107 45 W
[TEMPERATURE DATA] [PRECIPITATION DATA] SYMBOLS USED IN COLUMN 16
AVERAGE MONTHLY: 70.2 TOTAL FOR MONTH: 1.60 1 = FOG OR MIST
DPTR FM NORMAL: 1.6 DPTR FM NORMAL: -0.12 2 = FOG REDUCING VISIBILITY
HIGHEST: 98 ON 11 GRTST 24HR 0.55 ON 27-27 TO 1/4 MILE OR LESS
LOWEST: 36 ON 1 3 = THUNDER
SNOW, ICE PELLETS, HAIL 4 = ICE PELLETS
TOTAL MONTH: M 5 = HAIL
GRTST 24HR M ON M 6 = FREEZING RAIN OR DRIZZLE
GRTST DEPTH: M ON M 7 = DUSTSTORM OR SANDSTORM:
VSBY 1/2 MILE OR LESS
8 = SMOKE OR HAZE
[NO. OF DAYS WITH] [WEATHER - DAYS WITH] 9 = BLOWING SNOW
X = TORNADO
MAX 32 OR BELOW: 0 0.01 INCH OR MORE: 10
MAX 90 OR ABOVE: 12 0.10 INCH OR MORE: 5
MIN 32 OR BELOW: 0 0.50 INCH OR MORE: 1
MIN 0 OR BELOW: 0 1.00 INCH OR MORE: 0
[HDD (BASE 65) ]
TOTAL THIS MO. 5 CLEAR (SCALE 0-3) 24
DPTR FM NORMAL -5 PTCLDY (SCALE 4-7) 6
TOTAL FM JUL 1 5 CLOUDY (SCALE 8-10) 1
DPTR FM NORMAL -5
[CDD (BASE 65) ]
TOTAL THIS MO. 171
DPTR FM NORMAL 49 [PRESSURE DATA]
TOTAL FM JAN 1 235 HIGHEST SLP 30.15 ON 27
DPTR FM NORMAL 84 LOWEST SLP 29.77 ON 7
[REMARKS]
#FINAL-07-20#