000
CXUS54 KFWD 010730
CF6DTO
PRELIMINARY LOCAL CLIMATOLOGICAL DATA (WS FORM: F-6)
STATION: DENTON
MONTH: JULY
YEAR: 2023
LATITUDE: 33 12 N
LONGITUDE: 97 12 W
TEMPERATURE IN F: :PCPN: SNOW: WIND :SUNSHINE: SKY :PK WND
================================================================================
1 2 3 4 5 6A 6B 7 8 9 10 11 12 13 14 15 16 17 18
12Z AVG MX 2MIN
DY MAX MIN AVG DEP HDD CDD WTR SNW DPTH SPD SPD DIR MIN PSBL S-S WX SPD DR
================================================================================
1 86 69 78 -5 0 13 T M M 6.2 23 150 M M 0 29 160
2 96 66 81 -2 0 16 0.00 M M 5.6 16 140 M M 1 22 160
3 103 70 87 4 0 22 0.57 M M 8.7 32 40 M M 3 13 45 40
4 99 72 86 3 0 21 0.00 M M 9.1 17 170 M M 2 3 27 160
5 99 78 89 6 0 24 0.00 M M 8.1 18 160 M M 1 3 24 120
6 98 77 88 5 0 23 0.00 M M 7.2 16 220 M M 3 3 22 280
7 98 76 87 3 0 22 0.00 M M 10.4 25 190 M M 1 33 190
8 99 80 90 6 0 25 T M M 9.5 18 80 M M 2 3 27 70
9 88 72 80 -4 0 15 0.30 M M 8.2 23 340 M M 2 3 34 340
10 96 76 86 2 0 21 0.03 M M 7.8 14 100 M M 5 3 20 110
11 99 75 87 3 0 22 T M M 11.3 22 30 M M 1 3 32 40
12 107 81 94 10 0 29 0.00 M M 12.8 22 200 M M 0 34 180
13 105 81 93 9 0 28 T M M 13.6 21 170 M M 0 3 32 230
14 103 84 94 10 0 29 T M M 11.7 21 180 M M 0 26 170
15 98 81 90 6 0 25 0.00 M M 10.2 20 340 M M 1 29 330
16 89 74 82 -3 0 17 0.17 M M 8.1 30 310 M M 1 13 42 320
17 108 75 92 7 0 27 0.00 M M 8.3 17 220 M M 0 26 260
18 110 79 95 10 0 30 0.00 M M 13.5 24 190 M M 0 35 170
19 108 82 95 10 0 30 0.00 M M 12.5 23 200 M M 0 30 200
20 106 82 94 9 0 29 0.00 M M 9.2 17 140 M M 0 24 180
21 102 77 90 5 0 25 0.00 M M 9.2 18 10 M M 0 24 10
22 94 72 83 -2 0 18 0.00 M M 8.6 18 20 M M 2 23 350
23 99 63 81 -4 0 16 0.00 M M 5.1 12 130 M M 0 17 120
24 103 67 85 0 0 20 0.00 M M 6.7 16 130 M M 0 24 140
25 106 71 89 4 0 24 0.00 M M 7.8 21 170 M M 0 29 150
26 103 72 88 2 0 23 0.00 M M 10.4 22 170 M M 0 34 180
27 102 77 90 4 0 25 0.00 M M 9.7 20 170 M M 0 28 180
28 102 75 89 3 0 24 0.00 M M 9.0 18 150 M M 0 28 190
29 103 73 88 2 0 23 0.00 M M 6.4 14 140 M M 0 22 90
30 104 71 88 2 0 23 0.00 M M 5.3 14 120 M M 0 21 150
31 106 72 89 3 0 24 0.00 M M 6.8 18 150 M M 0 26 140
================================================================================
SM 3119 2320 0 713 1.07 M 277.0 M 25
================================================================================
AV100.6 74.8 8.9 FASTST M M 1 MAX(MPH)
MISC ----> 32 40 45 40
================================================================================
NOTES:
# LAST OF SEVERAL OCCURRENCES
COLUMN 17 PEAK WIND IN M.P.H.
PRELIMINARY LOCAL CLIMATOLOGICAL DATA (WS FORM: F-6) , PAGE 2
STATION: DENTON
MONTH: JULY
YEAR: 2023
LATITUDE: 33 12 N
LONGITUDE: 97 12 W
[TEMPERATURE DATA] [PRECIPITATION DATA] SYMBOLS USED IN COLUMN 16
AVERAGE MONTHLY: 87.7 TOTAL FOR MONTH: 1.07 1 = FOG OR MIST
DPTR FM NORMAL: 3.3 DPTR FM NORMAL: -0.70 2 = FOG REDUCING VISIBILITY
HIGHEST: 110 ON 18 GRTST 24HR 0.57 ON 3- 3 TO 1/4 MILE OR LESS
LOWEST: 63 ON 23 3 = THUNDER
SNOW, ICE PELLETS, HAIL 4 = ICE PELLETS
TOTAL MONTH: M 5 = HAIL
GRTST 24HR M ON M 6 = FREEZING RAIN OR DRIZZLE
GRTST DEPTH: M ON M 7 = DUSTSTORM OR SANDSTORM:
VSBY 1/2 MILE OR LESS
8 = SMOKE OR HAZE
[NO. OF DAYS WITH] [WEATHER - DAYS WITH] 9 = BLOWING SNOW
X = TORNADO
MAX 32 OR BELOW: 0 0.01 INCH OR MORE: 4
MAX 90 OR ABOVE: 28 0.10 INCH OR MORE: 3
MIN 32 OR BELOW: 0 0.50 INCH OR MORE: 1
MIN 0 OR BELOW: 0 1.00 INCH OR MORE: 0
[HDD (BASE 65) ]
TOTAL THIS MO. 0 CLEAR (SCALE 0-3) 29
DPTR FM NORMAL 0 PTCLDY (SCALE 4-7) 2
TOTAL FM JUL 1 0 CLOUDY (SCALE 8-10) 0
DPTR FM NORMAL 0
[CDD (BASE 65) ]
TOTAL THIS MO. 713
DPTR FM NORMAL 110 [PRESSURE DATA]
TOTAL FM JAN 1 1620 HIGHEST SLP M ON M
DPTR FM NORMAL 212 LOWEST SLP 29.70 ON 13
[REMARKS]
#FINAL-07-23#