000
CXUS51 KPBZ 010830
CF6DUJ
PRELIMINARY LOCAL CLIMATOLOGICAL DATA (WS FORM: F-6)
STATION: DUBOIS PA
MONTH: NOVEMBER
YEAR: 2022
LATITUDE: 41 10 N
LONGITUDE: 78 54 W
TEMPERATURE IN F: :PCPN: SNOW: WIND :SUNSHINE: SKY :PK WND
================================================================================
1 2 3 4 5 6A 6B 7 8 9 10 11 12 13 14 15 16 17 18
12Z AVG MX 2MIN
DY MAX MIN AVG DEP HDD CDD WTR SNW DPTH SPD SPD DIR MIN PSBL S-S WX SPD DR
================================================================================
1 60 50 55 11 10 0 T M M 7.0 13 270 M M 8 18 18 280
2 65 47 56 12 9 0 0.00 M M 3.3 8 130 M M 4 18 11 100
3 68 43 56 12 9 0 0.00 M M 5.8 12 150 M M 0 16 150
4 70 47 59 16 6 0 0.00 M M 6.7 16 230 M M 0 21 220
5 76 58 67 24 0 2 0.00 M M 10.4 18 170 M M 4 33 150
6 72 64 68 25 0 3 T M M 9.0 18 240 M M 4 26 240
7 64 42 53 11 12 0 0.00 M M 10.5 17 290 M M 0 22 310
8 56 34 45 3 20 0 0.00 M M 7.0 14 10 M M 0 17 360
9 60 31 46 4 19 0 0.00 M M 8.3 15 130 M M 0 20 120
10 67 38 53 12 12 0 0.00 M M 5.8 13 230 M M 0 17 240
11 63 53 58 17 7 0 1.71 M M 9.0 16 130 M M 8 1 21 130
12 60 34 47 7 18 0 0.09 M M 10.3 21 310 M M 10 1 30 320
13 38 31 35 -5 30 0 0.06 M M 12.0 21 270 M M 10 18 27 260
14 35 28 32 -8 33 0 0.00 M M 4.8 12 290 M M 9 16 300
15 33 26 30 -9 35 0 0.34 M M 8.6 16 110 M M 6 126 22 110
16 35 30 33 -6 32 0 0.01 M M 13.5 22 240 M M 10 128 28 260
17 32 27 30 -9 35 0 0.02 M M 14.2 24 240 M M 10 18 32 270
18 30 21 26 -12 39 0 T M M 14.0 24 250 M M 9 128 32 260
19 28 18 23 -15 42 0 T M M 11.7 26 240 M M 8 8 36 240
20 26 13 20 -18 45 0 T M M 15.2 30 250 M M 6 128 39 270
21 40 12 26 -11 39 0 0.00 M M 10.3 21 220 M M 0 32 230
22 46 27 37 0 28 0 0.00 M M 7.6 18 240 M M 0 23 250
23 50 30 40 4 25 0 0.00 M M 4.7 10 250 M M 0 14 260
24 56 29 43 7 22 0 0.00 M M 4.6 8 180 M M 0 13 200
25 48 35 42 6 23 0 0.09 M M 11.5 22 300 M M 9 18 33 310
26 50 29 40 5 25 0 0.00 M M 7.3 16 260 M M 1 1 21 260
27 52 37 45 10 20 0 0.67 M M 10.6 28 250 M M 7 13 38 270
28 48 34 41 6 24 0 0.01 M M 6.5 24 250 M M 10 1 32 260
29 47 33 40 6 25 0 0.00 M M 6.6 16 130 M M 7 23 130
30 52 27 40 6 25 0 0.37 M M 15.9 36 280 M M 10 18 50 270
================================================================================
SM 1527 1028 669 5 3.37 M 272.7 M 150
================================================================================
AV 50.9 34.3 9.1 FASTST M M 5 MAX(MPH)
MISC ----> 36 280 50 270
================================================================================
NOTES:
# LAST OF SEVERAL OCCURRENCES
COLUMN 17 PEAK WIND IN M.P.H.
PRELIMINARY LOCAL CLIMATOLOGICAL DATA (WS FORM: F-6) , PAGE 2
STATION: DUBOIS PA
MONTH: NOVEMBER
YEAR: 2022
LATITUDE: 41 10 N
LONGITUDE: 78 54 W
[TEMPERATURE DATA] [PRECIPITATION DATA] SYMBOLS USED IN COLUMN 16
AVERAGE MONTHLY: 42.6 TOTAL FOR MONTH: 3.37 1 = FOG OR MIST
DPTR FM NORMAL: 3.4 DPTR FM NORMAL: 0.16 2 = FOG REDUCING VISIBILITY
HIGHEST: 76 ON 5 GRTST 24HR 1.74 ON 11-12 TO 1/4 MILE OR LESS
LOWEST: 12 ON 21 3 = THUNDER
SNOW, ICE PELLETS, HAIL 4 = ICE PELLETS
TOTAL MONTH: M 5 = HAIL
GRTST 24HR M ON M 6 = FREEZING RAIN OR DRIZZLE
GRTST DEPTH: M ON M 7 = DUSTSTORM OR SANDSTORM:
VSBY 1/2 MILE OR LESS
8 = SMOKE OR HAZE
[NO. OF DAYS WITH] [WEATHER - DAYS WITH] 9 = BLOWING SNOW
X = TORNADO
MAX 32 OR BELOW: 4 0.01 INCH OR MORE: 10
MAX 90 OR ABOVE: 0 0.10 INCH OR MORE: 4
MIN 32 OR BELOW: 15 0.50 INCH OR MORE: 2
MIN 0 OR BELOW: 0 1.00 INCH OR MORE: 1
[HDD (BASE 65) ]
TOTAL THIS MO. 669 CLEAR (SCALE 0-3) 11
DPTR FM NORMAL -105 PTCLDY (SCALE 4-7) 10
TOTAL FM JUL 1 1252 CLOUDY (SCALE 8-10) 9
DPTR FM NORMAL -201
[CDD (BASE 65) ]
TOTAL THIS MO. 5
DPTR FM NORMAL 5 [PRESSURE DATA]
TOTAL FM JAN 1 602 HIGHEST SLP 30.66 ON 8
DPTR FM NORMAL 188 LOWEST SLP 29.33 ON 27
[REMARKS]
#FINAL-11-22#