000
CXUS53 KFGF 010915
CF6DVL
PRELIMINARY LOCAL CLIMATOLOGICAL DATA (WS FORM: F-6)
STATION: DEVILS LAKE ND
MONTH: JANUARY
YEAR: 2023
LATITUDE: 48 7 N
LONGITUDE: 98 54 W
TEMPERATURE IN F: :PCPN: SNOW: WIND :SUNSHINE: SKY :PK WND
================================================================================
1 2 3 4 5 6A 6B 7 8 9 10 11 12 13 14 15 16 17 18
12Z AVG MX 2MIN
DY MAX MIN AVG DEP HDD CDD WTR SNW DPTH SPD SPD DIR MIN PSBL S-S WX SPD DR
================================================================================
1 17 -2 8 1 57 0 T M M 8.0 16 290 M M 6 1 M M
2 17 -6 6 -1 59 0 0.00 M M 5.5 8 280 M M 2 M M
3 8 -4 2 -5 63 0 T M M 3.8 8 260 M M 8 12 M M
4 8 -7 1 -6 64 0 T M M 4.1 8 300 M M 6 12 M M
5 14 -5 5 -2 60 0 T M M 7.4 12 300 M M 5 12 M M
6 12 -9 2 -5 63 0 T M M 3.5 9 360 M M 7 12 M M
7 15 -10 3 -3 62 0 T M M 7.7 13 200 M M 2 1 M M
8 22 5 14 8 51 0 M M M 6.4 13 240 M M 0 M M
9 20 2 11 5 54 0 M M M 3.3 8 100 M M 1 M M
10 24 2 13 7 52 0 M M M 4.2 9 150 M M 3 M M
11 20 16 18 12 47 0 T M M 11.8 17 340 M M 10 1 M M
12 17 -6 6 0 59 0 T M M 7.5 15 270 M M 6 12 M M
13 22 -7 8 2 57 0 M M M 10.8 18 150 M M 1 1 M M
14 26 10 18 12 47 0 M M M 7.9 14 130 M M 2 1 M M
15 28 18 23 17 42 0 M M M 4.1 13 320 M M 10 12 M M
16 27 14 21 15 44 0 T M M 13.6 21 360 M M 10 1 M M
17 14 6 10 4 55 0 M M M 12.2 21 350 M M 10 1 M M
18 19 11 15 9 50 0 T M M 2.7 8 340 M M 10 1 M M
19 20 17 19 13 46 0 T M M 3.5 9 260 M M 10 12 M M
20 22 17 20 13 45 0 T M M 11.5 21 280 M M 10 1 M M
21 19 2 11 4 54 0 T M M 7.7 12 280 M M 1 M M
22 23 -5 9 2 56 0 T M M 6.0 14 230 M M 1 1 M M
23 32 16 24 17 41 0 M M M 14.0 24 320 M M 10 1 M M
24 30 3 17 10 48 0 T M M 12.4 21 360 M M 10 1 M M
25 14 -5 5 -2 60 0 T M M 8.1 16 340 M M 8 M M
26 35 9 22 15 43 0 0.01 M M 13.6 36 330 M M 10 1 44 330
27 30 -11 10 3 55 0 T M M 19.2 39 320 M M 8 18 46 320
28 -4 -21 -12 -19 77 0 T M M 9.8 17 280 M M 3 M M
29 -4 -21 -12 -19 77 0 M M M 12.2 15 260 M M 1 M M
30 -1 -23 -12 -20 77 0 0.00 M M 13.3 16 250 M M 0 8 M M
31 0 -21 -10 -18 75 0 T M M 7.0 15 270 M M 1 M M
================================================================================
SM 546 -15 1740 0 0.01 M 262.8 M 172
================================================================================
AV 17.6 -0.5 8.5 FASTST M M 6 MAX(MPH)
MISC ----> 39 320 46 320
================================================================================
NOTES:
# LAST OF SEVERAL OCCURRENCES
COLUMN 17 PEAK WIND IN M.P.H.
PRELIMINARY LOCAL CLIMATOLOGICAL DATA (WS FORM: F-6) , PAGE 2
STATION: DEVILS LAKE ND
MONTH: JANUARY
YEAR: 2023
LATITUDE: 48 7 N
LONGITUDE: 98 54 W
[TEMPERATURE DATA] [PRECIPITATION DATA] SYMBOLS USED IN COLUMN 16
AVERAGE MONTHLY: 8.6 TOTAL FOR MONTH: 0.01 1 = FOG OR MIST
DPTR FM NORMAL: 1.8 DPTR FM NORMAL: -0.47 2 = FOG REDUCING VISIBILITY
HIGHEST: 35 ON 26 GRTST 24HR 0.04 ON 23-24 TO 1/4 MILE OR LESS
LOWEST: -23 ON 30 3 = THUNDER
SNOW, ICE PELLETS, HAIL 4 = ICE PELLETS
TOTAL MONTH: M 5 = HAIL
GRTST 24HR M ON M 6 = FREEZING RAIN OR DRIZZLE
GRTST DEPTH: M ON M 7 = DUSTSTORM OR SANDSTORM:
VSBY 1/2 MILE OR LESS
8 = SMOKE OR HAZE
[NO. OF DAYS WITH] [WEATHER - DAYS WITH] 9 = BLOWING SNOW
X = TORNADO
MAX 32 OR BELOW: 30 0.01 INCH OR MORE: 1
MAX 90 OR ABOVE: 0 0.10 INCH OR MORE: 0
MIN 32 OR BELOW: 31 0.50 INCH OR MORE: 0
MIN 0 OR BELOW: 16 1.00 INCH OR MORE: 0
[HDD (BASE 65) ]
TOTAL THIS MO. 1740 CLEAR (SCALE 0-3) 13
DPTR FM NORMAL -65 PTCLDY (SCALE 4-7) 7
TOTAL FM JUL 1 5586 CLOUDY (SCALE 8-10) 11
DPTR FM NORMAL 21
[CDD (BASE 65) ]
TOTAL THIS MO. 0
DPTR FM NORMAL 0 [PRESSURE DATA]
TOTAL FM JAN 1 0 HIGHEST SLP M ON M
DPTR FM NORMAL 0 LOWEST SLP M ON M
[REMARKS]
#FINAL-01-23#