000
CXUS53 KFGF 010915
CF6DVL
PRELIMINARY LOCAL CLIMATOLOGICAL DATA (WS FORM: F-6)
STATION: DEVILS LAKE ND
MONTH: NOVEMBER
YEAR: 2022
LATITUDE: 48 7 N
LONGITUDE: 98 54 W
TEMPERATURE IN F: :PCPN: SNOW: WIND :SUNSHINE: SKY :PK WND
================================================================================
1 2 3 4 5 6A 6B 7 8 9 10 11 12 13 14 15 16 17 18
12Z AVG MX 2MIN
DY MAX MIN AVG DEP HDD CDD WTR SNW DPTH SPD SPD DIR MIN PSBL S-S WX SPD DR
================================================================================
1 69 32 51 18 14 0 0.00 M M 7.3 13 150 M M 0 1 M M
2 71 43 57 25 8 0 0.00 M M 12.9 23 310 M M 0 28 310
3 43 25 34 2 31 0 0.00 M M 18.1 23 310 M M 2 31 290
4 43 17 30 -2 35 0 0.00 M M 10.8 16 170 M M 0 24 180
5 45 28 37 6 28 0 0.00 M M 16.8 23 190 M M 3 32 200
6 43 21 32 2 33 0 0.01 M M 33.4 43 260 M M 8 1 55 270
7 29 9 19 -11 46 0 0.01 M M 13.7 21 110 M M 5 1 39 110
8 40 29 35 5 30 0 0.00 M M 16.5 25 130 M M 9 38 120
9 30 20 25 -4 40 0 0.01 M M 14.3 24 30 M M 9 1 31 20
10 20 16 18 -11 47 0 0.16 M M 26.8 37 360 M M 10 12 47 360
11 19 3 11 -17 54 0 0.01 M M 17.9 29 350 M M 5 1 35 350
12 16 -2 7 -21 58 0 T M M 4.7 8 70 M M 8 1 M M
13 18 11 15 -12 50 0 0.02 M M 7.5 15 150 M M 10 1 M M
14 22 16 19 -8 46 0 0.02 M M 5.8 12 60 M M 10 1 M M
15 22 2 12 -14 53 0 0.02 M M 12.5 18 340 M M 8 1 M M
16 26 -1 13 -13 52 0 0.02 M M 12.4 21 290 M M 9 1 M M
17 24 5 15 -11 50 0 0.02 M M 19.8 27 320 M M 9 18 33 310
18 18 0 9 -16 56 0 0.01 M M 21.0 28 250 M M 6 18 37 250
19 20 2 11 -14 54 0 0.01 M M 14.1 24 340 M M 5 1 30 340
20 26 9 18 -6 47 0 0.00 M M 13.9 20 290 M M 1 M M
21 25 13 19 -5 46 0 0.01 M M 10.7 20 300 M M 8 1 M M
22 33 18 26 3 39 0 0.00 M M 9.7 15 210 M M 2 1 M M
23 38 21 30 7 35 0 0.00 M M 7.4 14 300 M M 0 M M
24 32 20 26 4 39 0 0.00 M M 11.2 16 270 M M 0 M M
25 40 25 33 11 32 0 0.00 M M 11.6 18 240 M M 0 M M
26 39 25 32 10 33 0 0.00 M M 14.2 20 320 M M 1 M M
27 32 12 22 1 43 0 0.00 M M 9.5 18 180 M M 3 1 M M
28 33 16 25 4 40 0 0.01 M M 17.8 25 250 M M 4 35 260
29 21 11 16 -4 49 0 0.01 M M 23.6 31 300 M M 5 39 300
30 11 -1 5 -15 60 0 M M M 15.3 25 300 M M 2 35 310
================================================================================
SM 948 445 1248 0 0.35 M 431.2 M 142
================================================================================
AV 31.6 14.8 14.4 FASTST M M 5 MAX(MPH)
MISC ----> 43 260 55 270
================================================================================
NOTES:
# LAST OF SEVERAL OCCURRENCES
COLUMN 17 PEAK WIND IN M.P.H.
PRELIMINARY LOCAL CLIMATOLOGICAL DATA (WS FORM: F-6) , PAGE 2
STATION: DEVILS LAKE ND
MONTH: NOVEMBER
YEAR: 2022
LATITUDE: 48 7 N
LONGITUDE: 98 54 W
[TEMPERATURE DATA] [PRECIPITATION DATA] SYMBOLS USED IN COLUMN 16
AVERAGE MONTHLY: 23.2 TOTAL FOR MONTH: 0.35 1 = FOG OR MIST
DPTR FM NORMAL: -3.1 DPTR FM NORMAL: -0.40 2 = FOG REDUCING VISIBILITY
HIGHEST: 71 ON 2 GRTST 24HR 0.16 ON 10-10 TO 1/4 MILE OR LESS
LOWEST: -2 ON 12 3 = THUNDER
SNOW, ICE PELLETS, HAIL 4 = ICE PELLETS
TOTAL MONTH: M 5 = HAIL
GRTST 24HR M ON M 6 = FREEZING RAIN OR DRIZZLE
GRTST DEPTH: M ON M 7 = DUSTSTORM OR SANDSTORM:
VSBY 1/2 MILE OR LESS
8 = SMOKE OR HAZE
[NO. OF DAYS WITH] [WEATHER - DAYS WITH] 9 = BLOWING SNOW
X = TORNADO
MAX 32 OR BELOW: 18 0.01 INCH OR MORE: 15
MAX 90 OR ABOVE: 0 0.10 INCH OR MORE: 1
MIN 32 OR BELOW: 29 0.50 INCH OR MORE: 0
MIN 0 OR BELOW: 4 1.00 INCH OR MORE: 0
[HDD (BASE 65) ]
TOTAL THIS MO. 1248 CLEAR (SCALE 0-3) 13
DPTR FM NORMAL 86 PTCLDY (SCALE 4-7) 9
TOTAL FM JUL 1 2030 CLOUDY (SCALE 8-10) 8
DPTR FM NORMAL -111
[CDD (BASE 65) ]
TOTAL THIS MO. 0
DPTR FM NORMAL 0 [PRESSURE DATA]
TOTAL FM JAN 1 457 HIGHEST SLP M ON M
DPTR FM NORMAL 203 LOWEST SLP M ON M
[REMARKS]
#FINAL-11-22#