000
CXUS53 KFGF 010915
CF6DVL
PRELIMINARY LOCAL CLIMATOLOGICAL DATA (WS FORM: F-6)
STATION: DEVILS LAKE ND
MONTH: FEBRUARY
YEAR: 2024
LATITUDE: 48 7 N
LONGITUDE: 98 54 W
TEMPERATURE IN F: :PCPN: SNOW: WIND :SUNSHINE: SKY :PK WND
================================================================================
1 2 3 4 5 6A 6B 7 8 9 10 11 12 13 14 15 16 17 18
12Z AVG MX 2MIN
DY MAX MIN AVG DEP HDD CDD WTR SNW DPTH SPD SPD DIR MIN PSBL S-S WX SPD DR
================================================================================
1 40 23 32 24 33 0 M M M 6.4 13 110 M M 1 12 M M
2 34 25 30 22 35 0 T M M 11.6 17 140 M M 10 12 30 150
3 35 31 33 25 32 0 M M M 10.4 16 150 M M 10 1 M M
4 33 31 32 24 33 0 T M M 4.7 9 180 M M 10 12 M M
5 37 30 34 26 31 0 T M M 9.1 14 200 M M 10 1 M M
6 37 32 35 27 30 0 M M M 6.5 10 30 M M 10 1 M M
7 35 29 32 23 33 0 0.01 M M 13.3 18 80 M M 10 12 24 70
8 35 22 29 20 36 0 0.01 M M 16.4 24 330 M M 10 1 31 330
9 27 21 24 15 41 0 T M M 15.8 22 340 M M 9 28 330
10 27 13 20 11 45 0 T M M 13.4 22 280 M M 8 1 28 280
11 32 12 22 13 43 0 T M M 11.5 17 260 M M 4 M M
12 33 17 25 15 40 0 M M M 8.9 13 300 M M 4 M M
13 34 21 28 18 37 0 T M M 11.4 23 280 M M 8 1 30 280
14 25 16 21 11 44 0 0.00 M M 16.6 22 290 M M 2 28 290
15 16 9 13 3 52 0 T M M 9.0 12 360 M M 9 1 M M
16 20 -2 9 -1 56 0 M M M 19.7 26 290 M M 4 36 290
17 34 13 24 13 41 0 T M M 23.1 33 290 M M 0 44 290
18 33 11 22 11 43 0 0.00 M M 6.9 13 310 M M 0 M M
19 39 15 27 16 38 0 M M M 8.5 13 150 M M 0 M M
20 36 10 23 11 42 0 M M M 6.1 13 290 M M 3 M M
21 43 22 33 21 32 0 T M M 4.8 9 110 M M 4 1 M M
22 47 23 35 23 30 0 M M M 14.2 25 290 M M 2 1 30 270
23 29 15 22 9 43 0 T M M 8.2 14 50 M M 8 M M
24 48 21 35 22 30 0 T M M 14.7 21 280 M M 2 31 280
25 34 22 28 15 37 0 M M M 9.0 17 140 M M 4 24 140
26 51 13 32 18 33 0 0.01 M M 15.5 25 360 M M 5 1 32 350
27 13 -6 4 -10 61 0 T M M 21.1 29 340 M M 7 18 37 340
28 10 -10 0 -15 65 0 0.00 M M 7.1 10 250 M M 3 M M
29 28 5 17 2 48 0 M M M 14.1 18 130 M M 3 24 120
================================================================================
SM 945 484 1164 0 0.03 M 337.9 M 160
================================================================================
AV 32.6 16.7 11.7 FASTST M M 6 MAX(MPH)
MISC ----> 33 290 44 290
================================================================================
NOTES:
# LAST OF SEVERAL OCCURRENCES
COLUMN 17 PEAK WIND IN M.P.H.
PRELIMINARY LOCAL CLIMATOLOGICAL DATA (WS FORM: F-6) , PAGE 2
STATION: DEVILS LAKE ND
MONTH: FEBRUARY
YEAR: 2024
LATITUDE: 48 7 N
LONGITUDE: 98 54 W
[TEMPERATURE DATA] [PRECIPITATION DATA] SYMBOLS USED IN COLUMN 16
AVERAGE MONTHLY: 24.6 TOTAL FOR MONTH: 0.03 1 = FOG OR MIST
DPTR FM NORMAL: 14.0 DPTR FM NORMAL: M 2 = FOG REDUCING VISIBILITY
HIGHEST: 51 ON 26 GRTST 24HR 0.01 ON 7- 7 TO 1/4 MILE OR LESS
LOWEST: -10 ON 28 3 = THUNDER
SNOW, ICE PELLETS, HAIL 4 = ICE PELLETS
TOTAL MONTH: M 5 = HAIL
GRTST 24HR M ON M 6 = FREEZING RAIN OR DRIZZLE
GRTST DEPTH: M ON M 7 = DUSTSTORM OR SANDSTORM:
VSBY 1/2 MILE OR LESS
8 = SMOKE OR HAZE
[NO. OF DAYS WITH] [WEATHER - DAYS WITH] 9 = BLOWING SNOW
X = TORNADO
MAX 32 OR BELOW: 10 0.01 INCH OR MORE: 3
MAX 90 OR ABOVE: 0 0.10 INCH OR MORE: 0
MIN 32 OR BELOW: 29 0.50 INCH OR MORE: 0
MIN 0 OR BELOW: 3 1.00 INCH OR MORE: 0
[HDD (BASE 65) ]
TOTAL THIS MO. 1164 CLEAR (SCALE 0-3) 10
DPTR FM NORMAL -360 PTCLDY (SCALE 4-7) 10
TOTAL FM JUL 1 5934 CLOUDY (SCALE 8-10) 9
DPTR FM NORMAL -1255
[CDD (BASE 65) ]
TOTAL THIS MO. 0
DPTR FM NORMAL 0 [PRESSURE DATA]
TOTAL FM JAN 1 0 HIGHEST SLP M ON M
DPTR FM NORMAL 0 LOWEST SLP M ON M
[REMARKS]
#FINAL-02-24#