000
CXUS53 KFGF 010915
CF6DVL
PRELIMINARY LOCAL CLIMATOLOGICAL DATA (WS FORM: F-6)
STATION: DEVILS LAKE ND
MONTH: DECEMBER
YEAR: 2020
LATITUDE: 48 7 N
LONGITUDE: 98 54 W
TEMPERATURE IN F: :PCPN: SNOW: WIND :SUNSHINE: SKY :PK WND
================================================================================
1 2 3 4 5 6A 6B 7 8 9 10 11 12 13 14 15 16 17 18
12Z AVG MX 2MIN
DY MAX MIN AVG DEP HDD CDD WTR SNW DPTH SPD SPD DIR MIN PSBL S-S WX SPD DR
================================================================================
1 42 19 31 13 34 0 0.10 M M 9.1 18 270 M M 0 8 M M
2 38 20 29 12 36 0 M M M 11.8 20 280 M M 4 25 280
3 43 23 33 16 32 0 M M M 11.4 20 300 M M 0 24 300
4 39 17 28 12 37 0 M M M 5.6 10 300 M M 0 8 M M
5 41 23 32 16 33 0 M M M 9.7 16 270 M M 0 M M
6 46 20 33 18 32 0 M M M 5.6 10 270 M M 0 1 M M
7 45 19 32 17 33 0 M M M 9.5 13 280 M M 0 1 M M
8 48 29 39 25 26 0 M M M 7.9 13 270 M M 1 M M
9 42 23 33 19 32 0 M M M 7.0 13 230 M M 4 M M
10 36 24 30 16 35 0 M M M 11.1 15 340 M M 6 1 M M
11 25 20 23 10 42 0 T M M 3.0 6 40 M M 10 1 M M
12 24 20 22 9 43 0 T M M 4.6 10 220 M M 10 1 M M
13 23 5 14 1 51 0 T M M 17.2 29 290 M M 10 1 35 300
14 10 -9 1 -11 64 0 T M M 6.3 14 180 M M 5 M M
15 21 10 16 4 49 0 T M M 9.2 15 190 M M 9 M M
16 32 18 25 13 40 0 T M M 8.2 14 210 M M 8 1 M M
17 33 11 22 11 43 0 M M M 7.8 16 150 M M 3 12 M M
18 29 0 15 4 50 0 T M M 14.0 24 300 M M 4 33 300
19 40 -2 19 8 46 0 M M M 14.4 29 290 M M 1 38 290
20 37 18 28 18 37 0 0.01 M M 13.9 25 300 M M 4 1 33 300
21 36 18 27 17 38 0 T M M 15.3 25 300 M M 6 1 38 290
22 35 19 27 17 38 0 T M M 11.8 36 360 M M 5 1 43 360
23 23 -6 9 -1 56 0 T M M 24.6 38 360 M M 3 1 46 350
24 11 -12 0 -10 65 0 M M M 7.0 14 190 M M 2 M M
25 36 10 23 14 42 0 0.00 M M 10.4 15 310 M M 0 20 330
26 24 3 14 5 51 0 M M M 6.2 14 90 M M 4 M M
27 20 10 15 6 50 0 T M M 10.8 17 290 M M 9 1 M M
28 20 -1 10 1 55 0 T M M 7.0 16 50 M M 5 1 M M
29 29 7 18 9 47 0 0.01 M M 12.6 20 310 M M 6 12 25 200
30 20 12 16 7 49 0 T M M 13.3 20 330 M M 9 1 M M
31 29 2 16 8 49 0 T M M 5.3 8 240 M M 5 M M
================================================================================
SM 977 370 1335 0 0.12 M 311.7 M 133
================================================================================
AV 31.5 11.9 10.1 FASTST M M 4 MAX(MPH)
MISC ----> 38 360 46 350
================================================================================
NOTES:
# LAST OF SEVERAL OCCURRENCES
COLUMN 17 PEAK WIND IN M.P.H.
PRELIMINARY LOCAL CLIMATOLOGICAL DATA (WS FORM: F-6) , PAGE 2
STATION: DEVILS LAKE ND
MONTH: DECEMBER
YEAR: 2020
LATITUDE: 48 7 N
LONGITUDE: 98 54 W
[TEMPERATURE DATA] [PRECIPITATION DATA] SYMBOLS USED IN COLUMN 16
AVERAGE MONTHLY: 21.7 TOTAL FOR MONTH: 0.12 1 = FOG OR MIST
DPTR FM NORMAL: 9.6 DPTR FM NORMAL: -0.57 2 = FOG REDUCING VISIBILITY
HIGHEST: 48 ON 8 GRTST 24HR 0.10 ON 1- 1 TO 1/4 MILE OR LESS
LOWEST: -12 ON 24 3 = THUNDER
SNOW, ICE PELLETS, HAIL 4 = ICE PELLETS
TOTAL MONTH: M 5 = HAIL
GRTST 24HR M ON M 6 = FREEZING RAIN OR DRIZZLE
GRTST DEPTH: M ON M 7 = DUSTSTORM OR SANDSTORM:
VSBY 1/2 MILE OR LESS
8 = SMOKE OR HAZE
[NO. OF DAYS WITH] [WEATHER - DAYS WITH] 9 = BLOWING SNOW
X = TORNADO
MAX 32 OR BELOW: 15 0.01 INCH OR MORE: 3
MAX 90 OR ABOVE: 0 0.10 INCH OR MORE: 1
MIN 32 OR BELOW: 31 0.50 INCH OR MORE: 0
MIN 0 OR BELOW: 6 1.00 INCH OR MORE: 0
[HDD (BASE 65) ]
TOTAL THIS MO. 1335 CLEAR (SCALE 0-3) 11
DPTR FM NORMAL -306 PTCLDY (SCALE 4-7) 14
TOTAL FM JUL 1 3469 CLOUDY (SCALE 8-10) 6
DPTR FM NORMAL -279
[CDD (BASE 65) ]
TOTAL THIS MO. 0
DPTR FM NORMAL 0 [PRESSURE DATA]
TOTAL FM JAN 1 448 HIGHEST SLP M ON M
DPTR FM NORMAL -24 LOWEST SLP M ON M
[REMARKS]
#FINAL-12-20#