000
CXUS53 KFGF 010815
CF6DVL
PRELIMINARY LOCAL CLIMATOLOGICAL DATA (WS FORM: F-6)
STATION: DEVILS LAKE ND
MONTH: OCTOBER
YEAR: 2023
LATITUDE: 48 7 N
LONGITUDE: 98 54 W
TEMPERATURE IN F: :PCPN: SNOW: WIND :SUNSHINE: SKY :PK WND
================================================================================
1 2 3 4 5 6A 6B 7 8 9 10 11 12 13 14 15 16 17 18
12Z AVG MX 2MIN
DY MAX MIN AVG DEP HDD CDD WTR SNW DPTH SPD SPD DIR MIN PSBL S-S WX SPD DR
================================================================================
1 85 64 75 24 0 10 0.00 M M 10.3 18 110 M M 5 1 21 110
2 72 58 65 15 0 0 T M M 5.0 14 250 M M 7 12 M M
3 75 55 65 15 0 0 0.55 M M 11.6 24 340 M M 7 13 32 280
4 63 48 56 7 9 0 0.25 M M 13.9 29 280 M M 8 13 40 260
5 52 41 47 -2 18 0 0.14 M M 22.6 31 300 M M 8 41 290
6 46 32 39 -9 26 0 0.04 M M 17.7 27 330 M M 9 33 310
7 61 30 46 -2 19 0 0.00 M M 8.0 14 210 M M 3 M M
8 61 38 50 3 15 0 0.00 M M 9.8 15 340 M M 1 21 340
9 54 32 43 -3 22 0 0.00 M M 3.5 7 30 M M 4 12 M M
10 56 28 42 -4 23 0 0.00 M M 1.9 9 70 M M 0 M M
11 48 33 41 -4 24 0 0.00 M M 8.7 16 60 M M 5 M M
12 55 42 49 4 16 0 0.00 M M 14.5 24 70 M M 6 31 70
13 54 41 48 4 17 0 0.00 M M 14.6 21 50 M M 9 28 40
14 51 43 47 3 18 0 0.00 M M 7.2 14 30 M M 9 22 30
15 56 36 46 3 19 0 0.00 M M 3.8 9 300 M M 3 M M
16 64 31 48 6 17 0 0.00 M M 4.4 9 210 M M 0 12 M M
17 62 55 59 17 6 0 0.01 M M 7.0 17 280 M M 3 M M
18 61 46 54 13 11 0 T M M 14.5 21 360 M M 8 25 360
19 64 42 53 13 12 0 0.00 M M 5.8 14 320 M M 3 12 M M
20 69 41 55 15 10 0 0.00 M M 11.0 24 310 M M 0 1 33 310
21 55 40 48 9 17 0 0.00 M M 10.0 16 340 M M 5 M M
22 63 45 54 15 11 0 0.00 M M 10.9 18 160 M M 4 24 160
23 49 39 44 6 21 0 0.01 M M 11.0 20 10 M M 6 22 30
24 43 32 38 0 27 0 0.02 M M 9.9 18 20 M M 8 22 20
25 37 30 34 -3 31 0 0.06 M M 12.1 18 50 M M 10 1 24 50
26 28 25 27 -9 38 0 T M M 20.7 24 10 M M 10 1 28 360
27 26 18 22 -14 43 0 T M M 18.6 25 320 M M 7 1 35 330
28 24 16 20 -15 45 0 T M M 16.3 23 280 M M 3 1 M M
29 25 10 18 -17 47 0 T M M 12.7 18 270 M M 6 1 M M
30 28 16 22 -12 43 0 T M M 19.9 33 340 M M 8 18 41 350
31 25 7 16 -18 49 0 M M M 13.1 24 320 M M 2 28 210
================================================================================
SM 1612 1114 654 10 1.08 M 350.8 M 167
================================================================================
AV 52.0 35.9 11.3 FASTST M M 5 MAX(MPH)
MISC ----> 33 340 41 350
================================================================================
NOTES:
# LAST OF SEVERAL OCCURRENCES
COLUMN 17 PEAK WIND IN M.P.H.
PRELIMINARY LOCAL CLIMATOLOGICAL DATA (WS FORM: F-6) , PAGE 2
STATION: DEVILS LAKE ND
MONTH: OCTOBER
YEAR: 2023
LATITUDE: 48 7 N
LONGITUDE: 98 54 W
[TEMPERATURE DATA] [PRECIPITATION DATA] SYMBOLS USED IN COLUMN 16
AVERAGE MONTHLY: 44.0 TOTAL FOR MONTH: 1.08 1 = FOG OR MIST
DPTR FM NORMAL: 1.7 DPTR FM NORMAL: M 2 = FOG REDUCING VISIBILITY
HIGHEST: 85 ON 1 GRTST 24HR 0.55 ON 3- 3 TO 1/4 MILE OR LESS
LOWEST: 7 ON 31 3 = THUNDER
SNOW, ICE PELLETS, HAIL 4 = ICE PELLETS
TOTAL MONTH: M 5 = HAIL
GRTST 24HR M ON M 6 = FREEZING RAIN OR DRIZZLE
GRTST DEPTH: M ON M 7 = DUSTSTORM OR SANDSTORM:
VSBY 1/2 MILE OR LESS
8 = SMOKE OR HAZE
[NO. OF DAYS WITH] [WEATHER - DAYS WITH] 9 = BLOWING SNOW
X = TORNADO
MAX 32 OR BELOW: 6 0.01 INCH OR MORE: 8
MAX 90 OR ABOVE: 0 0.10 INCH OR MORE: 3
MIN 32 OR BELOW: 13 0.50 INCH OR MORE: 1
MIN 0 OR BELOW: 0 1.00 INCH OR MORE: 0
[HDD (BASE 65) ]
TOTAL THIS MO. 654 CLEAR (SCALE 0-3) 10
DPTR FM NORMAL -51 PTCLDY (SCALE 4-7) 15
TOTAL FM JUL 1 859 CLOUDY (SCALE 8-10) 6
DPTR FM NORMAL -121
[CDD (BASE 65) ]
TOTAL THIS MO. 10
DPTR FM NORMAL 10 [PRESSURE DATA]
TOTAL FM JAN 1 518 HIGHEST SLP M ON M
DPTR FM NORMAL 264 LOWEST SLP M ON M
[REMARKS]
#FINAL-10-23#