000
CXUS54 KEWX 011010
CF6DZB
PRELIMINARY LOCAL CLIMATOLOGICAL DATA (WS FORM: F-6)
STATION: HORSESHOE BAY
MONTH: APRIL
YEAR: 2021
LATITUDE: 30 31 N
LONGITUDE: 98 22 W
TEMPERATURE IN F: :PCPN: SNOW: WIND :SUNSHINE: SKY :PK WND
================================================================================
1 2 3 4 5 6A 6B 7 8 9 10 11 12 13 14 15 16 17 18
12Z AVG MX 2MIN
DY MAX MIN AVG DEP HDD CDD WTR SNW DPTH SPD SPD DIR MIN PSBL S-S WX SPD DR
================================================================================
1 70 34 52 M 13 0 0.00 M M 3.0 8 120 M M 0 16 0
2 72 40 56 M 9 0 0.00 M M 7.1 14 140 M M 4 22 150
3 61 51 56 M 9 0 0.07 M M 5.3 14 160 M M 8 20 140
4 71 55 63 M 2 0 0.04 M M 3.8 9 170 M M 9 M M
5 80 61 71 M 0 6 0.00 M M 8.3 13 150 M M 7 21 150
6 86 66 76 M 0 11 0.00 M M 11.9 17 190 M M 7 30 160
7 84 52 68 M 0 3 0.00 M M 7.5 15 320 M M 4 28 330
8 91 51 71 M 0 6 0.00 M M 7.0 16 220 M M 4 25 220
9 98 64 81 M 0 16 0.00 M M 7.0 13 180 M M 3 23 270
10 80 54 67 M 0 2 0.00 M M 6.1 13 360 M M 0 23 10
11 89 44 67 M 0 2 0.00 M M 6.5 13 180 M M 0 20 180
12 90 63 77 M 0 12 0.00 M M 6.9 14 160 M M 2 21 160
13 82 66 74 M 0 9 0.00 M M 3.3 7 80 M M 8 M M
14 83 67 75 M 0 10 0.00 M M 3.6 9 80 M M 8 M M
15 71 59 65 M 0 0 0.08 M M 5.5 14 80 M M 10 13 21 80
16 71 58 65 M 0 0 0.03 M M 5.4 16 360 M M 10 1 24 360
17 60 49 55 M 10 0 0.00 M M 10.1 15 360 M M 7 25 360
18 69 47 58 M 7 0 0.00 M M 4.7 10 360 M M 3 17 10
19 75 44 60 M 5 0 0.00 M M 1.8 7 30 M M 2 M M
20 79 46 63 M 2 0 0.00 M M 7.6 20 340 M M 0 25 340
21 65 42 54 M 11 0 0.00 M M 5.9 10 40 M M 4 18 70
22 63 43 53 M 12 0 0.00 M M 4.3 10 130 M M 10 18 110
23 82 61 72 M 0 7 0.04 M M 5.5 13 180 M M 7 1 21 190
24 82 55 69 M 0 4 0.00 M M 5.9 13 340 M M 0 20 340
25 89 51 70 M 0 5 0.00 M M 6.6 14 170 M M 0 21 150
26 86 65 76 M 0 11 0.00 M M 10.6 16 150 M M 2 24 170
27 78 70 74 M 0 9 0.00 M M 9.0 18 170 M M 9 1 31 170
28 87 72 80 M 0 15 0.01 M M 11.3 22 160 M M 7 35 160
29 75 64 70 M 0 5 0.45 M M 4.6 12 300 M M 9 13 17 140
30 69 63 66 M 0 1 0.89 M M 5.7 13 100 M M 10 1 24 180
================================================================================
SM 2338 1657 80 134 1.61 M 191.8 M 154
================================================================================
AV 77.9 55.2 6.4 FASTST M M 5 MAX(MPH)
MISC ----> 22 160 35 160
================================================================================
NOTES:
# LAST OF SEVERAL OCCURRENCES
COLUMN 17 PEAK WIND IN M.P.H.
PRELIMINARY LOCAL CLIMATOLOGICAL DATA (WS FORM: F-6) , PAGE 2
STATION: HORSESHOE BAY
MONTH: APRIL
YEAR: 2021
LATITUDE: 30 31 N
LONGITUDE: 98 22 W
[TEMPERATURE DATA] [PRECIPITATION DATA] SYMBOLS USED IN COLUMN 16
AVERAGE MONTHLY: 66.6 TOTAL FOR MONTH: 1.61 1 = FOG OR MIST
DPTR FM NORMAL: 0.0 DPTR FM NORMAL: M 2 = FOG REDUCING VISIBILITY
HIGHEST: 98 ON 9 GRTST 24HR 0.89 ON 30-30 TO 1/4 MILE OR LESS
LOWEST: 34 ON 1 3 = THUNDER
SNOW, ICE PELLETS, HAIL 4 = ICE PELLETS
TOTAL MONTH: M 5 = HAIL
GRTST 24HR M ON M 6 = FREEZING RAIN OR DRIZZLE
GRTST DEPTH: M ON M 7 = DUSTSTORM OR SANDSTORM:
VSBY 1/2 MILE OR LESS
8 = SMOKE OR HAZE
[NO. OF DAYS WITH] [WEATHER - DAYS WITH] 9 = BLOWING SNOW
X = TORNADO
MAX 32 OR BELOW: 0 0.01 INCH OR MORE: 8
MAX 90 OR ABOVE: 3 0.10 INCH OR MORE: 2
MIN 32 OR BELOW: 0 0.50 INCH OR MORE: 1
MIN 0 OR BELOW: 0 1.00 INCH OR MORE: 0
[HDD (BASE 65) ]
TOTAL THIS MO. 80 CLEAR (SCALE 0-3) 11
DPTR FM NORMAL M PTCLDY (SCALE 4-7) 11
TOTAL FM JUL 1 1892 CLOUDY (SCALE 8-10) 8
DPTR FM NORMAL M
[CDD (BASE 65) ]
TOTAL THIS MO. 134
DPTR FM NORMAL M [PRESSURE DATA]
TOTAL FM JAN 1 192 HIGHEST SLP M ON M
DPTR FM NORMAL M LOWEST SLP M ON M
[REMARKS]
#FINAL-04-21#