000
CXUS54 KEWX 011010
CF6DZB
PRELIMINARY LOCAL CLIMATOLOGICAL DATA (WS FORM: F-6)
STATION: HORSESHOE BAY
MONTH: JANUARY
YEAR: 2021
LATITUDE: 30 31 N
LONGITUDE: 98 22 W
TEMPERATURE IN F: :PCPN: SNOW: WIND :SUNSHINE: SKY :PK WND
================================================================================
1 2 3 4 5 6A 6B 7 8 9 10 11 12 13 14 15 16 17 18
12Z AVG MX 2MIN
DY MAX MIN AVG DEP HDD CDD WTR SNW DPTH SPD SPD DIR MIN PSBL S-S WX SPD DR
================================================================================
1 52 34 43 M 22 0 0.00 M M 8.4 16 310 M M 5 22 310
2 63 30 47 M 18 0 0.00 M M 4.2 10 250 M M 0 21 250
3 72 34 53 M 12 0 0.00 M M 8.2 21 230 M M 0 26 210
4 72 36 54 M 11 0 0.00 M M 2.4 7 360 M M 0 M M
5 70 36 53 M 12 0 0.00 M M 4.8 12 170 M M 4 20 180
6 66 50 58 M 7 0 0.03 M M 7.2 21 320 M M 5 1 28 320
7 61 36 49 M 16 0 0.00 M M 7.1 15 320 M M 0 22 330
8 52 28 40 M 25 0 0.00 M M 2.3 7 50 M M 1 M M
9 54 27 41 M 24 0 0.00 M M 2.8 8 100 M M 3 M M
10 45 34 40 M 25 0 0.13 M M 6.2 14 350 M M 10 18 80
11 45 28 37 M 28 0 0.00 M M 6.4 12 340 M M 8 16 340
12 54 25 40 M 25 0 0.00 M M 1.7 7 210 M M 1 2 M M
13 68 27 48 M 17 0 0.00 M M 3.6 14 220 M M 0 17 220
14 66 37 52 M 13 0 0.10 M M 8.6 21 340 M M 0 26 340
15 57 30 44 M 21 0 0.00 M M 6.5 18 340 M M 0 28 340
16 63 28 46 M 19 0 0.00 M M 3.8 9 220 M M 2 M M
17 66 30 48 M 17 0 0.00 M M 2.6 7 350 M M 0 M M
18 72 36 54 M 11 0 0.00 M M 3.9 16 180 M M 4 25 180
19 64 46 55 M 10 0 0.01 M M 5.2 12 170 M M 10 17 170
20 48 45 47 M 18 0 0.04 M M 1.7 8 70 M M 10 1 M M
21 63 46 55 M 10 0 0.00 M M 2.0 7 330 M M 6 1 16 330
22 72 52 62 M 3 0 0.01 M M 3.3 6 40 M M 6 1 M M
23 61 48 55 M 10 0 0.00 M M 2.0 6 140 M M 10 1 M M
24 70 57 64 M 1 0 0.02 M M 3.1 10 170 M M 10 12 20 170
25 73 45 59 M 6 0 0.00 M M 7.9 16 180 M M 3 30 170
26 73 36 55 M 10 0 0.00 M M 3.3 10 360 M M 1 16 110
27 63 41 52 M 13 0 0.00 M M 5.3 15 350 M M 2 21 350
28 54 28 41 M 24 0 0.00 M M 2.1 6 110 M M 0 M M
29 70 34 52 M 13 0 0.00 M M 5.0 14 180 M M 2 21 180
30 79 48 64 M 1 0 0.00 M M 8.5 16 220 M M 5 28 180
31 66 39 53 M 12 0 0.00 M M 6.5 15 340 M M 0 22 350
================================================================================
SM 1954 1151 454 0 0.34 M 146.6 M 108
================================================================================
AV 63.0 37.1 4.7 FASTST M M 3 MAX(MPH)
MISC ----> # 21 320 30 170
================================================================================
NOTES:
# LAST OF SEVERAL OCCURRENCES
COLUMN 17 PEAK WIND IN M.P.H.
PRELIMINARY LOCAL CLIMATOLOGICAL DATA (WS FORM: F-6) , PAGE 2
STATION: HORSESHOE BAY
MONTH: JANUARY
YEAR: 2021
LATITUDE: 30 31 N
LONGITUDE: 98 22 W
[TEMPERATURE DATA] [PRECIPITATION DATA] SYMBOLS USED IN COLUMN 16
AVERAGE MONTHLY: 50.1 TOTAL FOR MONTH: 0.34 1 = FOG OR MIST
DPTR FM NORMAL: 0.0 DPTR FM NORMAL: M 2 = FOG REDUCING VISIBILITY
HIGHEST: 79 ON 30 GRTST 24HR 0.83 ON 9-10 TO 1/4 MILE OR LESS
LOWEST: 25 ON 12 3 = THUNDER
SNOW, ICE PELLETS, HAIL 4 = ICE PELLETS
TOTAL MONTH: M 5 = HAIL
GRTST 24HR M ON M 6 = FREEZING RAIN OR DRIZZLE
GRTST DEPTH: M ON M 7 = DUSTSTORM OR SANDSTORM:
VSBY 1/2 MILE OR LESS
8 = SMOKE OR HAZE
[NO. OF DAYS WITH] [WEATHER - DAYS WITH] 9 = BLOWING SNOW
X = TORNADO
MAX 32 OR BELOW: 0 0.01 INCH OR MORE: 7
MAX 90 OR ABOVE: 0 0.10 INCH OR MORE: 1
MIN 32 OR BELOW: 10 0.50 INCH OR MORE: 0
MIN 0 OR BELOW: 0 1.00 INCH OR MORE: 0
[HDD (BASE 65) ]
TOTAL THIS MO. 454 CLEAR (SCALE 0-3) 16
DPTR FM NORMAL M PTCLDY (SCALE 4-7) 9
TOTAL FM JUL 1 1134 CLOUDY (SCALE 8-10) 6
DPTR FM NORMAL M
[CDD (BASE 65) ]
TOTAL THIS MO. 0
DPTR FM NORMAL M [PRESSURE DATA]
TOTAL FM JAN 1 0 HIGHEST SLP M ON M
DPTR FM NORMAL M LOWEST SLP M ON M
[REMARKS]
#FINAL-01-21#