000
CXUS54 KMAF 011210
CF6E38
PRELIMINARY LOCAL CLIMATOLOGICAL DATA (WS FORM: F-6)
STATION: ALPINE-CASPARIS MUNICIPAL
MONTH: NOVEMBER
YEAR: 2022
LATITUDE: 30 23 N
LONGITUDE: 103 41 W
TEMPERATURE IN F: :PCPN: SNOW: WIND :SUNSHINE: SKY :PK WND
================================================================================
1 2 3 4 5 6A 6B 7 8 9 10 11 12 13 14 15 16 17 18
12Z AVG MX 2MIN
DY MAX MIN AVG DEP HDD CDD WTR SNW DPTH SPD SPD DIR MIN PSBL S-S WX SPD DR
================================================================================
1 72 42 57 M 8 0 M M M 5.9 9 190 M M 0 M M
2 75 50 63 M 2 0 M M M 8.3 18 200 M M 0 22 200
3 84 57 71 M 0 6 M M M 13.3 28 220 M M 0 32 210
4 69 40 55 M 10 0 M M M 12.4 23 280 M M 0 35 280
5 69 41 55 M 10 0 M M M 15.2 23 240 M M 0 25 220
6 79 47 63 M 2 0 M M M 8.2 15 210 M M 0 17 220
7 80 41 61 M 4 0 M M M 5.2 10 120 M M 0 17 150
8 76 56 66 M 0 1 M M M 9.6 17 170 M M 0 23 180
9 80 56 68 M 0 3 M M M 10.9 20 210 M M 0 23 210
10 78 48 63 M 2 0 M M M 5.4 10 240 M M 0 18 230
11 60 37 49 M 16 0 M M M 7.2 15 70 M M 1 24 60
12 59 26 43 M 22 0 M M M 4.2 10 180 M M 0 M M
13 66 34 50 M 15 0 M M M 9.4 16 230 M M 0 22 220
14 61 32 47 M 18 0 M M M 8.8 20 330 M M 1 37 270
15 47 28 38 M 27 0 M M M 4.3 10 60 M M 0 M M
16 49 27 38 M 27 0 M M M 6.1 14 40 M M 3 23 40
17 56 25 41 M 24 0 M M M 5.6 12 230 M M 1 17 220
18 45 29 37 M 28 0 M M M 7.0 14 60 M M 1 20 60
19 35 30 33 M 32 0 M M M 7.9 10 50 M M 10 M M
20 38 30 34 M 31 0 0.01 M M 1.9 5 150 M M 9 M M
21 60 32 46 M 19 0 M M M 5.2 10 260 M M 0 M M
22 65 30 48 M 17 0 M M M 6.1 13 240 M M 0 18 220
23 69 40 55 M 10 0 M M M 6.7 14 240 M M 1 20 240
24 54 36 45 M 20 0 0.04 M M 10.5 20 20 M M 2 26 20
25 36 30 33 M 32 0 0.19 M M 4.7 12 20 M M 7 M M
26 55 31 43 M 22 0 0.11 M M 13.6 26 240 M M 1 38 250
27 64 36 50 M 15 0 M M M 11.7 25 240 M M 0 35 240
28 70 38 54 M 11 0 M M M 11.0 21 220 M M 0 24 220
29 71 41 56 M 9 0 M M M 12.9 26 250 M M 0 33 250
30 49 31 40 M 25 0 M M M 5.8 8 70 M M 2 M M
================================================================================
SM 1871 1121 458 10 0.35 M 245.2 M 39
================================================================================
AV 62.4 37.4 8.2 FASTST M M 1 MAX(MPH)
MISC ----> 28 220 38 250
================================================================================
NOTES:
# LAST OF SEVERAL OCCURRENCES
COLUMN 17 PEAK WIND IN M.P.H.
PRELIMINARY LOCAL CLIMATOLOGICAL DATA (WS FORM: F-6) , PAGE 2
STATION: ALPINE-CASPARIS MUNICIPAL
MONTH: NOVEMBER
YEAR: 2022
LATITUDE: 30 23 N
LONGITUDE: 103 41 W
[TEMPERATURE DATA] [PRECIPITATION DATA] SYMBOLS USED IN COLUMN 16
AVERAGE MONTHLY: 49.9 TOTAL FOR MONTH: 0.35 1 = FOG OR MIST
DPTR FM NORMAL: 0.0 DPTR FM NORMAL: M 2 = FOG REDUCING VISIBILITY
HIGHEST: 84 ON 3 GRTST 24HR 0.19 ON 25-25 TO 1/4 MILE OR LESS
LOWEST: 25 ON 17 3 = THUNDER
SNOW, ICE PELLETS, HAIL 4 = ICE PELLETS
TOTAL MONTH: M 5 = HAIL
GRTST 24HR M ON M 6 = FREEZING RAIN OR DRIZZLE
GRTST DEPTH: M ON M 7 = DUSTSTORM OR SANDSTORM:
VSBY 1/2 MILE OR LESS
8 = SMOKE OR HAZE
[NO. OF DAYS WITH] [WEATHER - DAYS WITH] 9 = BLOWING SNOW
X = TORNADO
MAX 32 OR BELOW: 0 0.01 INCH OR MORE: 4
MAX 90 OR ABOVE: 0 0.10 INCH OR MORE: 2
MIN 32 OR BELOW: 13 0.50 INCH OR MORE: 0
MIN 0 OR BELOW: 0 1.00 INCH OR MORE: 0
[HDD (BASE 65) ]
TOTAL THIS MO. 458 CLEAR (SCALE 0-3) 27
DPTR FM NORMAL M PTCLDY (SCALE 4-7) 1
TOTAL FM JUL 1 596 CLOUDY (SCALE 8-10) 2
DPTR FM NORMAL M
[CDD (BASE 65) ]
TOTAL THIS MO. 10
DPTR FM NORMAL M [PRESSURE DATA]
TOTAL FM JAN 1 2038 HIGHEST SLP M ON M
DPTR FM NORMAL M LOWEST SLP M ON M
[REMARKS]
#FINAL-11-22#