000
CXUS56 KOTX 010910
CF6EAT
PRELIMINARY LOCAL CLIMATOLOGICAL DATA (WS FORM: F-6)
STATION: WENATCHEE WA PANGBORN FIELD
MONTH: AUGUST
YEAR: 2021
LATITUDE: 47 23 N
LONGITUDE: 120 12 W
TEMPERATURE IN F: :PCPN: SNOW: WIND :SUNSHINE: SKY :PK WND
================================================================================
1 2 3 4 5 6A 6B 7 8 9 10 11 12 13 14 15 16 17 18
12Z AVG MX 2MIN
DY MAX MIN AVG DEP HDD CDD WTR SNW DPTH SPD SPD DIR MIN PSBL S-S WX SPD DR
================================================================================
1 86 71 79 2 0 14 0.04 M M 7.0 21 310 M M 10 8 24 310
2 97 67 82 5 0 17 0.00 M M 5.8 12 290 M M 2 8 14 270
3 97 68 83 7 0 18 T M M 8.8 30 310 M M 0 38 35 310
4 98 65 82 6 0 17 0.00 M M 6.7 13 320 M M 0 20 240
5 91 68 80 4 0 15 0.00 M M 10.2 23 300 M M 1 28 290
6 88 70 79 3 0 14 0.00 M M 16.6 29 300 M M 0 8 33 290
7 87 65 76 0 0 11 0.00 M M 10.9 24 240 M M 3 31 260
8 78 59 69 -7 0 4 0.00 M M 17.7 29 310 M M 2 35 310
9 83 57 70 -6 0 5 0.00 M M 8.2 17 310 M M 0 19 310
10 95 66 81 6 0 16 0.00 M M 9.2 18 320 M M 0 22 310
11 102 71 87 12 0 22 0.00 M M 8.6 16 130 M M 0 19 120
12 99 79 89 14 0 24 0.00 M M 5.3 12 310 M M 7 8 19 320
13 93 68 81 6 0 16 0.00 M M 5.5 12 280 M M 10 8 13 290
14 102 73 88 14 0 23 0.00 M M 10.5 20 290 M M 1 8 25 290
15 101 75 88 14 0 23 0.00 M M 11.7 25 290 M M 0 34 290
16 93 70 82 8 0 17 0.00 M M 13.3 26 310 M M 0 8 34 300
17 78 62 70 -4 0 5 0.01 M M 14.6 26 300 M M 5 33 290
18 84 61 73 0 0 8 0.00 M M 6.8 15 300 M M 2 8 21 130
19 88 67 78 5 0 13 0.00 M M 12.8 26 310 M M 1 31 300
20 80 65 73 0 0 8 0.02 M M 10.5 20 300 M M 4 3 24 290
21 77 59 68 -5 0 3 0.11 M M 7.5 22 310 M M 6 24 310
22 77 56 67 -5 0 2 0.00 M M 11.8 31 300 M M 0 38 280
23 75 51 63 -9 2 0 0.00 M M 6.5 18 230 M M 1 22 220
24 78 50 64 -8 1 0 0.00 M M 5.7 13 300 M M 0 14 300
25 82 53 68 -4 0 3 0.00 M M 9.4 17 300 M M 0 20 300
26 79 63 71 0 0 6 0.00 M M 13.0 21 310 M M 1 26 300
27 79 59 69 -2 0 4 0.00 M M 12.6 22 300 M M 0 26 300
28 82 55 69 -2 0 4 0.00 M M 8.6 16 330 M M 0 20 330
29 85 57 71 1 0 6 0.00 M M 8.9 18 300 M M 0 23 300
30 83 58 71 1 0 6 0.00 M M 16.2 30 290 M M 0 36 300
31 72 54 63 -7 2 0 0.00 M M 16.0 30 290 M M 0 36 300
================================================================================
SM 2689 1962 5 324 0.18 M 316.9 M 56
================================================================================
AV 86.7 63.3 10.2 FASTST M M 2 MAX(MPH)
MISC ----> 31 300 38 280
================================================================================
NOTES:
# LAST OF SEVERAL OCCURRENCES
COLUMN 17 PEAK WIND IN M.P.H.
PRELIMINARY LOCAL CLIMATOLOGICAL DATA (WS FORM: F-6) , PAGE 2
STATION: WENATCHEE WA PANGBORN FIELD
MONTH: AUGUST
YEAR: 2021
LATITUDE: 47 23 N
LONGITUDE: 120 12 W
[TEMPERATURE DATA] [PRECIPITATION DATA] SYMBOLS USED IN COLUMN 16
AVERAGE MONTHLY: 75.0 TOTAL FOR MONTH: 0.18 1 = FOG OR MIST
DPTR FM NORMAL: 1.3 DPTR FM NORMAL: -0.05 2 = FOG REDUCING VISIBILITY
HIGHEST: 102 ON 14,11 GRTST 24HR 0.13 ON 20-21 TO 1/4 MILE OR LESS
LOWEST: 50 ON 24 3 = THUNDER
SNOW, ICE PELLETS, HAIL 4 = ICE PELLETS
TOTAL MONTH: M 5 = HAIL
GRTST 24HR M ON M 6 = FREEZING RAIN OR DRIZZLE
GRTST DEPTH: M ON M 7 = DUSTSTORM OR SANDSTORM:
VSBY 1/2 MILE OR LESS
8 = SMOKE OR HAZE
[NO. OF DAYS WITH] [WEATHER - DAYS WITH] 9 = BLOWING SNOW
X = TORNADO
MAX 32 OR BELOW: 0 0.01 INCH OR MORE: 4
MAX 90 OR ABOVE: 11 0.10 INCH OR MORE: 1
MIN 32 OR BELOW: 0 0.50 INCH OR MORE: 0
MIN 0 OR BELOW: 0 1.00 INCH OR MORE: 0
[HDD (BASE 65) ]
TOTAL THIS MO. 5 CLEAR (SCALE 0-3) 25
DPTR FM NORMAL -2 PTCLDY (SCALE 4-7) 4
TOTAL FM JUL 1 5 CLOUDY (SCALE 8-10) 2
DPTR FM NORMAL -4
[CDD (BASE 65) ]
TOTAL THIS MO. 324
DPTR FM NORMAL 47 [PRESSURE DATA]
TOTAL FM JAN 1 1162 HIGHEST SLP M ON M
DPTR FM NORMAL 436 LOWEST SLP 29.61 ON 16
[REMARKS]
#FINAL-08-21#