000
CXUS53 KMPX 010910
CF6EAU
PRELIMINARY LOCAL CLIMATOLOGICAL DATA (WS FORM: F-6)
STATION: EAU CLAIRE WI
MONTH: AUGUST
YEAR: 2022
LATITUDE: 44 52 N
LONGITUDE: 91 29 W
TEMPERATURE IN F: :PCPN: SNOW: WIND :SUNSHINE: SKY :PK WND
================================================================================
1 2 3 4 5 6A 6B 7 8 9 10 11 12 13 14 15 16 17 18
12Z AVG MX 2MIN
DY MAX MIN AVG DEP HDD CDD WTR SNW DPTH SPD SPD DIR MIN PSBL S-S WX SPD DR
================================================================================
1 84 61 73 2 0 8 0.00 0.0 0 8.2 17 340 M M 5 26 330
2 91 59 75 4 0 10 0.00 0.0 0 12.2 26 180 M M 2 36 170
3 92 63 78 7 0 13 0.23 0.0 0 9.9 30 280 M M 2 13 40 280
4 84 57 71 0 0 6 0.00 0.0 0 4.3 10 320 M M 1 14 40
5 89 60 75 5 0 10 0.00 0.0 0 9.6 22 160 M M 0 27 130
6 81 71 76 6 0 11 0.03 0.0 0 4.7 13 170 M M 5 138 17 180
7 77 62 70 0 0 5 0.66 0.0 0 7.3 21 340 M M 10 1 34 310
8 78 56 67 -3 0 2 0.05 0.0 0 6.6 14 330 M M 5 1 22 340
9 82 50 66 -4 0 1 0.00 0.0 0 3.5 13 250 M M 2 12 17 240
10 87 58 73 3 0 8 0.00 0.0 0 5.4 12 340 M M 2 19 350
11 82 56 69 -1 0 4 0.00 0.0 0 4.5 13 100 M M 0 20 100
12 68 59 64 -6 1 0 0.55 0.0 0 8.1 21 180 M M 5 1 29 180
13 68 59 64 -6 1 0 0.03 0.0 0 6.7 12 10 M M 10 1 19 360
14 71 57 64 -6 1 0 T 0.0 0 3.7 10 60 M M 8 1 14 40
15 78 53 66 -3 0 1 0.00 0.0 0 1.7 9 100 M M 5 12 13 140
16 82 58 70 1 0 5 0.00 0.0 0 3.7 13 120 M M 3 1 19 90
17 82 55 69 0 0 4 0.00 0.0 0 2.9 10 220 M M 3 1 18 180
18 80 64 72 3 0 7 0.87 0.0 0 9.3 21 210 M M 7 13 27 150
19 78 61 70 1 0 5 0.00 0.0 0 6.8 15 110 M M 4 21 150
20 80 61 71 2 0 6 0.05 0.0 0 5.5 15 20 M M 4 1 21 10
21 81 60 71 3 0 6 0.00 0.0 0 4.0 12 310 M M 4 18 340
22 83 54 69 1 0 4 0.00 0.0 0 2.5 10 290 M M 2 12 17 290
23 84 59 72 4 0 7 0.00 0.0 0 2.5 9 310 M M 1 13 300
24 79 57 68 0 0 3 0.41 0.0 0 5.2 18 160 M M 6 13 24 160
25 77 54 66 -2 0 1 0.00 0.0 0 5.9 13 350 M M 7 1 19 360
26 80 49 65 -3 0 0 0.00 0.0 0 2.5 12 160 M M 2 12 14 150
27 78 62 70 3 0 5 1.99 0.0 M 12.5 30 170 M M 6 13 41 160
28 76 66 71 4 0 6 0.49 0.0 0 8.5 20 140 M M 8 1 24 140
29 79 64 72 5 0 7 0.01 0.0 0 10.6 22 260 M M 4 3 30 240
30 79 58 69 2 0 4 0.00 0.0 0 8.7 22 300 M M 0 30 300
31 87 57 72 6 0 7 0.00 0.0 0 4.4 15 270 M M 0 22 290
================================================================================
SM 2497 1820 3 156 5.37 0.0 191.9 M 123
================================================================================
AV 80.5 58.7 6.2 FASTST M M 4 MAX(MPH)
MISC ----> # 30 280 41 160
================================================================================
NOTES:
# LAST OF SEVERAL OCCURRENCES
COLUMN 17 PEAK WIND IN M.P.H.
PRELIMINARY LOCAL CLIMATOLOGICAL DATA (WS FORM: F-6) , PAGE 2
STATION: EAU CLAIRE WI
MONTH: AUGUST
YEAR: 2022
LATITUDE: 44 52 N
LONGITUDE: 91 29 W
[TEMPERATURE DATA] [PRECIPITATION DATA] SYMBOLS USED IN COLUMN 16
AVERAGE MONTHLY: 69.6 TOTAL FOR MONTH: 5.37 1 = FOG OR MIST
DPTR FM NORMAL: 0.5 DPTR FM NORMAL: 1.19 2 = FOG REDUCING VISIBILITY
HIGHEST: 92 ON 3 GRTST 24HR 2.45 ON 27-28 TO 1/4 MILE OR LESS
LOWEST: 49 ON 26 3 = THUNDER
SNOW, ICE PELLETS, HAIL 4 = ICE PELLETS
TOTAL MONTH: 0.0 INCH 5 = HAIL
GRTST 24HR 0.0 6 = FREEZING RAIN OR DRIZZLE
GRTST DEPTH: 0 7 = DUSTSTORM OR SANDSTORM:
VSBY 1/2 MILE OR LESS
8 = SMOKE OR HAZE
[NO. OF DAYS WITH] [WEATHER - DAYS WITH] 9 = BLOWING SNOW
X = TORNADO
MAX 32 OR BELOW: 0 0.01 INCH OR MORE: 12
MAX 90 OR ABOVE: 2 0.10 INCH OR MORE: 7
MIN 32 OR BELOW: 0 0.50 INCH OR MORE: 4
MIN 0 OR BELOW: 0 1.00 INCH OR MORE: 1
[HDD (BASE 65) ]
TOTAL THIS MO. 3 CLEAR (SCALE 0-3) 14
DPTR FM NORMAL -24 PTCLDY (SCALE 4-7) 13
TOTAL FM JUL 1 4 CLOUDY (SCALE 8-10) 4
DPTR FM NORMAL -33
[CDD (BASE 65) ]
TOTAL THIS MO. 156
DPTR FM NORMAL 3 [PRESSURE DATA]
TOTAL FM JAN 1 568 HIGHEST SLP 30.29 ON 12
DPTR FM NORMAL 58 LOWEST SLP 29.57 ON 2
[REMARKS]
#FINAL-08-22#