000
CDUS43 KMPX 180847
CLIEAU


CLIMATE REPORT
NATIONAL WEATHER SERVICE CHANHASSEN MN
246 AM CST WED JAN 18 2017


...................................

...THE EAU CLAIRE WI CLIMATE SUMMARY FOR JANUARY 17 2017...

CLIMATE NORMAL PERIOD 1981 TO 2010
CLIMATE RECORD PERIOD 1893 TO 2017


WEATHER ITEM   OBSERVED TIME   RECORD YEAR NORMAL DEPARTURE LAST
                VALUE   (LST)  VALUE       VALUE  FROM      YEAR
                                                  NORMAL
..................................................................
TEMPERATURE (F)
 YESTERDAY
  MAXIMUM         37    355 PM  44    1947  23     14       -5
  MINIMUM         30    959 PM -32    1982   5     25      -14
  AVERAGE         34                        14     20       -9

PRECIPITATION (IN)
  YESTERDAY        0.34          0.71 1935   0.03   0.31     0.00
  MONTH TO DATE    1.68                      0.48   1.20     0.36
  SINCE DEC 1      3.78                      1.48   2.30     4.20
  SINCE JAN 1      1.68                      0.48   1.20     0.36

SNOWFALL (IN)
  YESTERDAY        0.4           7.3  1969   0.5   -0.1      0.0
  MONTH TO DATE   11.4                       7.0    4.4      4.0
  SINCE DEC 1     30.6                      16.5   14.1     13.4
  SINCE JUL 1     32.3                      22.8    9.5     14.8
  SNOW DEPTH       8

DEGREE DAYS
 HEATING
  YESTERDAY       31                        51    -20       74
  MONTH TO DATE  941                       862     79      870
  SINCE DEC 1   2352                      2292     60     1924
  SINCE JUL 1   3561                      4038   -477     3286

 COOLING
  YESTERDAY        0                         0      0        0
  MONTH TO DATE    0                         0      0        0
  SINCE DEC 1      0                         0      0        0
  SINCE JAN 1      0                         0      0        0
..................................................................


WIND (MPH)
  HIGHEST WIND SPEED    14   HIGHEST WIND DIRECTION    SW (220)
  HIGHEST GUST SPEED    17   HIGHEST GUST DIRECTION    SW (230)
  AVERAGE WIND SPEED     5.3


SKY COVER
  POSSIBLE SUNSHINE  MM
  AVERAGE SKY COVER 0.9


WEATHER CONDITIONS
 THE FOLLOWING WEATHER WAS RECORDED YESTERDAY.
  LIGHT RAIN
  LIGHT SNOW
  FOG
  FOG W/VISIBILITY <= 1/4 MILE


RELATIVE HUMIDITY (PERCENT)
 HIGHEST   100          1200 AM
 LOWEST     85           300 PM
 AVERAGE    93

..........................................................


THE EAU CLAIRE WI CLIMATE NORMALS FOR TODAY
                         NORMAL    RECORD    YEAR
 MAXIMUM TEMPERATURE (F)   23        45      1996
 MINIMUM TEMPERATURE (F)    5       -36      1967


SUNRISE AND SUNSET
JANUARY 18 2017.......SUNRISE   738 AM CST   SUNSET   455 PM CST
JANUARY 19 2017.......SUNRISE   737 AM CST   SUNSET   457 PM CST


-  INDICATES NEGATIVE NUMBERS.
R  INDICATES RECORD WAS SET OR TIED.
MM INDICATES DATA IS MISSING.
T  INDICATES TRACE AMOUNT.




$$
