000
CDUS43 KMPX 081146
CLIEAU


CLIMATE REPORT
NATIONAL WEATHER SERVICE CHANHASSEN MN
546 AM CST MON FEB 8 2016


...................................

...THE EAU CLAIRE WI CLIMATE SUMMARY FOR FEBRUARY 7 2016...

CLIMATE NORMAL PERIOD 1981 TO 2010
CLIMATE RECORD PERIOD 1893 TO 2016


WEATHER ITEM   OBSERVED TIME   RECORD YEAR NORMAL DEPARTURE LAST
                VALUE   (LST)  VALUE       VALUE  FROM      YEAR
                                                  NORMAL
..................................................................
TEMPERATURE (F)
 YESTERDAY
  MAXIMUM         40    222 PM  50    1987  26     14       35
  MINIMUM         22   1159 PM -35    1899   7     15       17
  AVERAGE         31                        17     14       26

PRECIPITATION (IN)
  YESTERDAY        T             0.91 1928   0.03  -0.03     0.00
  MONTH TO DATE    0.41                      0.19   0.22     0.03
  SINCE DEC 1      4.67                      2.08   2.59     1.08
  SINCE JAN 1      0.83                      1.08  -0.25     0.40

SNOWFALL (IN)
  YESTERDAY        T             3.8  1981   0.3   -0.3      0.0
  MONTH TO DATE    6.2                       2.2    4.0      1.3
  SINCE DEC 1     20.8                      24.9   -4.1     14.0
  SINCE JUL 1     22.2                      31.2   -9.0     28.2
  SNOW DEPTH       6

DEGREE DAYS
 HEATING
  YESTERDAY       34                        48    -14       39
  MONTH TO DATE  308                       342    -34      375
  SINCE DEC 1   2877                      3340   -463     3168
  SINCE JUL 1   4239                      5086   -847     5140

 COOLING
  YESTERDAY        0                         0      0        0
  MONTH TO DATE    0                         0      0        0
  SINCE DEC 1      0                         0      0        0
  SINCE JAN 1      0                         0      0        0
..................................................................


WIND (MPH)
  HIGHEST WIND SPEED    24   HIGHEST WIND DIRECTION     W (290)
  HIGHEST GUST SPEED    31   HIGHEST GUST DIRECTION    NW (300)
  AVERAGE WIND SPEED    12.2


SKY COVER
  POSSIBLE SUNSHINE  MM
  AVERAGE SKY COVER 0.8


WEATHER CONDITIONS
 THE FOLLOWING WEATHER WAS RECORDED YESTERDAY.
  LIGHT SNOW
  FOG


RELATIVE HUMIDITY (PERCENT)
 HIGHEST    88          1100 PM
 LOWEST     54           200 PM
 AVERAGE    71

..........................................................


THE EAU CLAIRE WI CLIMATE NORMALS FOR TODAY
                         NORMAL    RECORD    YEAR
 MAXIMUM TEMPERATURE (F)   27        49      1991
 MINIMUM TEMPERATURE (F)    8       -30      1899


SUNRISE AND SUNSET
FEBRUARY  8 2016......SUNRISE   717 AM CST   SUNSET   524 PM CST
FEBRUARY  9 2016......SUNRISE   716 AM CST   SUNSET   525 PM CST


-  INDICATES NEGATIVE NUMBERS.
R  INDICATES RECORD WAS SET OR TIED.
MM INDICATES DATA IS MISSING.
T  INDICATES TRACE AMOUNT.




$$
