000
CDUS43 KMPX 240640
CLIEAU


CLIMATE REPORT
NATIONAL WEATHER SERVICE CHANHASSEN MN
1240 AM CST WED DEC 24 2014


...................................

...THE EAU CLAIRE WI CLIMATE SUMMARY FOR DECEMBER 23 2014...

CLIMATE NORMAL PERIOD 1981 TO 2010
CLIMATE RECORD PERIOD 1893 TO 2014


WEATHER ITEM   OBSERVED TIME   RECORD YEAR NORMAL DEPARTURE LAST
                VALUE   (LST)  VALUE       VALUE  FROM      YEAR
                                                  NORMAL
..................................................................
TEMPERATURE (F)
 YESTERDAY
  MAXIMUM         35    834 PM  45    2005  25     10       15
  MINIMUM         32    824 AM -27    1983   8     24       -8
  AVERAGE         34                        16     18        4

PRECIPITATION (IN)
  YESTERDAY        0.21          0.47 1996   0.03   0.18     0.04
  MONTH TO DATE    0.37                      0.79  -0.42     1.29
  SINCE DEC 1      0.37                      0.79  -0.42     1.29
  SINCE JAN 1     42.67                     30.77  11.90    35.66

SNOWFALL (IN)
  YESTERDAY        1.1           8.3  1996   0.3    0.8      1.7
  MONTH TO DATE    1.6                       7.0   -5.4     15.3
  SINCE DEC 1      1.6                       7.0   -5.4     15.3
  SINCE JUL 1     15.8                      13.3    2.5     17.5
  SNOW DEPTH       0

DEGREE DAYS
 HEATING
  YESTERDAY       31                        48    -17       61
  MONTH TO DATE  883                      1036   -153     1211
  SINCE DEC 1    883                      1036   -153     1211
  SINCE JUL 1   2855                      2782     73     2956

 COOLING
  YESTERDAY        0                         0      0        0
  MONTH TO DATE    0                         0      0        0
  SINCE DEC 1      0                         0      0        0
  SINCE JAN 1    500                       579    -79      653
..................................................................


WIND (MPH)
  HIGHEST WIND SPEED    13   HIGHEST WIND DIRECTION     N (360)
  HIGHEST GUST SPEED    18   HIGHEST GUST DIRECTION    NE (60)
  AVERAGE WIND SPEED     8.2


SKY COVER
  POSSIBLE SUNSHINE  MM
  AVERAGE SKY COVER 1.0


WEATHER CONDITIONS
 THE FOLLOWING WEATHER WAS RECORDED YESTERDAY.
  LIGHT SNOW
  FOG


RELATIVE HUMIDITY (PERCENT)
 HIGHEST    89           100 AM
 LOWEST     82           500 PM
 AVERAGE    86

..........................................................


THE EAU CLAIRE WI CLIMATE NORMALS FOR TODAY
                         NORMAL    RECORD    YEAR
 MAXIMUM TEMPERATURE (F)   25        45      1940
 MINIMUM TEMPERATURE (F)    8       -30      1951


SUNRISE AND SUNSET
DECEMBER 24 2014......SUNRISE   742 AM CST   SUNSET   429 PM CST
DECEMBER 25 2014......SUNRISE   742 AM CST   SUNSET   430 PM CST


-  INDICATES NEGATIVE NUMBERS.
R  INDICATES RECORD WAS SET OR TIED.
MM INDICATES DATA IS MISSING.
T  INDICATES TRACE AMOUNT.




$$
