739
CDUS43 KMPX 200822
CLIEAU


CLIMATE REPORT
NATIONAL WEATHER SERVICE CHANHASSEN MN
221 AM CST FRI JAN 20 2017


...................................

...THE EAU CLAIRE WI CLIMATE SUMMARY FOR JANUARY 19 2017...

CLIMATE NORMAL PERIOD 1981 TO 2010
CLIMATE RECORD PERIOD 1893 TO 2017


WEATHER ITEM   OBSERVED TIME   RECORD YEAR NORMAL DEPARTURE LAST
                VALUE   (LST)  VALUE       VALUE  FROM      YEAR
                                                  NORMAL
..................................................................
TEMPERATURE (F)
 YESTERDAY
  MAXIMUM         40    410 PM  50    1947  23     17        8
  MINIMUM         25   1237 AM -33    1994   5     20      -16
  AVERAGE         33                        14     19       -4

PRECIPITATION (IN)
  YESTERDAY        0.02          0.36 1935   0.03  -0.01     0.00
  MONTH TO DATE    1.70                      0.54   1.16     0.36
  SINCE DEC 1      3.80                      1.54   2.26     4.20
  SINCE JAN 1      1.70                      0.54   1.16     0.36

SNOWFALL (IN)
  YESTERDAY        0.0           4.0  1935   0.5   -0.5      0.0
  MONTH TO DATE   11.4                       7.9    3.5      4.0
  SINCE DEC 1     30.6                      17.4   13.2     13.4
  SINCE JUL 1     32.3                      23.7    8.6     14.8
  SNOW DEPTH       7

DEGREE DAYS
 HEATING
  YESTERDAY       32                        51    -19       69
  MONTH TO DATE 1007                       964     43     1013
  SINCE DEC 1   2418                      2394     24     2067
  SINCE JUL 1   3627                      4140   -513     3429

 COOLING
  YESTERDAY        0                         0      0        0
  MONTH TO DATE    0                         0      0        0
  SINCE DEC 1      0                         0      0        0
  SINCE JAN 1      0                         0      0        0
..................................................................


WIND (MPH)
  HIGHEST WIND SPEED    12   HIGHEST WIND DIRECTION    SE (120)
  HIGHEST GUST SPEED    14   HIGHEST GUST DIRECTION    SE (120)
  AVERAGE WIND SPEED     4.6


SKY COVER
  POSSIBLE SUNSHINE  MM
  AVERAGE SKY COVER 0.5


WEATHER CONDITIONS
 THE FOLLOWING WEATHER WAS RECORDED YESTERDAY.
  LIGHT RAIN
  FOG
  FOG W/VISIBILITY <= 1/4 MILE
  HAZE


RELATIVE HUMIDITY (PERCENT)
 HIGHEST   100           200 AM
 LOWEST     76           300 PM
 AVERAGE    88

..........................................................


THE EAU CLAIRE WI CLIMATE NORMALS FOR TODAY
                         NORMAL    RECORD    YEAR
 MAXIMUM TEMPERATURE (F)   23        49      1908
 MINIMUM TEMPERATURE (F)    5       -30      1994


SUNRISE AND SUNSET
JANUARY 20 2017.......SUNRISE   737 AM CST   SUNSET   458 PM CST
JANUARY 21 2017.......SUNRISE   736 AM CST   SUNSET   459 PM CST


-  INDICATES NEGATIVE NUMBERS.
R  INDICATES RECORD WAS SET OR TIED.
MM INDICATES DATA IS MISSING.
T  INDICATES TRACE AMOUNT.




$$
