000
CDUS43 KMPX 100640
CLIEAU


CLIMATE REPORT
NATIONAL WEATHER SERVICE CHANHASSEN MN
1239 AM CST WED FEB 10 2016


...................................

...THE EAU CLAIRE WI CLIMATE SUMMARY FOR FEBRUARY 9 2016...

CLIMATE NORMAL PERIOD 1981 TO 2010
CLIMATE RECORD PERIOD 1893 TO 2016


WEATHER ITEM   OBSERVED TIME   RECORD YEAR NORMAL DEPARTURE LAST
                VALUE   (LST)  VALUE       VALUE  FROM      YEAR
                                                  NORMAL
..................................................................
TEMPERATURE (F)
 YESTERDAY
  MAXIMUM         14    500 PM  48    1966  27    -13       27
  MINIMUM          3    833 AM -36    1899   8     -5       10
  AVERAGE          9                        17     -8       19

PRECIPITATION (IN)
  YESTERDAY        T             0.57 1939   0.03  -0.03     0.00
  MONTH TO DATE    0.45                      0.24   0.21     0.03
  SINCE DEC 1      4.71                      2.13   2.58     1.08
  SINCE JAN 1      0.87                      1.13  -0.26     0.40

SNOWFALL (IN)
  YESTERDAY        T             9.0  1894   0.2   -0.2      0.0
  MONTH TO DATE    7.2                       2.7    4.5      1.3
  SINCE DEC 1     21.8                      25.4   -3.6     14.0
  SINCE JUL 1     23.2                      31.7   -8.5     28.2
  SNOW DEPTH       5

DEGREE DAYS
 HEATING
  YESTERDAY       56                        48      8       46
  MONTH TO DATE  413                       438    -25      459
  SINCE DEC 1   2982                      3436   -454     3252
  SINCE JUL 1   4344                      5182   -838     5224

 COOLING
  YESTERDAY        0                         0      0        0
  MONTH TO DATE    0                         0      0        0
  SINCE DEC 1      0                         0      0        0
  SINCE JAN 1      0                         0      0        0
..................................................................


WIND (MPH)
  HIGHEST WIND SPEED    20   HIGHEST WIND DIRECTION    NW (330)
  HIGHEST GUST SPEED    27   HIGHEST GUST DIRECTION    NW (320)
  AVERAGE WIND SPEED    11.0


SKY COVER
  POSSIBLE SUNSHINE  MM
  AVERAGE SKY COVER 0.3


WEATHER CONDITIONS
 THE FOLLOWING WEATHER WAS RECORDED YESTERDAY.
  LIGHT SNOW


RELATIVE HUMIDITY (PERCENT)
 HIGHEST    69          1200 AM
 LOWEST     48           600 PM
 AVERAGE    59

..........................................................


THE EAU CLAIRE WI CLIMATE NORMALS FOR TODAY
                         NORMAL    RECORD    YEAR
 MAXIMUM TEMPERATURE (F)   27        48      2009
 MINIMUM TEMPERATURE (F)    8       -40      1899


SUNRISE AND SUNSET
FEBRUARY 10 2016......SUNRISE   714 AM CST   SUNSET   526 PM CST
FEBRUARY 11 2016......SUNRISE   713 AM CST   SUNSET   528 PM CST


-  INDICATES NEGATIVE NUMBERS.
R  INDICATES RECORD WAS SET OR TIED.
MM INDICATES DATA IS MISSING.
T  INDICATES TRACE AMOUNT.




$$
