000
CDUS43 KMPX 200632
CLIEAU


CLIMATE REPORT
NATIONAL WEATHER SERVICE CHANHASSEN MN
132 AM CDT THU JUL 20 2017


...................................

...THE EAU CLAIRE WI CLIMATE SUMMARY FOR JULY 19 2017...

CLIMATE NORMAL PERIOD 1981 TO 2010
CLIMATE RECORD PERIOD 1893 TO 2017


WEATHER ITEM   OBSERVED TIME   RECORD YEAR NORMAL DEPARTURE LAST
                VALUE   (LST)  VALUE       VALUE  FROM      YEAR
                                                  NORMAL
..................................................................
TEMPERATURE (F)
 YESTERDAY
  MAXIMUM         84    131 PM 103    1901  83      1       88
  MINIMUM         54    354 AM  46    1929  60     -6       59
  AVERAGE         69                        72     -3       74

PRECIPITATION (IN)
  YESTERDAY        0.11          1.77 1997   0.13  -0.02     0.00
  MONTH TO DATE    2.62                      2.36   0.26     2.39
  SINCE JUN 1      7.93                      6.49   1.44     8.68
  SINCE JAN 1     22.43                     16.13   6.30    20.87

SNOWFALL (IN)
  YESTERDAY        0.0           0.0    MM   0.0    0.0      0.0
  MONTH TO DATE    0.0                       0.0    0.0      0.0
  SINCE JUN 1      0.0                       0.0    0.0      0.0
  SINCE JUL 1      0.0                       0.0    0.0      0.0
  SNOW DEPTH       0

DEGREE DAYS
 HEATING
  YESTERDAY        0                         0      0        0
  MONTH TO DATE    1                         0      1        4
  SINCE JUN 1     38                        62    -24       36
  SINCE JUL 1      1                         0      1        4

 COOLING
  YESTERDAY        4                         7     -3        9
  MONTH TO DATE  117                       132    -15      106
  SINCE JUN 1    224                       252    -28      232
  SINCE JAN 1    232                       284    -52      272
..................................................................


WIND (MPH)
  HIGHEST WIND SPEED    36   HIGHEST WIND DIRECTION     S (160)
  HIGHEST GUST SPEED    46   HIGHEST GUST DIRECTION    SE (150)
  AVERAGE WIND SPEED     4.5


SKY COVER
  POSSIBLE SUNSHINE  MM
  AVERAGE SKY COVER 0.5


WEATHER CONDITIONS
 THE FOLLOWING WEATHER WAS RECORDED YESTERDAY.
  THUNDERSTORM
  RAIN
  LIGHT RAIN
  FOG
  FOG W/VISIBILITY <= 1/4 MILE


RELATIVE HUMIDITY (PERCENT)
 HIGHEST   100          1200 AM
 LOWEST     34          1100 AM
 AVERAGE    67

..........................................................


THE EAU CLAIRE WI CLIMATE NORMALS FOR TODAY
                         NORMAL    RECORD    YEAR
 MAXIMUM TEMPERATURE (F)   83       102      1932
 MINIMUM TEMPERATURE (F)   60        44      1966


SUNRISE AND SUNSET
JULY 20 2017..........SUNRISE   539 AM CDT   SUNSET   845 PM CDT
JULY 21 2017..........SUNRISE   540 AM CDT   SUNSET   844 PM CDT


-  INDICATES NEGATIVE NUMBERS.
R  INDICATES RECORD WAS SET OR TIED.
MM INDICATES DATA IS MISSING.
T  INDICATES TRACE AMOUNT.




$$
