285
CDUS43 KMPX 160634
CLIEAU


CLIMATE REPORT
NATIONAL WEATHER SERVICE CHANHASSEN MN
1234 AM CST THU NOV 16 2017


...................................

...THE EAU CLAIRE WI CLIMATE SUMMARY FOR NOVEMBER 15 2017...

CLIMATE NORMAL PERIOD 1981 TO 2010
CLIMATE RECORD PERIOD 1893 TO 2017


WEATHER ITEM   OBSERVED TIME   RECORD YEAR NORMAL DEPARTURE LAST
                VALUE   (LST)  VALUE       VALUE  FROM      YEAR
                                                  NORMAL
..................................................................
TEMPERATURE (F)
 YESTERDAY
  MAXIMUM         43    937 AM  66    1953  42      1       54
  MINIMUM         30   1159 PM   0    1940  25      5       28
  AVERAGE         37                        33      4       41

PRECIPITATION (IN)
  YESTERDAY        0.03          1.00 1996   0.07  -0.04     0.00
  MONTH TO DATE    0.39                      0.97  -0.58     0.00
  SINCE SEP 1      6.20                      6.99  -0.79    10.92
  SINCE JAN 1     34.32                     29.11   5.21    37.75

SNOWFALL (IN)
  YESTERDAY        0.0           6.0  1956   0.2   -0.2      0.0
  MONTH TO DATE    1.4                       2.0   -0.6      0.0
  SINCE SEP 1      3.3                       2.4    0.9      0.0
  SINCE JUL 1      3.3                       2.4    0.9      0.0
  SNOW DEPTH       0

DEGREE DAYS
 HEATING
  YESTERDAY       28                        32     -4       24
  MONTH TO DATE  523                       418    105      259
  SINCE SEP 1   1113                      1163    -50      766
  SINCE JUL 1   1156                      1202    -46      776

 COOLING
  YESTERDAY        0                         0      0        0
  MONTH TO DATE    0                         0      0        0
  SINCE SEP 1     94                        52     42       41
  SINCE JAN 1    466                       579   -113      624
..................................................................


WIND (MPH)
  HIGHEST WIND SPEED    24   HIGHEST WIND DIRECTION     W (290)
  HIGHEST GUST SPEED    29   HIGHEST GUST DIRECTION     W (290)
  AVERAGE WIND SPEED    12.4


SKY COVER
  POSSIBLE SUNSHINE  MM
  AVERAGE SKY COVER 1.0


WEATHER CONDITIONS
 THE FOLLOWING WEATHER WAS RECORDED YESTERDAY.
  LIGHT RAIN
  FOG


RELATIVE HUMIDITY (PERCENT)
 HIGHEST   100           300 AM
 LOWEST     69           500 PM
 AVERAGE    85

..........................................................


THE EAU CLAIRE WI CLIMATE NORMALS FOR TODAY
                         NORMAL    RECORD    YEAR
 MAXIMUM TEMPERATURE (F)   41        70      1953
 MINIMUM TEMPERATURE (F)   24        -1      1933


SUNRISE AND SUNSET
NOVEMBER 16 2017......SUNRISE   705 AM CST   SUNSET   436 PM CST
NOVEMBER 17 2017......SUNRISE   706 AM CST   SUNSET   435 PM CST


-  INDICATES NEGATIVE NUMBERS.
R  INDICATES RECORD WAS SET OR TIED.
MM INDICATES DATA IS MISSING.
T  INDICATES TRACE AMOUNT.




$$
