000
CDUS43 KMPX 210019
CLIEAU


CLIMATE REPORT
NATIONAL WEATHER SERVICE CHANHASSEN MN
719 PM CDT TUE JUN 20 2017


...................................

...THE EAU CLAIRE WI CLIMATE SUMMARY FOR JUNE 20 2017...
VALID TODAY AS OF 0700 PM LOCAL TIME.

CLIMATE NORMAL PERIOD 1981 TO 2010
CLIMATE RECORD PERIOD 1893 TO 2017


WEATHER ITEM   OBSERVED TIME   RECORD YEAR NORMAL DEPARTURE LAST
                VALUE   (LST)  VALUE       VALUE  FROM      YEAR
                                                  NORMAL
..................................................................
TEMPERATURE (F)
 TODAY
  MAXIMUM         75    424 PM 100    1933  80     -5       81
  MINIMUM         53    211 AM  38    1992  57     -4       58
  AVERAGE         64                        68     -4       70

PRECIPITATION (IN)
  TODAY            0.10          2.57 2000   0.14  -0.04     1.01
  MONTH TO DATE    4.38                      2.76   1.62     4.21
  SINCE JUN 1      4.38                      2.76   1.62     4.21
  SINCE JAN 1     18.88                     12.40   6.48    16.40

SNOWFALL (IN)
  TODAY            0.0           0.0    MM   0.0    0.0      0.0
  MONTH TO DATE    0.0                       0.0    0.0      0.0
  SINCE JUN 1      0.0                       0.0    0.0      0.0
  SINCE JUL 1     54.5                      46.8    7.7     38.0
  SNOW DEPTH       0

DEGREE DAYS
 HEATING
  TODAY            1                         1      0        0
  MONTH TO DATE   10                        52    -42       29
  SINCE JUN 1     10                        52    -42       29
  SINCE JUL 1   6979                      7949   -970     6840

 COOLING
  TODAY            0                         5     -5        5
  MONTH TO DATE   96                        63     33       84
  SINCE JUN 1     96                        63     33       84
  SINCE JAN 1    104                        95      9      124
..................................................................


WIND (MPH)
  HIGHEST WIND SPEED    17   HIGHEST WIND DIRECTION     W (290)
  HIGHEST GUST SPEED    24   HIGHEST GUST DIRECTION     W (290)
  AVERAGE WIND SPEED     5.8


SKY COVER
  POSSIBLE SUNSHINE  MM
  AVERAGE SKY COVER 0.5


WEATHER CONDITIONS
 THE FOLLOWING WEATHER WAS RECORDED TODAY.
  LIGHT RAIN
  FOG


RELATIVE HUMIDITY (PERCENT)
 HIGHEST    93           200 AM
 LOWEST     38           400 PM
 AVERAGE    66

..........................................................


THE EAU CLAIRE WI CLIMATE NORMALS FOR TOMORROW
                         NORMAL    RECORD    YEAR
 MAXIMUM TEMPERATURE (F)   80        98      1995
 MINIMUM TEMPERATURE (F)   57        36      1992


SUNRISE AND SUNSET
JUNE 20 2017..........SUNRISE   520 AM CDT   SUNSET   856 PM CDT
JUNE 21 2017..........SUNRISE   520 AM CDT   SUNSET   856 PM CDT


-  INDICATES NEGATIVE NUMBERS.
R  INDICATES RECORD WAS SET OR TIED.
MM INDICATES DATA IS MISSING.
T  INDICATES TRACE AMOUNT.




$$
