000
CDUS43 KMPX 280627
CLIEAU


CLIMATE REPORT
NATIONAL WEATHER SERVICE CHANHASSEN MN
127 AM CDT SUN AUG 28 2016


...................................

...THE EAU CLAIRE WI CLIMATE SUMMARY FOR AUGUST 27 2016...

CLIMATE NORMAL PERIOD 1981 TO 2010
CLIMATE RECORD PERIOD 1893 TO 2016


WEATHER ITEM   OBSERVED TIME   RECORD YEAR NORMAL DEPARTURE LAST
                VALUE   (LST)  VALUE       VALUE  FROM      YEAR
                                                  NORMAL
..................................................................
TEMPERATURE (F)
 YESTERDAY
  MAXIMUM         69    933 AM  96    2013  79    -10       76
  MINIMUM         58    527 AM  40    1916  57      1       47
                                      1915
                                      1896
  AVERAGE         64                        68     -4       62

PRECIPITATION (IN)
  YESTERDAY        0.02          1.26 1944   0.13  -0.11     0.00
  MONTH TO DATE    4.78                      3.95   0.83     7.07
  SINCE JUN 1     14.58                     11.96   2.62    17.99
  SINCE JAN 1     26.77                     21.60   5.17    27.44

SNOWFALL (IN)
  YESTERDAY        0.0           0.0    MM   0.0    0.0      0.0
  MONTH TO DATE    0.0                       0.0    0.0      0.0
  SINCE JUN 1      0.0                       0.0    0.0      0.0
  SINCE JUL 1      0.0                       0.0    0.0      0.0
  SNOW DEPTH       0

DEGREE DAYS
 HEATING
  YESTERDAY        1                         1      0        3
  MONTH TO DATE    5                        22    -17       34
  SINCE JUN 1     41                        95    -54       78
  SINCE JUL 1      9                        33    -24       50

 COOLING
  YESTERDAY        0                         4     -4        0
  MONTH TO DATE  177                       145     32      116
  SINCE JUN 1    524                       479     45      378
  SINCE JAN 1    564                       511     53      396
..................................................................


WIND (MPH)
  HIGHEST WIND SPEED    15   HIGHEST WIND DIRECTION    SE (140)
  HIGHEST GUST SPEED    18   HIGHEST GUST DIRECTION    SE (150)
  AVERAGE WIND SPEED     5.3


SKY COVER
  POSSIBLE SUNSHINE  MM
  AVERAGE SKY COVER 0.9


WEATHER CONDITIONS
 THE FOLLOWING WEATHER WAS RECORDED YESTERDAY.
  LIGHT RAIN
  FOG


RELATIVE HUMIDITY (PERCENT)
 HIGHEST    97          1200 AM
 LOWEST     68          1000 AM
 AVERAGE    83

..........................................................


THE EAU CLAIRE WI CLIMATE NORMALS FOR TODAY
                         NORMAL    RECORD    YEAR
 MAXIMUM TEMPERATURE (F)   78        95      1937
 MINIMUM TEMPERATURE (F)   56        39      1986


SUNRISE AND SUNSET
AUGUST 28 2016........SUNRISE   624 AM CDT   SUNSET   749 PM CDT
AUGUST 29 2016........SUNRISE   625 AM CDT   SUNSET   747 PM CDT


-  INDICATES NEGATIVE NUMBERS.
R  INDICATES RECORD WAS SET OR TIED.
MM INDICATES DATA IS MISSING.
T  INDICATES TRACE AMOUNT.




$$
