000
CDUS43 KMPX 020637
CLIEAU


CLIMATE REPORT
NATIONAL WEATHER SERVICE CHANHASSEN MN
1236 AM CST MON MAR 2 2015


...................................

...THE EAU CLAIRE WI CLIMATE SUMMARY FOR MARCH 1 2015...

CLIMATE NORMAL PERIOD 1981 TO 2010
CLIMATE RECORD PERIOD 1893 TO 2015


WEATHER ITEM   OBSERVED TIME   RECORD YEAR NORMAL DEPARTURE LAST
                VALUE   (LST)  VALUE       VALUE  FROM      YEAR
                                                  NORMAL
..................................................................
TEMPERATURE (F)
 YESTERDAY
  MAXIMUM         25    413 PM  55    1992  34     -9        9
  MINIMUM         12    238 AM -35    1962  15     -3       -4
  AVERAGE         19                        25     -6        3

PRECIPITATION (IN)
  YESTERDAY        T             0.81 1908   0.04  -0.04     0.00
  MONTH TO DATE    T                         0.04  -0.04     0.00
  SINCE MAR 1      T                         0.04  -0.04     0.00
  SINCE JAN 1      0.59                      1.74  -1.15     3.20

SNOWFALL (IN)
  YESTERDAY        T             7.0  1908   0.3   -0.3      0.0
  MONTH TO DATE    T                         0.3   -0.3      0.0
  SINCE MAR 1      T                         0.3   -0.3      0.0
  SINCE JUL 1     30.8                      36.6   -5.8     61.7
  SNOW DEPTH       4

DEGREE DAYS
 HEATING
  YESTERDAY       46                        40      6       62
  MONTH TO DATE   46                        40      6       62
  SINCE MAR 1     46                        40      6       62
  SINCE JUL 1   6399                      6061    338     6954

 COOLING
  YESTERDAY        0                         0      0        0
  MONTH TO DATE    0                         0      0        0
  SINCE MAR 1      0                         0      0        0
  SINCE JAN 1      0                         0      0        0
..................................................................


WIND (MPH)
  HIGHEST WIND SPEED    20   HIGHEST WIND DIRECTION     W (260)
  HIGHEST GUST SPEED    24   HIGHEST GUST DIRECTION     W (260)
  AVERAGE WIND SPEED     9.9


SKY COVER
  POSSIBLE SUNSHINE  MM
  AVERAGE SKY COVER 0.7


WEATHER CONDITIONS
 THE FOLLOWING WEATHER WAS RECORDED YESTERDAY.
  LIGHT SNOW
  FOG
  HAZE


RELATIVE HUMIDITY (PERCENT)
 HIGHEST    84           600 AM
 LOWEST     46           300 PM
 AVERAGE    65

..........................................................


THE EAU CLAIRE WI CLIMATE NORMALS FOR TODAY
                         NORMAL    RECORD    YEAR
 MAXIMUM TEMPERATURE (F)   35        58      1923
 MINIMUM TEMPERATURE (F)   16       -20      1913


SUNRISE AND SUNSET
MARCH  2 2015.........SUNRISE   642 AM CST   SUNSET   555 PM CST
MARCH  3 2015.........SUNRISE   640 AM CST   SUNSET   556 PM CST


-  INDICATES NEGATIVE NUMBERS.
R  INDICATES RECORD WAS SET OR TIED.
MM INDICATES DATA IS MISSING.
T  INDICATES TRACE AMOUNT.




$$
